{"id":5193,"date":"2020-06-09T11:27:48","date_gmt":"2020-06-09T09:27:48","guid":{"rendered":"http:\/\/agora.xtec.cat\/escgaspardeportola\/?page_id=5193"},"modified":"2020-06-12T12:19:52","modified_gmt":"2020-06-12T10:19:52","slug":"ajuts-menjador-escolar","status":"publish","type":"page","link":"https:\/\/agora.xtec.cat\/escgaspardeportola\/ajuts-menjador-escolar\/","title":{"rendered":"Ajuts menjador escolar"},"content":{"rendered":"<p dir=\"ltr\">Benvolguda fam\u00edlia,<\/p>\n<p dir=\"ltr\">Des del Consell Comarcal se&#8217;ns ha fet arribar la convocat\u00f2ria i les bases per a l\u2019otorgament d\u2019ajuts individuals de menjador per a alumnes amb necessitats socioecon\u00f2miques\u00a0 i \/o geogr\u00e0fics per al proper curs 2020-2021.<\/p>\n<p dir=\"ltr\">Les bases del ajuts\u00a0 sortiran publicades\u00a0 properament al BOP (Butllet\u00ed Oficial de la Prov\u00edncia)<\/p>\n<p dir=\"ltr\">Ja podeu demanar hora als serveis socials de l\u2019Ajuntament (C\/Camarasa, n\u00fam. 7) <strong>973 988 252<\/strong> per informar-vos de la convocat\u00f2ria i de la documentaci\u00f3 que heu d\u2019aportar ( les fam\u00edlies haureu d\u2019aportar el DNI\/NIE dels alumnes dels quals sol.liciteu l\u2019ajut. Si no en\u00a0 disposa, podeu sol.licitar l\u2019assignaci\u00f3 a l\u2019administraci\u00f3 tribut\u00e0ria).<\/p>\n<p dir=\"ltr\">En cas que us h\u00e0giu descarregat la sol.licitud de la p\u00e0gina web del Consell Comarcal, podeu demanar cita pr\u00e8via al tel\u00e8fon\u00a0\u00a0973 44 99 52 (de dilluns a dijous de les 9:00 a les 13:00 hores).<\/p>\n<p dir=\"ltr\">Les sol.licituds s\u2019han de presentar als serveis socials de l\u2019Ajuntament, dins dels horaris establerts, des del 16 de juny fins al 3\u00a0 de juliol de 2020 ( ambd\u00f3s inclosos)<span id=\"m_-6674410773689280978gmail-docs-internal-guid-eb536eb6-7fff-cb2a-e196-59ac2290b276\"><\/span><\/p>\n<div>Escola Gaspar de Portol\u00e0<\/div>\n","protected":false},"excerpt":{"rendered":"<p>Benvolguda fam\u00edlia, Des del Consell Comarcal se&#8217;ns ha fet arribar la convocat\u00f2ria i les bases per a l\u2019otorgament d\u2019ajuts individuals de menjador per a alumnes amb necessitats socioecon\u00f2miques\u00a0 i \/o geogr\u00e0fics per al proper curs 2020-2021. Les bases del ajuts\u00a0 sortiran publicades\u00a0 properament al BOP (Butllet\u00ed Oficial de la Prov\u00edncia) Ja podeu demanar hora als [&hellip;]<\/p>\n","protected":false},"author":1,"featured_media":0,"parent":0,"menu_order":0,"comment_status":"closed","ping_status":"closed","template":"","meta":{"_bbp_topic_count":0,"_bbp_reply_count":0,"_bbp_total_topic_count":0,"_bbp_total_reply_count":0,"_bbp_voice_count":0,"_bbp_anonymous_reply_count":0,"_bbp_topic_count_hidden":0,"_bbp_reply_count_hidden":0,"_bbp_forum_subforum_count":0,"site-sidebar-layout":"default","site-content-layout":"","ast-site-content-layout":"","site-content-style":"default","site-sidebar-style":"default","ast-global-header-display":"","ast-banner-title-visibility":"","ast-main-header-display":"","ast-hfb-above-header-display":"","ast-hfb-below-header-display":"","ast-hfb-mobile-header-display":"","site-post-title":"","ast-breadcrumbs-content":"","ast-featured-img":"","footer-sml-layout":"","theme-transparent-header-meta":"","adv-header-id-meta":"","stick-header-meta":"","header-above-stick-meta":"","header-main-stick-meta":"","header-below-stick-meta":"","astra-migrate-meta-layouts":"default","ast-page-background-enabled":"default","ast-page-background-meta":{"desktop":{"background-color":"var(--ast-global-color-4)","background-image":"","background-repeat":"repeat","background-position":"center center","background-size":"auto","background-attachment":"scroll","background-type":"","background-media":"","overlay-type":"","overlay-color":"","overlay-opacity":"","overlay-gradient":""},"tablet":{"background-color":"","background-image":"","background-repeat":"repeat","background-position":"center center","background-size":"auto","background-attachment":"scroll","background-type":"","background-media":"","overlay-type":"","overlay-color":"","overlay-opacity":"","overlay-gradient":""},"mobile":{"background-color":"","background-image":"","background-repeat":"repeat","background-position":"center center","background-size":"auto","background-attachment":"scroll","background-type":"","background-media":"","overlay-type":"","overlay-color":"","overlay-opacity":"","overlay-gradient":""}},"ast-content-background-meta":{"desktop":{"background-color":"var(--ast-global-color-5)","background-image":"","background-repeat":"repeat","background-position":"center center","background-size":"auto","background-attachment":"scroll","background-type":"","background-media":"","overlay-type":"","overlay-color":"","overlay-opacity":"","overlay-gradient":""},"tablet":{"background-color":"var(--ast-global-color-5)","background-image":"","background-repeat":"repeat","background-position":"center center","background-size":"auto","background-attachment":"scroll","background-type":"","background-media":"","overlay-type":"","overlay-color":"","overlay-opacity":"","overlay-gradient":""},"mobile":{"background-color":"var(--ast-global-color-5)","background-image":"","background-repeat":"repeat","background-position":"center center","background-size":"auto","background-attachment":"scroll","background-type":"","background-media":"","overlay-type":"","overlay-color":"","overlay-opacity":"","overlay-gradient":""}},"footnotes":""},"class_list":["post-5193","page","type-page","status-publish","hentry"],"post_mailing_queue_ids":[],"_links":{"self":[{"href":"https:\/\/agora.xtec.cat\/escgaspardeportola\/wp-json\/wp\/v2\/pages\/5193","targetHints":{"allow":["GET"]}}],"collection":[{"href":"https:\/\/agora.xtec.cat\/escgaspardeportola\/wp-json\/wp\/v2\/pages"}],"about":[{"href":"https:\/\/agora.xtec.cat\/escgaspardeportola\/wp-json\/wp\/v2\/types\/page"}],"author":[{"embeddable":true,"href":"https:\/\/agora.xtec.cat\/escgaspardeportola\/wp-json\/wp\/v2\/users\/1"}],"replies":[{"embeddable":true,"href":"https:\/\/agora.xtec.cat\/escgaspardeportola\/wp-json\/wp\/v2\/comments?post=5193"}],"version-history":[{"count":3,"href":"https:\/\/agora.xtec.cat\/escgaspardeportola\/wp-json\/wp\/v2\/pages\/5193\/revisions"}],"predecessor-version":[{"id":5206,"href":"https:\/\/agora.xtec.cat\/escgaspardeportola\/wp-json\/wp\/v2\/pages\/5193\/revisions\/5206"}],"wp:attachment":[{"href":"https:\/\/agora.xtec.cat\/escgaspardeportola\/wp-json\/wp\/v2\/media?parent=5193"}],"curies":[{"name":"wp","href":"https:\/\/api.w.org\/{rel}","templated":true}]}}

<p dir="ltr">Benvolguda família,</p>
<p dir="ltr">Des del Consell Comarcal se&#8217;ns ha fet arribar la convocatòria i les bases per a l’otorgament d’ajuts individuals de menjador per a alumnes amb necessitats socioeconòmiques  i /o geogràfics per al proper curs 2020-2021.</p>
<p dir="ltr">Les bases del ajuts  sortiran publicades  properament al BOP (Butlletí Oficial de la Província)</p>
<p dir="ltr">Ja podeu demanar hora als serveis socials de l’Ajuntament (C/Camarasa, núm. 7) <strong>973 988 252</strong> per informar-vos de la convocatòria i de la documentació que heu d’aportar ( les famílies haureu d’aportar el DNI/NIE dels alumnes dels quals sol.liciteu l’ajut. Si no en  disposa, podeu sol.licitar l’assignació a l’administració tributària).</p>
<p dir="ltr">En cas que us hàgiu descarregat la sol.licitud de la pàgina web del Consell Comarcal, podeu demanar cita prèvia al telèfon  973 44 99 52 (de dilluns a dijous de les 9:00 a les 13:00 hores).</p>
<p dir="ltr">Les sol.licituds s’han de presentar als serveis socials de l’Ajuntament, dins dels horaris establerts, des del 16 de juny fins al 3  de juliol de 2020 ( ambdós inclosos)<span id="m_-6674410773689280978gmail-docs-internal-guid-eb536eb6-7fff-cb2a-e196-59ac2290b276"></span></p>
<div>Escola Gaspar de Portolà</div>

<p>Benvolguda família, Des del Consell Comarcal se&#8217;ns ha fet arribar la convocatòria i les bases per a l’otorgament d’ajuts individuals de menjador per a alumnes amb necessitats socioeconòmiques  i /o geogràfics per al proper curs 2020-2021. Les bases del ajuts  sortiran publicades  properament al BOP (Butlletí Oficial de la Província) Ja podeu demanar hora als [&hellip;]</p>
