{"id":256,"date":"2015-10-24T11:52:40","date_gmt":"2015-10-24T10:52:40","guid":{"rendered":"http:\/\/agora.xtec.cat\/escgaspardeportola\/?page_id=256"},"modified":"2026-01-25T12:32:21","modified_gmt":"2026-01-25T11:32:21","slug":"mestres","status":"publish","type":"page","link":"https:\/\/agora.xtec.cat\/escgaspardeportola\/lescola\/mestres\/","title":{"rendered":"Equip docent i personal d&#8217;atenci\u00f3 educativa."},"content":{"rendered":"\n<div class=\"wp-block-group is-layout-constrained wp-block-group-is-layout-constrained\">\n<div class=\"wp-block-getwid-icon-box has-text-center\"><div class=\"wp-block-getwid-icon-box__icon-container is-position-top\"><div class=\"wp-block-getwid-icon-box__icon-wrapper has-text-color has-ast-global-color-1-color\"><i class=\"fas fa-home\"><\/i><\/div><\/div><div class=\"wp-block-getwid-icon-box__content\">\n<h3 class=\"wp-block-heading has-ast-global-color-1-color has-text-color has-link-color wp-elements-6b8ffd477f32148adf80f415fd482613\">Equip directiu<\/h3>\n\n\n\n<div class=\"wp-block-group is-layout-constrained wp-block-group-is-layout-constrained\">\n<p>Directora: Carme Guillaumet Amig\u00f3 <\/p>\n\n\n\n<p>Cap d&#8217;Estudis: Anna Piqu\u00e9 Gensana<\/p>\n\n\n\n<p>Secretaria: Laia Rando Fontova<\/p>\n<\/div>\n<\/div><\/div>\n<\/div>\n\n\n\n<div class=\"wp-block-getwid-section alignfull alignfull getwid-section-content-custom-width\"><div class=\"wp-block-getwid-section__wrapper getwid-padding-left-medium getwid-padding-right-medium\"><div class=\"wp-block-getwid-section__inner-wrapper\" style=\"max-width:1140px\"><div class=\"wp-block-getwid-section__background-holder\"><div class=\"wp-block-getwid-section__background\"><\/div><div class=\"wp-block-getwid-section__foreground\"><\/div><\/div><div class=\"wp-block-getwid-section__content\"><div class=\"wp-block-getwid-section__inner-content\">\n<div class=\"wp-block-columns has-2-columns is-layout-flex wp-container-core-columns-is-layout-1 wp-block-columns-is-layout-flex\">\n<div class=\"wp-block-column is-layout-flow wp-block-column-is-layout-flow\">\n<div class=\"wp-block-getwid-icon-box has-icon-left has-text-left\"><div style=\"margin-right:30px\" class=\"wp-block-getwid-icon-box__icon-container is-position-top\"><div class=\"wp-block-getwid-icon-box__icon-wrapper has-text-color has-ast-global-color-1-color\" style=\"font-size:60px;padding:0px\"><i class=\"fab fa-fly\"><\/i><\/div><\/div><div class=\"wp-block-getwid-icon-box__content\">\n<div class=\"wp-block-getwid-advanced-heading\" style=\"margin-bottom:5px\"><h3 class=\"wp-block-getwid-advanced-heading__content has-text-color has-ast-global-color-1-color\">EDUCACI\u00d3 INFANTIL<\/h3><\/div>\n\n\n\n<ul class=\"wp-block-list\">\n<li class=\"has-black-color has-text-color has-link-color wp-elements-2088d964998be299fcbd03abd5ae7fd7\" style=\"border-style:none;border-width:0px\">I3A Andrea P. I3B Noelia T.<\/li>\n\n\n\n<li class=\"has-black-color has-text-color has-link-color wp-elements-5865fd99cbc6bd935f2ed71f4b4093b9\" style=\"border-style:none;border-width:0px\">I4A N\u00faria S. &nbsp;I4B Rosa Maria V.<\/li>\n\n\n\n<li class=\"has-black-color has-text-color has-link-color wp-elements-d39478242397d6d57a14f0ab7cf7af31\" style=\"border-style:none;border-width:0px\">I5A Anna H. I5B Vanesa B.<\/li>\n\n\n\n<li class=\"has-black-color has-text-color has-link-color wp-elements-9aea0e62060114635e5b65921337bfe4\" style=\"border-style:none;border-width:0px\">Especialistes:  Anna T. , Laura F. Melissa J.<\/li>\n\n\n\n<li class=\"has-black-color has-text-color has-link-color wp-elements-a7fc43acec9932bb4e3e5166a03c6c69\" style=\"border-style:none;border-width:0px\">TEI \u00c0ngela Candilejo<\/li>\n<\/ul>\n<\/div><\/div>\n\n\n\n<div class=\"wp-block-getwid-icon-box has-icon-left has-text-left\"><div style=\"margin-right:30px\" class=\"wp-block-getwid-icon-box__icon-container is-position-top\"><div class=\"wp-block-getwid-icon-box__icon-wrapper has-text-color has-ast-global-color-0-color\" style=\"font-size:60px;padding:0px\"><i class=\"far fa-lightbulb\"><\/i><\/div><\/div><div class=\"wp-block-getwid-icon-box__content\">\n<div class=\"wp-block-getwid-advanced-heading\" style=\"margin-bottom:5px\"><h3 class=\"wp-block-getwid-advanced-heading__content has-text-color has-ast-global-color-0-color\">CICLE MITJ\u00c0<\/h3><\/div>\n\n\n\n<ul class=\"wp-block-list\">\n<li class=\"has-black-color has-text-color has-link-color wp-elements-2f8e37b1419251fbababacc19c155761\">3rA Merc\u00e8 A.  3rB Meritxell B.<\/li>\n\n\n\n<li class=\"has-black-color has-text-color has-link-color wp-elements-53c2d032e885b7317428e28f951f166a\">4tA Eva M.  4tB Viqui F.<\/li>\n\n\n\n<li class=\"has-black-color has-text-color has-link-color wp-elements-724b705e5f42d4da2657b868f7c0ad23\">Especialistes.  Oscar D., Thais R., Maria B., i Pilar Q. <\/li>\n<\/ul>\n<\/div><\/div>\n<\/div>\n\n\n\n<div class=\"wp-block-column is-layout-flow wp-block-column-is-layout-flow\">\n<div class=\"wp-block-getwid-icon-box has-icon-left has-text-left\"><div style=\"margin-right:30px\" class=\"wp-block-getwid-icon-box__icon-container is-position-top\"><div class=\"wp-block-getwid-icon-box__icon-wrapper has-text-color has-ast-global-color-0-color\" style=\"font-size:60px;padding:0px\"><i class=\"far fa-comment\"><\/i><\/div><\/div><div class=\"wp-block-getwid-icon-box__content\">\n<div class=\"wp-block-getwid-advanced-heading\" style=\"margin-bottom:5px\"><h3 class=\"wp-block-getwid-advanced-heading__content has-text-color has-ast-global-color-0-color\">CICLE INICIAL<\/h3><\/div>\n\n\n\n<ul class=\"wp-block-list\">\n<li class=\"has-black-color has-text-color has-link-color wp-elements-bf9209832d12bd2d60676f621b0d2841\">1rA Pilar B.   1rB J\u00falia B.<\/li>\n\n\n\n<li class=\"has-black-color has-text-color has-link-color wp-elements-1a92a5925d10ebcc7c3ebab45f80071a\">2nA Marga R. 2nB Laura J.<\/li>\n\n\n\n<li class=\"has-black-color has-text-color has-link-color wp-elements-a139a0ecdbb2eb485014740b1e1d3350\">Especialistes: Neus G.,  Montse M., Aida C.,  Roger V., Marc T. i Ester B.<\/li>\n<\/ul>\n<\/div><\/div>\n\n\n\n<div class=\"wp-block-getwid-icon-box has-icon-left has-text-left\"><div style=\"margin-right:30px\" class=\"wp-block-getwid-icon-box__icon-container is-position-top\"><div class=\"wp-block-getwid-icon-box__icon-wrapper has-text-color has-ast-global-color-1-color\" style=\"font-size:60px;padding:0px\"><i class=\"far fa-heart\"><\/i><\/div><\/div><div class=\"wp-block-getwid-icon-box__content\">\n<div class=\"wp-block-getwid-advanced-heading\" style=\"margin-bottom:5px\"><h3 class=\"wp-block-getwid-advanced-heading__content has-text-color has-ast-global-color-1-color\">CICLE SUPERIOR<\/h3><\/div>\n\n\n\n<ul class=\"wp-block-list\">\n<li class=\"has-black-color has-text-color has-link-color wp-elements-6f8a684cbc7879ea2c69ac4ad6fe185c\">5\u00e8A Lorena C. 5\u00e8 B Juanan D.<\/li>\n\n\n\n<li class=\"has-black-color has-text-color has-link-color wp-elements-26692d23aeeb27243651a1d131c95313\">6\u00e8 A Vanessa G. 6\u00e8B Judit C.<\/li>\n\n\n\n<li class=\"has-black-color has-text-color has-link-color wp-elements-95607955debe21ec5b05c20678ab71ef\">Especialistes: Jordi P., Gerard S., Merc\u00e8 B., Judit G.<\/li>\n<\/ul>\n<\/div><\/div>\n<\/div>\n<\/div>\n<\/div><\/div><\/div><\/div><\/div>\n\n\n\n<div class=\"wp-block-group is-layout-constrained wp-block-group-is-layout-constrained\">\n<p class=\"has-text-align-center\"><strong>ESPECIALISTES<\/strong><\/p>\n\n\n\n<div class=\"wp-block-group is-layout-constrained wp-block-group-is-layout-constrained\">\n<p class=\"has-text-align-center\">M\u00fasica Maria B. i J\u00falia B.<br>Educaci\u00f3 F\u00edsica&nbsp; Carme G.&nbsp; Juanan D. , Thais R. i Oscar D.<br>Angl\u00e8s Viqui F., &nbsp;Merc\u00e8 B., Neus G. i Melissa J.<br>Religi\u00f3 Gerard S. i Roger V.<\/p>\n\n\n\n<p class=\"has-text-align-center\">Aula Acollida: Maria Pilar Q.<br>Educaci\u00f3 Especial&nbsp; Jordi P. i Montse M.<br>Suport intensiu escolaritzaci\u00f3 inclusiva (SIEI) Marc T. i Ester B.<br>T\u00e8cnica d&#8217;integraci\u00f3 Social: Joana T.&nbsp;<\/p>\n<\/div>\n<\/div>\n","protected":false},"excerpt":{"rendered":"<p>ESPECIALISTES M\u00fasica Maria B. i J\u00falia B.Educaci\u00f3 F\u00edsica&nbsp; Carme G.&nbsp; Juanan D. , Thais R. i Oscar D.Angl\u00e8s Viqui F., &nbsp;Merc\u00e8 B., Neus G. i Melissa J.Religi\u00f3 Gerard S. i Roger V. Aula Acollida: Maria Pilar Q.Educaci\u00f3 Especial&nbsp; Jordi P. i Montse M.Suport intensiu escolaritzaci\u00f3 inclusiva (SIEI) Marc T. i Ester B.T\u00e8cnica d&#8217;integraci\u00f3 Social: Joana [&hellip;]<\/p>\n","protected":false},"author":1,"featured_media":0,"parent":22,"menu_order":4,"comment_status":"closed","ping_status":"closed","template":"","meta":{"_bbp_topic_count":0,"_bbp_reply_count":0,"_bbp_total_topic_count":0,"_bbp_total_reply_count":0,"_bbp_voice_count":0,"_bbp_anonymous_reply_count":0,"_bbp_topic_count_hidden":0,"_bbp_reply_count_hidden":0,"_bbp_forum_subforum_count":0,"site-sidebar-layout":"no-sidebar","site-content-layout":"","ast-site-content-layout":"default","site-content-style":"default","site-sidebar-style":"default","ast-global-header-display":"","ast-banner-title-visibility":"","ast-main-header-display":"","ast-hfb-above-header-display":"","ast-hfb-below-header-display":"","ast-hfb-mobile-header-display":"","site-post-title":"","ast-breadcrumbs-content":"","ast-featured-img":"","footer-sml-layout":"","theme-transparent-header-meta":"default","adv-header-id-meta":"","stick-header-meta":"","header-above-stick-meta":"","header-main-stick-meta":"","header-below-stick-meta":"","astra-migrate-meta-layouts":"set","ast-page-background-enabled":"default","ast-page-background-meta":{"desktop":{"background-color":"var(--ast-global-color-4)","background-image":"","background-repeat":"repeat","background-position":"center center","background-size":"auto","background-attachment":"scroll","background-type":"","background-media":"","overlay-type":"","overlay-color":"","overlay-opacity":"","overlay-gradient":""},"tablet":{"background-color":"","background-image":"","background-repeat":"repeat","background-position":"center center","background-size":"auto","background-attachment":"scroll","background-type":"","background-media":"","overlay-type":"","overlay-color":"","overlay-opacity":"","overlay-gradient":""},"mobile":{"background-color":"","background-image":"","background-repeat":"repeat","background-position":"center center","background-size":"auto","background-attachment":"scroll","background-type":"","background-media":"","overlay-type":"","overlay-color":"","overlay-opacity":"","overlay-gradient":""}},"ast-content-background-meta":{"desktop":{"background-color":"var(--ast-global-color-5)","background-image":"","background-repeat":"repeat","background-position":"center center","background-size":"auto","background-attachment":"scroll","background-type":"","background-media":"","overlay-type":"","overlay-color":"","overlay-opacity":"","overlay-gradient":""},"tablet":{"background-color":"var(--ast-global-color-5)","background-image":"","background-repeat":"repeat","background-position":"center center","background-size":"auto","background-attachment":"scroll","background-type":"","background-media":"","overlay-type":"","overlay-color":"","overlay-opacity":"","overlay-gradient":""},"mobile":{"background-color":"var(--ast-global-color-5)","background-image":"","background-repeat":"repeat","background-position":"center center","background-size":"auto","background-attachment":"scroll","background-type":"","background-media":"","overlay-type":"","overlay-color":"","overlay-opacity":"","overlay-gradient":""}},"footnotes":""},"class_list":["post-256","page","type-page","status-publish","hentry"],"post_mailing_queue_ids":[],"_links":{"self":[{"href":"https:\/\/agora.xtec.cat\/escgaspardeportola\/wp-json\/wp\/v2\/pages\/256","targetHints":{"allow":["GET"]}}],"collection":[{"href":"https:\/\/agora.xtec.cat\/escgaspardeportola\/wp-json\/wp\/v2\/pages"}],"about":[{"href":"https:\/\/agora.xtec.cat\/escgaspardeportola\/wp-json\/wp\/v2\/types\/page"}],"author":[{"embeddable":true,"href":"https:\/\/agora.xtec.cat\/escgaspardeportola\/wp-json\/wp\/v2\/users\/1"}],"replies":[{"embeddable":true,"href":"https:\/\/agora.xtec.cat\/escgaspardeportola\/wp-json\/wp\/v2\/comments?post=256"}],"version-history":[{"count":6,"href":"https:\/\/agora.xtec.cat\/escgaspardeportola\/wp-json\/wp\/v2\/pages\/256\/revisions"}],"predecessor-version":[{"id":11179,"href":"https:\/\/agora.xtec.cat\/escgaspardeportola\/wp-json\/wp\/v2\/pages\/256\/revisions\/11179"}],"up":[{"embeddable":true,"href":"https:\/\/agora.xtec.cat\/escgaspardeportola\/wp-json\/wp\/v2\/pages\/22"}],"wp:attachment":[{"href":"https:\/\/agora.xtec.cat\/escgaspardeportola\/wp-json\/wp\/v2\/media?parent=256"}],"curies":[{"name":"wp","href":"https:\/\/api.w.org\/{rel}","templated":true}]}}

Equip docent i personal d&#8217;atenció educativa.

<div class="wp-block-group is-layout-constrained wp-block-group-is-layout-constrained">
<div class="wp-block-getwid-icon-box has-text-center"><div class="wp-block-getwid-icon-box__icon-container is-position-top"><div class="wp-block-getwid-icon-box__icon-wrapper has-text-color has-ast-global-color-1-color"><i class="fas fa-home"></i></div></div><div class="wp-block-getwid-icon-box__content">
<h3 class="wp-block-heading has-ast-global-color-1-color has-text-color has-link-color wp-elements-6b8ffd477f32148adf80f415fd482613">Equip directiu</h3>



<div class="wp-block-group is-layout-constrained wp-block-group-is-layout-constrained">
<p>Directora: Carme Guillaumet Amigó </p>



<p>Cap d&#8217;Estudis: Anna Piqué Gensana</p>



<p>Secretaria: Laia Rando Fontova</p>
</div>
</div></div>
</div>



<div class="wp-block-getwid-section alignfull alignfull getwid-section-content-custom-width"><div class="wp-block-getwid-section__wrapper getwid-padding-left-medium getwid-padding-right-medium"><div class="wp-block-getwid-section__inner-wrapper" style="max-width:1140px"><div class="wp-block-getwid-section__background-holder"><div class="wp-block-getwid-section__background"></div><div class="wp-block-getwid-section__foreground"></div></div><div class="wp-block-getwid-section__content"><div class="wp-block-getwid-section__inner-content">
<div class="wp-block-columns has-2-columns is-layout-flex wp-container-core-columns-is-layout-1 wp-block-columns-is-layout-flex">
<div class="wp-block-column is-layout-flow wp-block-column-is-layout-flow">
<div class="wp-block-getwid-icon-box has-icon-left has-text-left"><div style="margin-right:30px" class="wp-block-getwid-icon-box__icon-container is-position-top"><div class="wp-block-getwid-icon-box__icon-wrapper has-text-color has-ast-global-color-1-color" style="font-size:60px;padding:0px"><i class="fab fa-fly"></i></div></div><div class="wp-block-getwid-icon-box__content">
<div class="wp-block-getwid-advanced-heading" style="margin-bottom:5px"><h3 class="wp-block-getwid-advanced-heading__content has-text-color has-ast-global-color-1-color">EDUCACIÓ INFANTIL</h3></div>



<ul class="wp-block-list">
<li class="has-black-color has-text-color has-link-color wp-elements-2088d964998be299fcbd03abd5ae7fd7" style="border-style:none;border-width:0px">I3A Andrea P. I3B Noelia T.</li>



<li class="has-black-color has-text-color has-link-color wp-elements-5865fd99cbc6bd935f2ed71f4b4093b9" style="border-style:none;border-width:0px">I4A Núria S. &nbsp;I4B Rosa Maria V.</li>



<li class="has-black-color has-text-color has-link-color wp-elements-d39478242397d6d57a14f0ab7cf7af31" style="border-style:none;border-width:0px">I5A Anna H. I5B Vanesa B.</li>



<li class="has-black-color has-text-color has-link-color wp-elements-9aea0e62060114635e5b65921337bfe4" style="border-style:none;border-width:0px">Especialistes:  Anna T. , Laura F. Melissa J.</li>



<li class="has-black-color has-text-color has-link-color wp-elements-a7fc43acec9932bb4e3e5166a03c6c69" style="border-style:none;border-width:0px">TEI Àngela Candilejo</li>
</ul>
</div></div>



<div class="wp-block-getwid-icon-box has-icon-left has-text-left"><div style="margin-right:30px" class="wp-block-getwid-icon-box__icon-container is-position-top"><div class="wp-block-getwid-icon-box__icon-wrapper has-text-color has-ast-global-color-0-color" style="font-size:60px;padding:0px"><i class="far fa-lightbulb"></i></div></div><div class="wp-block-getwid-icon-box__content">
<div class="wp-block-getwid-advanced-heading" style="margin-bottom:5px"><h3 class="wp-block-getwid-advanced-heading__content has-text-color has-ast-global-color-0-color">CICLE MITJÀ</h3></div>



<ul class="wp-block-list">
<li class="has-black-color has-text-color has-link-color wp-elements-2f8e37b1419251fbababacc19c155761">3rA Mercè A.  3rB Meritxell B.</li>



<li class="has-black-color has-text-color has-link-color wp-elements-53c2d032e885b7317428e28f951f166a">4tA Eva M.  4tB Viqui F.</li>



<li class="has-black-color has-text-color has-link-color wp-elements-724b705e5f42d4da2657b868f7c0ad23">Especialistes.  Oscar D., Thais R., Maria B., i Pilar Q. </li>
</ul>
</div></div>
</div>



<div class="wp-block-column is-layout-flow wp-block-column-is-layout-flow">
<div class="wp-block-getwid-icon-box has-icon-left has-text-left"><div style="margin-right:30px" class="wp-block-getwid-icon-box__icon-container is-position-top"><div class="wp-block-getwid-icon-box__icon-wrapper has-text-color has-ast-global-color-0-color" style="font-size:60px;padding:0px"><i class="far fa-comment"></i></div></div><div class="wp-block-getwid-icon-box__content">
<div class="wp-block-getwid-advanced-heading" style="margin-bottom:5px"><h3 class="wp-block-getwid-advanced-heading__content has-text-color has-ast-global-color-0-color">CICLE INICIAL</h3></div>



<ul class="wp-block-list">
<li class="has-black-color has-text-color has-link-color wp-elements-bf9209832d12bd2d60676f621b0d2841">1rA Pilar B.   1rB Júlia B.</li>



<li class="has-black-color has-text-color has-link-color wp-elements-1a92a5925d10ebcc7c3ebab45f80071a">2nA Marga R. 2nB Laura J.</li>



<li class="has-black-color has-text-color has-link-color wp-elements-a139a0ecdbb2eb485014740b1e1d3350">Especialistes: Neus G.,  Montse M., Aida C.,  Roger V., Marc T. i Ester B.</li>
</ul>
</div></div>



<div class="wp-block-getwid-icon-box has-icon-left has-text-left"><div style="margin-right:30px" class="wp-block-getwid-icon-box__icon-container is-position-top"><div class="wp-block-getwid-icon-box__icon-wrapper has-text-color has-ast-global-color-1-color" style="font-size:60px;padding:0px"><i class="far fa-heart"></i></div></div><div class="wp-block-getwid-icon-box__content">
<div class="wp-block-getwid-advanced-heading" style="margin-bottom:5px"><h3 class="wp-block-getwid-advanced-heading__content has-text-color has-ast-global-color-1-color">CICLE SUPERIOR</h3></div>



<ul class="wp-block-list">
<li class="has-black-color has-text-color has-link-color wp-elements-6f8a684cbc7879ea2c69ac4ad6fe185c">5èA Lorena C. 5è B Juanan D.</li>



<li class="has-black-color has-text-color has-link-color wp-elements-26692d23aeeb27243651a1d131c95313">6è A Vanessa G. 6èB Judit C.</li>



<li class="has-black-color has-text-color has-link-color wp-elements-95607955debe21ec5b05c20678ab71ef">Especialistes: Jordi P., Gerard S., Mercè B., Judit G.</li>
</ul>
</div></div>
</div>
</div>
</div></div></div></div></div>



<div class="wp-block-group is-layout-constrained wp-block-group-is-layout-constrained">
<p class="has-text-align-center"><strong>ESPECIALISTES</strong></p>



<div class="wp-block-group is-layout-constrained wp-block-group-is-layout-constrained">
<p class="has-text-align-center">Música Maria B. i Júlia B.<br>Educació Física&nbsp; Carme G.&nbsp; Juanan D. , Thais R. i Oscar D.<br>Anglès Viqui F., &nbsp;Mercè B., Neus G. i Melissa J.<br>Religió Gerard S. i Roger V.</p>



<p class="has-text-align-center">Aula Acollida: Maria Pilar Q.<br>Educació Especial&nbsp; Jordi P. i Montse M.<br>Suport intensiu escolarització inclusiva (SIEI) Marc T. i Ester B.<br>Tècnica d&#8217;integració Social: Joana T.&nbsp;</p>
</div>
</div>

<p>ESPECIALISTES Música Maria B. i Júlia B.Educació Física&nbsp; Carme G.&nbsp; Juanan D. , Thais R. i Oscar D.Anglès Viqui F., &nbsp;Mercè B., Neus G. i Melissa J.Religió Gerard S. i Roger V. Aula Acollida: Maria Pilar Q.Educació Especial&nbsp; Jordi P. i Montse M.Suport intensiu escolarització inclusiva (SIEI) Marc T. i Ester B.Tècnica d&#8217;integració Social: Joana [&hellip;]</p>
