{"id":10240,"date":"2025-03-19T13:27:38","date_gmt":"2025-03-19T12:27:38","guid":{"rendered":"https:\/\/agora.xtec.cat\/escgaspardeportola\/?page_id=10240"},"modified":"2025-03-19T13:27:38","modified_gmt":"2025-03-19T12:27:38","slug":"sortida-sorigue","status":"publish","type":"page","link":"https:\/\/agora.xtec.cat\/escgaspardeportola\/sortida-sorigue\/","title":{"rendered":"Sortida SORIGU\u00c9"},"content":{"rendered":"<p>Ahir els alumnes d&#8217;I5 vam anar a la fundaci\u00f3 Sorigu\u00e9, a visitar la &#8220;Double Bind&#8221;, una monumental instal\u00b7laci\u00f3 de l\u2019artista madrileny Juan Mu\u00f1oz, com una gran ciutat en la qual tots nosaltres transitem, descobrint i trobant les escultures amagades. La visita pret\u00e9n apropar als nens i les nenes als espais urbans i quotidians, incitant-los a la reflexi\u00f3 sobre el m\u00f3n que els envolta, reflexionant a la vegada sobre el nostre paper en aquest entorn i la nostra manera de relacionar-nos-hi.<\/p>\n<p>Veure les <a href=\"https:\/\/drive.google.com\/drive\/folders\/1SE5qpqVb9JuskJ6KUL406IB-eNtNNiBk\">FOTOS<\/a><\/p>\n","protected":false},"excerpt":{"rendered":"<p>Ahir els alumnes d&#8217;I5 vam anar a la fundaci\u00f3 Sorigu\u00e9, a visitar la &#8220;Double Bind&#8221;, una monumental instal\u00b7laci\u00f3 de l\u2019artista madrileny Juan Mu\u00f1oz, com una gran ciutat en la qual tots nosaltres transitem, descobrint i trobant les escultures amagades. La visita pret\u00e9n apropar als nens i les nenes als espais urbans i quotidians, incitant-los a [&hellip;]<\/p>\n","protected":false},"author":59,"featured_media":0,"parent":0,"menu_order":0,"comment_status":"closed","ping_status":"closed","template":"","meta":{"_bbp_topic_count":0,"_bbp_reply_count":0,"_bbp_total_topic_count":0,"_bbp_total_reply_count":0,"_bbp_voice_count":0,"_bbp_anonymous_reply_count":0,"_bbp_topic_count_hidden":0,"_bbp_reply_count_hidden":0,"_bbp_forum_subforum_count":0,"site-sidebar-layout":"default","site-content-layout":"","ast-site-content-layout":"","site-content-style":"default","site-sidebar-style":"default","ast-global-header-display":"","ast-banner-title-visibility":"","ast-main-header-display":"","ast-hfb-above-header-display":"","ast-hfb-below-header-display":"","ast-hfb-mobile-header-display":"","site-post-title":"","ast-breadcrumbs-content":"","ast-featured-img":"","footer-sml-layout":"","theme-transparent-header-meta":"","adv-header-id-meta":"","stick-header-meta":"","header-above-stick-meta":"","header-main-stick-meta":"","header-below-stick-meta":"","astra-migrate-meta-layouts":"default","ast-page-background-enabled":"default","ast-page-background-meta":{"desktop":{"background-color":"var(--ast-global-color-4)","background-image":"","background-repeat":"repeat","background-position":"center center","background-size":"auto","background-attachment":"scroll","background-type":"","background-media":"","overlay-type":"","overlay-color":"","overlay-opacity":"","overlay-gradient":""},"tablet":{"background-color":"","background-image":"","background-repeat":"repeat","background-position":"center center","background-size":"auto","background-attachment":"scroll","background-type":"","background-media":"","overlay-type":"","overlay-color":"","overlay-opacity":"","overlay-gradient":""},"mobile":{"background-color":"","background-image":"","background-repeat":"repeat","background-position":"center center","background-size":"auto","background-attachment":"scroll","background-type":"","background-media":"","overlay-type":"","overlay-color":"","overlay-opacity":"","overlay-gradient":""}},"ast-content-background-meta":{"desktop":{"background-color":"var(--ast-global-color-5)","background-image":"","background-repeat":"repeat","background-position":"center center","background-size":"auto","background-attachment":"scroll","background-type":"","background-media":"","overlay-type":"","overlay-color":"","overlay-opacity":"","overlay-gradient":""},"tablet":{"background-color":"var(--ast-global-color-5)","background-image":"","background-repeat":"repeat","background-position":"center center","background-size":"auto","background-attachment":"scroll","background-type":"","background-media":"","overlay-type":"","overlay-color":"","overlay-opacity":"","overlay-gradient":""},"mobile":{"background-color":"var(--ast-global-color-5)","background-image":"","background-repeat":"repeat","background-position":"center center","background-size":"auto","background-attachment":"scroll","background-type":"","background-media":"","overlay-type":"","overlay-color":"","overlay-opacity":"","overlay-gradient":""}},"footnotes":""},"class_list":["post-10240","page","type-page","status-publish","hentry"],"post_mailing_queue_ids":[],"_links":{"self":[{"href":"https:\/\/agora.xtec.cat\/escgaspardeportola\/wp-json\/wp\/v2\/pages\/10240","targetHints":{"allow":["GET"]}}],"collection":[{"href":"https:\/\/agora.xtec.cat\/escgaspardeportola\/wp-json\/wp\/v2\/pages"}],"about":[{"href":"https:\/\/agora.xtec.cat\/escgaspardeportola\/wp-json\/wp\/v2\/types\/page"}],"author":[{"embeddable":true,"href":"https:\/\/agora.xtec.cat\/escgaspardeportola\/wp-json\/wp\/v2\/users\/59"}],"replies":[{"embeddable":true,"href":"https:\/\/agora.xtec.cat\/escgaspardeportola\/wp-json\/wp\/v2\/comments?post=10240"}],"version-history":[{"count":4,"href":"https:\/\/agora.xtec.cat\/escgaspardeportola\/wp-json\/wp\/v2\/pages\/10240\/revisions"}],"predecessor-version":[{"id":10244,"href":"https:\/\/agora.xtec.cat\/escgaspardeportola\/wp-json\/wp\/v2\/pages\/10240\/revisions\/10244"}],"wp:attachment":[{"href":"https:\/\/agora.xtec.cat\/escgaspardeportola\/wp-json\/wp\/v2\/media?parent=10240"}],"curies":[{"name":"wp","href":"https:\/\/api.w.org\/{rel}","templated":true}]}}