{"id":666,"date":"2018-11-21T12:48:18","date_gmt":"2018-11-21T11:48:18","guid":{"rendered":"http:\/\/agora.xtec.cat\/escgarciafossas\/?page_id=666"},"modified":"2020-02-14T12:40:58","modified_gmt":"2020-02-14T11:40:58","slug":"avaluacio-educacio-primaria","status":"publish","type":"page","link":"https:\/\/agora.xtec.cat\/escgarciafossas\/informacio\/avaluacio-educacio-primaria\/","title":{"rendered":"Avaluaci\u00f3 Educaci\u00f3 prim\u00e0ria"},"content":{"rendered":"<p>L&#8217;etapa d&#8217;educaci\u00f3 prim\u00e0ria t\u00e9 com a finalitat proporcionar a tots els alumnes una educaci\u00f3 que els permeti assolir les compet\u00e8ncies b\u00e0siques fixades en el curr\u00edculum.<\/p>\n<p style=\"text-align: right;\"><em>Llei 12\/2009, del 10 de juliol, d\u2019educaci\u00f3<\/em><\/p>\n<p>&nbsp;<\/p>\n<p>En <span style=\"text-decoration: underline;\"><strong><a href=\"https:\/\/drive.google.com\/open?id=15pUMYG8xHOwVNi0y78z9Pqe7lMvUs7OS\">AQUEST DOCUMENT<\/a><\/strong><\/span> s&#8217;expliquen les compet\u00e8ncies que es treballen en cadascun dels \u00e0mbits.<\/p>\n<p>&nbsp;<\/p>\n","protected":false},"excerpt":{"rendered":"<p>L&#8217;etapa d&#8217;educaci\u00f3 prim\u00e0ria t\u00e9 com a finalitat proporcionar a tots els alumnes una educaci\u00f3 que els permeti assolir les compet\u00e8ncies b\u00e0siques fixades en el curr\u00edculum. Llei 12\/2009, del 10 de juliol, d\u2019educaci\u00f3 &nbsp; En AQUEST DOCUMENT s&#8217;expliquen les compet\u00e8ncies que es treballen en cadascun dels \u00e0mbits. &nbsp;<\/p>\n","protected":false},"author":1,"featured_media":0,"parent":634,"menu_order":30,"comment_status":"closed","ping_status":"closed","template":"page-templates\/side-menu.php","meta":{"_bbp_topic_count":0,"_bbp_reply_count":0,"_bbp_total_topic_count":0,"_bbp_total_reply_count":0,"_bbp_voice_count":0,"_bbp_anonymous_reply_count":0,"_bbp_topic_count_hidden":0,"_bbp_reply_count_hidden":0,"_bbp_forum_subforum_count":0,"site-sidebar-layout":"default","site-content-layout":"","ast-site-content-layout":"","site-content-style":"default","site-sidebar-style":"default","ast-global-header-display":"","ast-banner-title-visibility":"","ast-main-header-display":"","ast-hfb-above-header-display":"","ast-hfb-below-header-display":"","ast-hfb-mobile-header-display":"","site-post-title":"","ast-breadcrumbs-content":"","ast-featured-img":"","footer-sml-layout":"","theme-transparent-header-meta":"","adv-header-id-meta":"","stick-header-meta":"","header-above-stick-meta":"","header-main-stick-meta":"","header-below-stick-meta":"","astra-migrate-meta-layouts":"default","ast-page-background-enabled":"default","ast-page-background-meta":{"desktop":{"background-color":"var(--ast-global-color-4)","background-image":"","background-repeat":"repeat","background-position":"center center","background-size":"auto","background-attachment":"scroll","background-type":"","background-media":"","overlay-type":"","overlay-color":"","overlay-opacity":"","overlay-gradient":""},"tablet":{"background-color":"","background-image":"","background-repeat":"repeat","background-position":"center center","background-size":"auto","background-attachment":"scroll","background-type":"","background-media":"","overlay-type":"","overlay-color":"","overlay-opacity":"","overlay-gradient":""},"mobile":{"background-color":"","background-image":"","background-repeat":"repeat","background-position":"center center","background-size":"auto","background-attachment":"scroll","background-type":"","background-media":"","overlay-type":"","overlay-color":"","overlay-opacity":"","overlay-gradient":""}},"ast-content-background-meta":{"desktop":{"background-color":"var(--ast-global-color-5)","background-image":"","background-repeat":"repeat","background-position":"center center","background-size":"auto","background-attachment":"scroll","background-type":"","background-media":"","overlay-type":"","overlay-color":"","overlay-opacity":"","overlay-gradient":""},"tablet":{"background-color":"var(--ast-global-color-5)","background-image":"","background-repeat":"repeat","background-position":"center center","background-size":"auto","background-attachment":"scroll","background-type":"","background-media":"","overlay-type":"","overlay-color":"","overlay-opacity":"","overlay-gradient":""},"mobile":{"background-color":"var(--ast-global-color-5)","background-image":"","background-repeat":"repeat","background-position":"center center","background-size":"auto","background-attachment":"scroll","background-type":"","background-media":"","overlay-type":"","overlay-color":"","overlay-opacity":"","overlay-gradient":""}},"footnotes":""},"class_list":["post-666","page","type-page","status-publish","hentry"],"post_mailing_queue_ids":[],"_links":{"self":[{"href":"https:\/\/agora.xtec.cat\/escgarciafossas\/wp-json\/wp\/v2\/pages\/666","targetHints":{"allow":["GET"]}}],"collection":[{"href":"https:\/\/agora.xtec.cat\/escgarciafossas\/wp-json\/wp\/v2\/pages"}],"about":[{"href":"https:\/\/agora.xtec.cat\/escgarciafossas\/wp-json\/wp\/v2\/types\/page"}],"author":[{"embeddable":true,"href":"https:\/\/agora.xtec.cat\/escgarciafossas\/wp-json\/wp\/v2\/users\/1"}],"replies":[{"embeddable":true,"href":"https:\/\/agora.xtec.cat\/escgarciafossas\/wp-json\/wp\/v2\/comments?post=666"}],"version-history":[{"count":3,"href":"https:\/\/agora.xtec.cat\/escgarciafossas\/wp-json\/wp\/v2\/pages\/666\/revisions"}],"predecessor-version":[{"id":1950,"href":"https:\/\/agora.xtec.cat\/escgarciafossas\/wp-json\/wp\/v2\/pages\/666\/revisions\/1950"}],"up":[{"embeddable":true,"href":"https:\/\/agora.xtec.cat\/escgarciafossas\/wp-json\/wp\/v2\/pages\/634"}],"wp:attachment":[{"href":"https:\/\/agora.xtec.cat\/escgarciafossas\/wp-json\/wp\/v2\/media?parent=666"}],"curies":[{"name":"wp","href":"https:\/\/api.w.org\/{rel}","templated":true}]}}