{"id":582,"date":"2018-11-21T11:53:05","date_gmt":"2018-11-21T10:53:05","guid":{"rendered":"http:\/\/agora.xtec.cat\/escgarciafossas\/?page_id=582"},"modified":"2026-02-04T12:41:18","modified_gmt":"2026-02-04T11:41:18","slug":"equip-professional","status":"publish","type":"page","link":"https:\/\/agora.xtec.cat\/escgarciafossas\/lescola-garcia-fossas\/equip-professional\/","title":{"rendered":"Equip professional"},"content":{"rendered":"<p><b>COMPONENTS DE LA COMUNITAT EDUCATIVA DE L\u2019ESCOLA GARCIA FOSSAS<\/b><\/p>\n<table width=\"354\">\n<tbody>\n<tr>\n<td colspan=\"2\"><b>EQUIP DIRECTIU<\/b><\/td>\n<\/tr>\n<tr>\n<td><b>Directora<\/b><\/td>\n<td>Marta Navarro i Riba<\/td>\n<\/tr>\n<tr>\n<td><b>Cap d\u2019estudis<\/b><\/td>\n<td>Ariadna Pujadas i Hidalgo<\/td>\n<\/tr>\n<tr>\n<td><b>Secret\u00e0ria<\/b><\/td>\n<td>Aida Exp\u00f3sito i Hern\u00e1ndez<\/td>\n<\/tr>\n<\/tbody>\n<\/table>\n<table style=\"height: 196px; width: 84.6587%;\" width=\"506\">\n<tbody>\n<tr style=\"height: 31px;\">\n<td style=\"height: 31px; width: 113.911%;\" colspan=\"2\"><b>PERSONAL D\u2019ADMINISTRACI\u00d3 I SERVEIS<\/b><\/td>\n<\/tr>\n<tr style=\"height: 31px;\">\n<td style=\"height: 31px; width: 54.6371%;\"><b>Conserge<\/b><\/td>\n<td style=\"height: 31px; width: 59.2742%;\">Montse Piqu\u00e9 i Saradell<\/td>\n<\/tr>\n<tr style=\"height: 31px;\">\n<td style=\"height: 31px; width: 54.6371%;\"><b>Administrativa<\/b><\/td>\n<td style=\"height: 31px; width: 59.2742%;\">Rut Lasala i L\u00f3pez<\/td>\n<\/tr>\n<tr style=\"height: 31px;\">\n<td style=\"height: 31px; width: 54.6371%;\"><strong>AFA<\/strong><\/td>\n<td style=\"height: 31px; width: 59.2742%;\">Teresa Llobet i Pena<\/td>\n<\/tr>\n<tr style=\"height: 31px;\">\n<td style=\"height: 31px; width: 54.6371%;\"><b>Coordinadora de menjador<\/b><\/td>\n<td style=\"height: 31px; width: 59.2742%;\">Carolina Guti\u00e9rrez i Hern\u00e1ndez<\/td>\n<\/tr>\n<\/tbody>\n<\/table>\n<table width=\"369\">\n<tbody>\n<tr>\n<td colspan=\"2\"><b>SERVEIS EDUCATIUS<\/b><\/td>\n<\/tr>\n<tr>\n<td><b>Psicopedagoga<\/b><\/td>\n<td>EAP Anoia \u2013 Rut Salat<\/td>\n<\/tr>\n<tr>\n<td><b>Inspecci\u00f3<\/b><\/td>\n<td>S\u00edlvia P\u00e9rez Pujol<\/td>\n<\/tr>\n<\/tbody>\n<\/table>\n<table style=\"height: 344px; width: 83.809%;\" width=\"499\">\n<tbody>\n<tr style=\"height: 55px;\">\n<td style=\"width: 30.6686%; height: 55px;\"><b>\u00a0<\/b><\/td>\n<td style=\"width: 18.0233%; height: 55px;\"><b>\u00a0<\/b><\/td>\n<td style=\"width: 108.37%; height: 55px;\">\n<p style=\"text-align: center;\"><strong>MESTRES TITULARS<\/strong><\/p>\n<\/td>\n<\/tr>\n<tr style=\"height: 95px;\">\n<td style=\"height: 105px; width: 30.6686%;\"><b>\u00a0PETITS<\/b><b><\/b><\/td>\n<td style=\"height: 105px; width: 18.0233%;\"><b>P3A<\/b><\/p>\n<p><b>P3B<\/b><\/p>\n<p><b>P4A<\/b><\/p>\n<p><b>P4B<\/b><\/p>\n<p><strong>P5A<\/strong><\/p>\n<p><strong>P5B<\/strong><\/td>\n<td style=\"height: 105px; width: 108.37%;\">Olga Ortega i Pel\u00e1ez<\/p>\n<p>Tamara Garc\u00eda L\u00f3pez<\/p>\n<p>Montse Illana i Dalmases<\/p>\n<p><span style=\"font-weight: 400;\">Dolors Farr\u00e9 i Cordero<\/span><\/p>\n<p>Magda Capdevila i Roure<\/p>\n<p><span style=\"font-weight: 400;\">Cristina Sevilla i Garcia<\/span><\/td>\n<\/tr>\n<tr style=\"height: 95px;\">\n<td style=\"height: 174px; width: 30.6686%;\"><b>MITJANS<\/b><\/td>\n<td style=\"height: 174px; width: 18.0233%;\"><b>M1 A<\/b><\/p>\n<p><b>M1 B<\/b><\/p>\n<p><strong>M2 A<\/strong><\/p>\n<p><strong>M2 B<\/strong><\/p>\n<p><strong>M3 A<\/strong><\/p>\n<p><strong>M3 B<\/strong><\/td>\n<td style=\"height: 174px; width: 108.37%;\">Ver\u00f2nica J\u00falvez i Santano<\/p>\n<p><span style=\"font-weight: 400;\">Valldeflors Camacho i Rodr\u00edguez<\/span><\/p>\n<p><span style=\"font-weight: 400;\">Mariona Planas i Puigverd<\/span><\/p>\n<p>Rosa Cervera i\u00a0 Mudarra<\/p>\n<p><span style=\"font-weight: 400;\">Lolo Chinchilla i Prior<\/span><\/p>\n<p><span style=\"font-weight: 400;\">Gemma Balsells i Casanovas\u00a0<\/span><\/td>\n<\/tr>\n<tr style=\"height: 95px;\">\n<td style=\"height: 10px; width: 30.6686%;\"><b>GRANS<\/b><\/td>\n<td style=\"height: 10px; width: 18.0233%;\"><b>G4 A<\/b><\/p>\n<p><b>G4 B<\/b><\/p>\n<p><strong>G5 A<\/strong><\/p>\n<p><strong>G5 B<\/strong><\/p>\n<p><b>G6 A<\/b><\/p>\n<p><b>G6 B<\/b><\/td>\n<td style=\"height: 10px; width: 108.37%;\"><span style=\"font-weight: 400;\">Carolina Blasco i S\u00e1nchez<\/span><\/p>\n<p>L\u00eddia Tom\u00e0s i Casals<\/p>\n<p>M\u00f2nica Farr\u00e9 i Mauri<\/p>\n<p>Rosa Gonz\u00e1lez i Mesa<\/p>\n<p>Anna Bay\u00e0 i Castells<\/p>\n<p>Joana Ribera i Llad\u00f3<\/td>\n<\/tr>\n<\/tbody>\n<\/table>\n<table style=\"width: 87.0289%; height: 443px;\" width=\"500\">\n<tbody>\n<tr style=\"height: 31px;\">\n<td style=\"width: 167.679%; height: 31px;\" colspan=\"2\"><b>ESPECIALISTES<\/b><\/td>\n<\/tr>\n<tr style=\"height: 95px;\">\n<td style=\"width: 48.3027%; height: 80px;\"><b>TEI<\/b><\/td>\n<td style=\"width: 119.377%; height: 80px;\">Jordi Marc\u00e9 i Gallardo<\/td>\n<\/tr>\n<tr style=\"height: 113px;\">\n<td style=\"width: 48.3027%; height: 113px;\"><b>Llengua Anglesa<\/b><\/td>\n<td style=\"width: 119.377%; height: 113px;\"><span style=\"font-weight: 400;\">Ariadna Bonjorn i Contijochs<\/span><\/p>\n<p>Marta Navarro i Riba<\/p>\n<p>L\u00eddia Tom\u00e0s i Casals<\/td>\n<\/tr>\n<tr style=\"height: 31px;\">\n<td style=\"width: 48.3027%; height: 31px;\"><b>Educaci\u00f3 Especial<\/b><\/td>\n<td style=\"width: 119.377%; height: 31px;\">N\u00faria Pujol i Forns<\/p>\n<p><span style=\"font-weight: 400;\">Berta Pons i Vizcarra<\/span><\/p>\n<p><span style=\"font-weight: 400;\">Marta Hidalgo i Mor\u00f3n<\/span><\/p>\n<p><span style=\"font-weight: 400;\">Joel Casta\u00f1o i S\u00e1nchez<\/span><\/p>\n<p><span style=\"font-weight: 400;\">Montse Sensarrich i Roset<\/span><\/td>\n<\/tr>\n<tr style=\"height: 31px;\">\n<td style=\"width: 48.3027%; height: 31px;\"><b>Educaci\u00f3 Musical<\/b><\/td>\n<td style=\"width: 119.377%; height: 31px;\">Mariona Cartagena i Pallarols<\/p>\n<p><span style=\"font-weight: 400;\">Anna Bachs i Elias<\/span><\/td>\n<\/tr>\n<tr style=\"height: 95px;\">\n<td style=\"width: 48.3027%; height: 95px;\"><b>Educaci\u00f3 F\u00edsica<\/b><\/td>\n<td style=\"width: 119.377%; height: 95px;\">Olga Hern\u00e1ndez i Serra<\/p>\n<p>Eduard Dur\u00f3 i Sol\u00e9<\/td>\n<\/tr>\n<tr style=\"height: 31px;\">\n<td style=\"width: 48.3027%; height: 31px;\"><b>Refor\u00e7<\/b><\/td>\n<td style=\"width: 119.377%; height: 31px;\"><span style=\"font-weight: 400;\">Esther Jord\u00e1n Bold\u00fa<\/span><\/p>\n<p>Ariadna Pujadas i Hidalgo<\/p>\n<p>Aida Exp\u00f3sito i Hern\u00e1ndez<\/td>\n<\/tr>\n<tr style=\"height: 31px;\">\n<td style=\"width: 48.3027%; height: 31px;\"><b style=\"background-color: #ffffff;\">Vetlladora<\/b><\/td>\n<td style=\"width: 119.377%; height: 31px;\"><span style=\"background-color: #ffffff;\">Montse Llopart i Llopart<\/span><\/p>\n<p>Laia Claramunt Feltrer<\/td>\n<\/tr>\n<\/tbody>\n<\/table>\n","protected":false},"excerpt":{"rendered":"<p>COMPONENTS DE LA COMUNITAT EDUCATIVA DE L\u2019ESCOLA GARCIA FOSSAS EQUIP DIRECTIU Directora Marta Navarro i Riba Cap d\u2019estudis Ariadna Pujadas i Hidalgo Secret\u00e0ria Aida Exp\u00f3sito i Hern\u00e1ndez PERSONAL D\u2019ADMINISTRACI\u00d3 I SERVEIS Conserge Montse Piqu\u00e9 i Saradell Administrativa Rut Lasala i L\u00f3pez AFA Teresa Llobet i Pena Coordinadora de menjador Carolina Guti\u00e9rrez i Hern\u00e1ndez SERVEIS EDUCATIUS [&hellip;]<\/p>\n","protected":false},"author":1,"featured_media":0,"parent":576,"menu_order":0,"comment_status":"closed","ping_status":"closed","template":"","meta":{"_bbp_topic_count":0,"_bbp_reply_count":0,"_bbp_total_topic_count":0,"_bbp_total_reply_count":0,"_bbp_voice_count":0,"_bbp_anonymous_reply_count":0,"_bbp_topic_count_hidden":0,"_bbp_reply_count_hidden":0,"_bbp_forum_subforum_count":0,"site-sidebar-layout":"default","site-content-layout":"","ast-site-content-layout":"default","site-content-style":"default","site-sidebar-style":"default","ast-global-header-display":"","ast-banner-title-visibility":"","ast-main-header-display":"","ast-hfb-above-header-display":"","ast-hfb-below-header-display":"","ast-hfb-mobile-header-display":"","site-post-title":"","ast-breadcrumbs-content":"","ast-featured-img":"","footer-sml-layout":"","theme-transparent-header-meta":"default","adv-header-id-meta":"","stick-header-meta":"","header-above-stick-meta":"","header-main-stick-meta":"","header-below-stick-meta":"","astra-migrate-meta-layouts":"set","ast-page-background-enabled":"default","ast-page-background-meta":{"desktop":{"background-color":"var(--ast-global-color-4)","background-image":"","background-repeat":"repeat","background-position":"center center","background-size":"auto","background-attachment":"scroll","background-type":"","background-media":"","overlay-type":"","overlay-color":"","overlay-opacity":"","overlay-gradient":""},"tablet":{"background-color":"","background-image":"","background-repeat":"repeat","background-position":"center center","background-size":"auto","background-attachment":"scroll","background-type":"","background-media":"","overlay-type":"","overlay-color":"","overlay-opacity":"","overlay-gradient":""},"mobile":{"background-color":"","background-image":"","background-repeat":"repeat","background-position":"center center","background-size":"auto","background-attachment":"scroll","background-type":"","background-media":"","overlay-type":"","overlay-color":"","overlay-opacity":"","overlay-gradient":""}},"ast-content-background-meta":{"desktop":{"background-color":"var(--ast-global-color-5)","background-image":"","background-repeat":"repeat","background-position":"center center","background-size":"auto","background-attachment":"scroll","background-type":"","background-media":"","overlay-type":"","overlay-color":"","overlay-opacity":"","overlay-gradient":""},"tablet":{"background-color":"var(--ast-global-color-5)","background-image":"","background-repeat":"repeat","background-position":"center center","background-size":"auto","background-attachment":"scroll","background-type":"","background-media":"","overlay-type":"","overlay-color":"","overlay-opacity":"","overlay-gradient":""},"mobile":{"background-color":"var(--ast-global-color-5)","background-image":"","background-repeat":"repeat","background-position":"center center","background-size":"auto","background-attachment":"scroll","background-type":"","background-media":"","overlay-type":"","overlay-color":"","overlay-opacity":"","overlay-gradient":""}},"footnotes":""},"class_list":["post-582","page","type-page","status-publish","hentry"],"post_mailing_queue_ids":[],"_links":{"self":[{"href":"https:\/\/agora.xtec.cat\/escgarciafossas\/wp-json\/wp\/v2\/pages\/582","targetHints":{"allow":["GET"]}}],"collection":[{"href":"https:\/\/agora.xtec.cat\/escgarciafossas\/wp-json\/wp\/v2\/pages"}],"about":[{"href":"https:\/\/agora.xtec.cat\/escgarciafossas\/wp-json\/wp\/v2\/types\/page"}],"author":[{"embeddable":true,"href":"https:\/\/agora.xtec.cat\/escgarciafossas\/wp-json\/wp\/v2\/users\/1"}],"replies":[{"embeddable":true,"href":"https:\/\/agora.xtec.cat\/escgarciafossas\/wp-json\/wp\/v2\/comments?post=582"}],"version-history":[{"count":6,"href":"https:\/\/agora.xtec.cat\/escgarciafossas\/wp-json\/wp\/v2\/pages\/582\/revisions"}],"predecessor-version":[{"id":4449,"href":"https:\/\/agora.xtec.cat\/escgarciafossas\/wp-json\/wp\/v2\/pages\/582\/revisions\/4449"}],"up":[{"embeddable":true,"href":"https:\/\/agora.xtec.cat\/escgarciafossas\/wp-json\/wp\/v2\/pages\/576"}],"wp:attachment":[{"href":"https:\/\/agora.xtec.cat\/escgarciafossas\/wp-json\/wp\/v2\/media?parent=582"}],"curies":[{"name":"wp","href":"https:\/\/api.w.org\/{rel}","templated":true}]}}