{"id":26,"date":"2014-09-18T12:24:32","date_gmt":"2014-09-18T11:24:32","guid":{"rendered":"http:\/\/agora.xtec.cat\/escgarciafossas\/?page_id=26"},"modified":"2026-02-04T12:42:04","modified_gmt":"2026-02-04T11:42:04","slug":"historia","status":"publish","type":"page","link":"https:\/\/agora.xtec.cat\/escgarciafossas\/lescola-garcia-fossas\/historia\/","title":{"rendered":"Hist\u00f2ria"},"content":{"rendered":"<p><span style=\"text-decoration: underline;\"><strong>Qui s\u00f3n els germans Garcia Fossas?<\/strong><\/span><\/p>\n<p>Jaume Garcia Fossas (Igualada1849-Barcelona 1927)<\/p>\n<p>Artur Garcia Fossas (Igualada 1860-Barcelona 1944)<\/p>\n<p>Van n\u00e9ixer\u00a0 al Carrer del Teatre d\u2019Igualada. Tenien una f\u00e0brica de naips a Igualada. Van muntar una f\u00e0brica de refinar olis a Barcelona, a Sants, i es van especialitzar en la importaci\u00f3 d\u2019olis vegetals, especialment de coco; van llen\u00e7ar al mercat unes pastilles de coco anomenades \u201cCruz Blanca\u201d. Van tenir uns guanys considerables amb la seva empresa <em>Companyia Fabril de Aceites Vegetales S.A.<\/em><\/p>\n<p>Solters i de tarann\u00e0 republic\u00e0, estaven conven\u00e7uts de la import\u00e0ncia de l\u2019<strong>educaci\u00f3<\/strong> en la promoci\u00f3 social de la classe obrera. Afeccionats a col.leccionar obres d\u2019art.Tamb\u00e9 col.lecionaven llavors d\u2019arreu del m\u00f3n que les feien servir per aconseguir olis per fer sabons.<\/p>\n<p>Van donar suport moral i econ\u00f2mic al primer alcalde republic\u00e0 d\u2019Igualada Joan Serra i Constan\u00e7\u00f3 i despr\u00e9s van ajudar a Amadeu Biosca en la construcci\u00f3 del Palau Escolar de les Escoles de l\u2019Ateneu. Van fer el Pavell\u00f3 Garcia Fossas, per la banda del carrer Santa Pau on hi havia l\u2019escola t\u00e8xtil i el Conservatori de M\u00fasica.<\/p>\n<p>El Jaume va morir el 5 de mar\u00e7 de 1927 i en testament va deixar una part de la seva fortuna per a construir una <strong>escola de prim\u00e0ria amb menjador per als nens\/es pobres.<\/strong><\/p>\n<p>Com a mostra d\u2019agra\u00efment l\u2019antic carrer del Teatre on havia nascut, reb\u00e9 el seu nom.<\/p>\n<p>L\u2019Artur va lluitar per complir les voluntats del seu germ\u00e0. I tres mesos despr\u00e9s de la seva mort, ja va adquirir uns terrenys i va posar en marxa el projecte.<\/p>\n<p>El primer edifici Garcia Fossas va ser l\u2019actual Escola \u00c0uria (1933), i es va fer servir com Institut perqu\u00e8 la ciutat no disposava de cap m\u00e9s edifici. L\u2019institut va fer classes de l\u2019any 1933 al 1939. El 1962 va tornar a funcionar fins el 1969, que es va inagurar el Pere Vives i llavors va passar a ser la seu del Jutjats i el Registre Civil a dalt i a baix l\u2019Escola \u00c0uria.<\/p>\n<p>An\u00e8cdoticament podem recordar el fet dram\u00e0tic que va passar a una fam\u00edlia igualadina i que expliquen que va influir en les determinacions de l\u2019Artur. Als baixos del carrer on vivia, va morir un pare de fam\u00edlia, un traginer, en un accident de carro, deixant dos fills orfes. Llavors va decidir construir un nou edifici destinat exclusivament a orfenat. Va comprar els terrenys l\u2019any 27. Tamb\u00e9 va fer un hort molt gran que prove\u00eds d\u2019aliments al menjador de l\u2019orfenat.<\/p>\n<p>L\u2019edifici constava de tres plantes: la planta baixa seria destinada a les aules de classe, menjador i les cuines; a la segona planta els dormitoris i la capella; i a la darrera planta a la clausura de les monges.<\/p>\n<p>L\u2019edifici es va acabar en plena guerra civil, es va aturar el projecte d\u2019orfenat, i va ser destinat a hospital de guerra. Sota l&#8217;actual pati i pista esportiva de l&#8217;escola encara es conserva un refugi antiaeri, constru\u00eft durant els anys de la guerra.<\/p>\n<p>Sembla que l\u2019Artur va ser detingut per causes pol\u00edtiques.<\/p>\n<p>Havia estat constru\u00eft com orfenat, per\u00f2 no va funcionar mai com a tal.<\/p>\n<p>Despr\u00e9s de la guerra, va ser tancat i m\u00e9s tard va ser inagurat com a escola de prim\u00e0ria (3-04-41). L\u2019escola anava a c\u00e0rrec de l\u2019estat i el menjador i l\u2019hort de l\u2019Artur. Per tenir cura del menjador i de l\u2019hort es va\u00a0 constituir el Patronat Garcia Fossas (l\u2019any 1941) que tamb\u00e9 donava classes de m\u00fasica, dibuix i tallers d\u2019oficis. El menjador donava berenar als alumnes necessitats.<\/p>\n<p>M\u00e9s tard es va arrendar l\u2019hort i despr\u00e9s es va convertir en camps de futbol, perqu\u00e8 a la ciutat faltaven camps d\u2019esports. Aix\u00f2 va donar al Patronat una compensaci\u00f3.<\/p>\n<p>A Barcelona tamb\u00e9 tenien una escola i un menjador al costat de la f\u00e0brica.<\/p>\n<p>L\u2019Artur va morir l\u2019any 1944 al seu domicili de Barcelona, quan tenia 83 anys. Ja havia estat nomenat, el 34, fill predilecte de la ciutat. Va deixar el testament al Patronat, a l\u2019Hospital i fons per a restaurar el retaule de Santa Maria.<\/p>\n<p>La f\u00e0brica de Barcelona va seguir rutllant uns 34 anys m\u00e9s, fins que la va comprar l\u2019Ajuntament de Barcelona i la va enderrocar (pla\u00e7a de la Farga) menys l\u2019escola que segueix funcionant.<\/p>\n","protected":false},"excerpt":{"rendered":"<p>Qui s\u00f3n els germans Garcia Fossas? Jaume Garcia Fossas (Igualada1849-Barcelona 1927) Artur Garcia Fossas (Igualada 1860-Barcelona 1944) Van n\u00e9ixer\u00a0 al Carrer del Teatre d\u2019Igualada. Tenien una f\u00e0brica de naips a Igualada. Van muntar una f\u00e0brica de refinar olis a Barcelona, a Sants, i es van especialitzar en la importaci\u00f3 d\u2019olis vegetals, especialment de coco; van [&hellip;]<\/p>\n","protected":false},"author":1,"featured_media":0,"parent":576,"menu_order":0,"comment_status":"closed","ping_status":"closed","template":"","meta":{"_bbp_topic_count":0,"_bbp_reply_count":0,"_bbp_total_topic_count":0,"_bbp_total_reply_count":0,"_bbp_voice_count":0,"_bbp_anonymous_reply_count":0,"_bbp_topic_count_hidden":0,"_bbp_reply_count_hidden":0,"_bbp_forum_subforum_count":0,"site-sidebar-layout":"default","site-content-layout":"","ast-site-content-layout":"default","site-content-style":"default","site-sidebar-style":"default","ast-global-header-display":"","ast-banner-title-visibility":"","ast-main-header-display":"","ast-hfb-above-header-display":"","ast-hfb-below-header-display":"","ast-hfb-mobile-header-display":"","site-post-title":"","ast-breadcrumbs-content":"","ast-featured-img":"","footer-sml-layout":"","theme-transparent-header-meta":"","adv-header-id-meta":"","stick-header-meta":"","header-above-stick-meta":"","header-main-stick-meta":"","header-below-stick-meta":"","astra-migrate-meta-layouts":"set","ast-page-background-enabled":"default","ast-page-background-meta":{"desktop":{"background-color":"var(--ast-global-color-4)","background-image":"","background-repeat":"repeat","background-position":"center center","background-size":"auto","background-attachment":"scroll","background-type":"","background-media":"","overlay-type":"","overlay-color":"","overlay-opacity":"","overlay-gradient":""},"tablet":{"background-color":"","background-image":"","background-repeat":"repeat","background-position":"center center","background-size":"auto","background-attachment":"scroll","background-type":"","background-media":"","overlay-type":"","overlay-color":"","overlay-opacity":"","overlay-gradient":""},"mobile":{"background-color":"","background-image":"","background-repeat":"repeat","background-position":"center center","background-size":"auto","background-attachment":"scroll","background-type":"","background-media":"","overlay-type":"","overlay-color":"","overlay-opacity":"","overlay-gradient":""}},"ast-content-background-meta":{"desktop":{"background-color":"var(--ast-global-color-5)","background-image":"","background-repeat":"repeat","background-position":"center center","background-size":"auto","background-attachment":"scroll","background-type":"","background-media":"","overlay-type":"","overlay-color":"","overlay-opacity":"","overlay-gradient":""},"tablet":{"background-color":"var(--ast-global-color-5)","background-image":"","background-repeat":"repeat","background-position":"center center","background-size":"auto","background-attachment":"scroll","background-type":"","background-media":"","overlay-type":"","overlay-color":"","overlay-opacity":"","overlay-gradient":""},"mobile":{"background-color":"var(--ast-global-color-5)","background-image":"","background-repeat":"repeat","background-position":"center center","background-size":"auto","background-attachment":"scroll","background-type":"","background-media":"","overlay-type":"","overlay-color":"","overlay-opacity":"","overlay-gradient":""}},"footnotes":""},"class_list":["post-26","page","type-page","status-publish","hentry"],"post_mailing_queue_ids":[],"_links":{"self":[{"href":"https:\/\/agora.xtec.cat\/escgarciafossas\/wp-json\/wp\/v2\/pages\/26","targetHints":{"allow":["GET"]}}],"collection":[{"href":"https:\/\/agora.xtec.cat\/escgarciafossas\/wp-json\/wp\/v2\/pages"}],"about":[{"href":"https:\/\/agora.xtec.cat\/escgarciafossas\/wp-json\/wp\/v2\/types\/page"}],"author":[{"embeddable":true,"href":"https:\/\/agora.xtec.cat\/escgarciafossas\/wp-json\/wp\/v2\/users\/1"}],"replies":[{"embeddable":true,"href":"https:\/\/agora.xtec.cat\/escgarciafossas\/wp-json\/wp\/v2\/comments?post=26"}],"version-history":[{"count":3,"href":"https:\/\/agora.xtec.cat\/escgarciafossas\/wp-json\/wp\/v2\/pages\/26\/revisions"}],"predecessor-version":[{"id":4450,"href":"https:\/\/agora.xtec.cat\/escgarciafossas\/wp-json\/wp\/v2\/pages\/26\/revisions\/4450"}],"up":[{"embeddable":true,"href":"https:\/\/agora.xtec.cat\/escgarciafossas\/wp-json\/wp\/v2\/pages\/576"}],"wp:attachment":[{"href":"https:\/\/agora.xtec.cat\/escgarciafossas\/wp-json\/wp\/v2\/media?parent=26"}],"curies":[{"name":"wp","href":"https:\/\/api.w.org\/{rel}","templated":true}]}}