{"id":84,"date":"2014-09-18T14:11:31","date_gmt":"2014-09-18T13:11:31","guid":{"rendered":"http:\/\/agora.xtec.cat\/escfrancescarenes\/?page_id=84"},"modified":"2025-11-04T16:19:04","modified_gmt":"2025-11-04T15:19:04","slug":"activitats-extraescolars","status":"publish","type":"page","link":"https:\/\/agora.xtec.cat\/escfrancescarenes\/serveis\/activitats-extraescolars\/","title":{"rendered":"Activitats extraescolars i acollides"},"content":{"rendered":"<p>L&#8217;AFA, a trav\u00e9s de l&#8217;empresa Qu\u00e0lia, organitza les seg\u00fcents activitats extraescolars (pendent de confirmaci\u00f3 definitiva al setembre segons inscripcions):<\/p>\n<table style=\"width: 86.3122%; height: 313px;\">\n<tbody>\n<tr style=\"height: 59px;\">\n<td style=\"width: 30.9989%; height: 63px; text-align: center; vertical-align: middle;\"><b><strong>ANGL\u00c8S Green Valley<\/strong><\/b><\/td>\n<td style=\"width: 21.5243%; text-align: center; height: 63px;\">Aula I5<\/td>\n<td style=\"width: 14.1607%; text-align: center; height: 63px;\">I5 i 1r<\/td>\n<td style=\"width: 32.2863%; text-align: center; height: 63px;\">Dimarts, 16.30 a 17.30 h<\/td>\n<\/tr>\n<tr style=\"height: 68px;\">\n<td style=\"width: 30.9989%; text-align: center; vertical-align: middle; height: 68px;\"><b><strong>ANGL\u00c8S Green Valley<\/strong><\/b><\/td>\n<td style=\"width: 21.5243%; text-align: center; height: 68px;\">Aula 3r<\/td>\n<td style=\"width: 14.1607%; text-align: center; height: 68px;\">2n a 4t<\/td>\n<td style=\"width: 32.2863%; text-align: center; height: 68px;\">Dimecres, 16.30\u202f a 17.30\u202fh<\/td>\n<\/tr>\n<tr style=\"height: 63px;\">\n<td style=\"width: 30.9989%; text-align: center; vertical-align: middle; height: 63px;\"><b>INFOMECA Punt Study<\/b><\/td>\n<td style=\"width: 21.5243%; text-align: center; height: 63px;\">Aula inform\u00e0tica<\/td>\n<td style=\"width: 14.1607%; text-align: center; height: 63px;\">5\u00e8 i 6\u00e8<\/td>\n<td style=\"width: 32.2863%; text-align: center; height: 63px;\">Dimecres, 16.30 a 18.00\u202fh<\/td>\n<\/tr>\n<tr style=\"height: 63px;\">\n<td style=\"width: 30.9989%; text-align: center; vertical-align: middle; height: 63px;\"><b>MULTIESPORTS<\/b><\/td>\n<td style=\"width: 21.5243%; text-align: center; height: 63px;\">Pavell\u00f3 Municipal<\/td>\n<td style=\"width: 14.1607%; text-align: center; height: 63px;\">I3 a 6\u00e8<\/td>\n<td style=\"width: 32.2863%; text-align: center; height: 63px;\">Dimecres, 16.30 a 17.30 h<\/td>\n<\/tr>\n<tr style=\"height: 56px;\">\n<td style=\"width: 30.9989%; text-align: center; vertical-align: middle; height: 56px;\"><b>B\u00c0SQUET<\/b><\/td>\n<td style=\"width: 21.5243%; text-align: center; height: 56px;\">Pati de l&#8217;escola<\/td>\n<td style=\"width: 14.1607%; text-align: center; height: 56px;\">I5 a 6\u00e8<\/td>\n<td style=\"width: 32.2863%; text-align: center; height: 56px;\">Dijous, de 16.30 a 17.30 h<\/td>\n<\/tr>\n<\/tbody>\n<\/table>\n<p><strong>Formulari d&#8217;inscripci\u00f3:<\/strong> <a href=\"https:\/\/lleurequalia.cat\/ca\/c\/extraescolars-francesc-arenes-395\" target=\"_blank\" rel=\"noopener\">https:\/\/lleurequalia.cat\/ca\/c\/extraescolars-francesc-arenes-395<\/a><\/p>\n<p>L&#8217;AFA tamb\u00e9 organitza les seg\u00fcents activitats d&#8217;acollida per tal de facilitar a les fam\u00edlies la conciliaci\u00f3 familiar i laboral:<\/p>\n<table style=\"width: 63.4896%; height: 177px;\">\n<tbody>\n<tr style=\"height: 46px;\">\n<td style=\"width: 18.5068%; text-align: center; vertical-align: middle; height: 46px;\"><strong>ACOLLIDA MATINAL<\/strong><\/td>\n<td style=\"width: 14.6162%; text-align: center; height: 46px;\">Pati \/ Gimn\u00e0s<\/td>\n<td style=\"width: 78.0231%; height: 46px;\">De 8.00 a 9.00\u202fh<\/p>\n<p>Entrada per la porta met\u00e0l\u00b7lica del gimn\u00e0s.<\/td>\n<\/tr>\n<tr style=\"height: 31px;\">\n<td style=\"width: 18.5068%; height: 31px; text-align: center; vertical-align: middle;\"><strong>ACOLLIDA DE MIGDIA<\/strong><\/td>\n<td style=\"width: 14.6162%; text-align: center; height: 31px;\">Pati \/ Gimn\u00e0s<\/td>\n<td style=\"width: 78.0231%; height: 31px;\">De 12.30 a 13.30\u202fh<\/p>\n<p>A la sortida, l&#8217;alumnat s&#8217;acompanyar\u00e0 fins a la porta principal.<\/td>\n<\/tr>\n<tr style=\"height: 31px;\">\n<td style=\"width: 18.5068%; height: 31px; text-align: center;\"><strong>ACOLLIDA DE TARDA<\/strong><\/td>\n<td style=\"width: 14.6162%; text-align: center; height: 31px;\">Pati \/ Gimn\u00e0s<\/td>\n<td style=\"width: 78.0231%; height: 31px;\">De 16.30 a 17.30\u202fh<\/p>\n<p>A la sortida, l&#8217;alumnat s&#8217;acompanyar\u00e0 fins a la porta principal.<\/td>\n<\/tr>\n<\/tbody>\n<\/table>\n<p><strong>Formulari d&#8217;inscripci\u00f3<\/strong>: <a href=\"http:\/\/app.lleurequalia.cat\/\" target=\"_blank\" rel=\"noopener\">http:\/\/app.lleurequalia.cat\/<\/a><\/p>\n","protected":false},"excerpt":{"rendered":"<p>L&#8217;AFA, a trav\u00e9s de l&#8217;empresa Qu\u00e0lia, organitza les seg\u00fcents activitats extraescolars (pendent de confirmaci\u00f3 definitiva al setembre segons inscripcions): ANGL\u00c8S Green Valley Aula I5 I5 i 1r Dimarts, 16.30 a 17.30 h ANGL\u00c8S Green Valley Aula 3r 2n a 4t Dimecres, 16.30\u202f a 17.30\u202fh INFOMECA Punt Study Aula inform\u00e0tica 5\u00e8 i 6\u00e8 Dimecres, 16.30 a [&hellip;]<\/p>\n","protected":false},"author":1,"featured_media":0,"parent":66,"menu_order":50,"comment_status":"closed","ping_status":"closed","template":"","meta":{"_bbp_topic_count":0,"_bbp_reply_count":0,"_bbp_total_topic_count":0,"_bbp_total_reply_count":0,"_bbp_voice_count":0,"_bbp_anonymous_reply_count":0,"_bbp_topic_count_hidden":0,"_bbp_reply_count_hidden":0,"_bbp_forum_subforum_count":0,"site-sidebar-layout":"default","site-content-layout":"","ast-site-content-layout":"","site-content-style":"default","site-sidebar-style":"default","ast-global-header-display":"","ast-banner-title-visibility":"","ast-main-header-display":"","ast-hfb-above-header-display":"","ast-hfb-below-header-display":"","ast-hfb-mobile-header-display":"","site-post-title":"","ast-breadcrumbs-content":"","ast-featured-img":"","footer-sml-layout":"","theme-transparent-header-meta":"","adv-header-id-meta":"","stick-header-meta":"","header-above-stick-meta":"","header-main-stick-meta":"","header-below-stick-meta":"","astra-migrate-meta-layouts":"default","ast-page-background-enabled":"default","ast-page-background-meta":{"desktop":{"background-color":"var(--ast-global-color-4)","background-image":"","background-repeat":"repeat","background-position":"center center","background-size":"auto","background-attachment":"scroll","background-type":"","background-media":"","overlay-type":"","overlay-color":"","overlay-opacity":"","overlay-gradient":""},"tablet":{"background-color":"","background-image":"","background-repeat":"repeat","background-position":"center center","background-size":"auto","background-attachment":"scroll","background-type":"","background-media":"","overlay-type":"","overlay-color":"","overlay-opacity":"","overlay-gradient":""},"mobile":{"background-color":"","background-image":"","background-repeat":"repeat","background-position":"center center","background-size":"auto","background-attachment":"scroll","background-type":"","background-media":"","overlay-type":"","overlay-color":"","overlay-opacity":"","overlay-gradient":""}},"ast-content-background-meta":{"desktop":{"background-color":"var(--ast-global-color-5)","background-image":"","background-repeat":"repeat","background-position":"center center","background-size":"auto","background-attachment":"scroll","background-type":"","background-media":"","overlay-type":"","overlay-color":"","overlay-opacity":"","overlay-gradient":""},"tablet":{"background-color":"var(--ast-global-color-5)","background-image":"","background-repeat":"repeat","background-position":"center center","background-size":"auto","background-attachment":"scroll","background-type":"","background-media":"","overlay-type":"","overlay-color":"","overlay-opacity":"","overlay-gradient":""},"mobile":{"background-color":"var(--ast-global-color-5)","background-image":"","background-repeat":"repeat","background-position":"center center","background-size":"auto","background-attachment":"scroll","background-type":"","background-media":"","overlay-type":"","overlay-color":"","overlay-opacity":"","overlay-gradient":""}},"footnotes":""},"class_list":["post-84","page","type-page","status-publish","hentry"],"post_mailing_queue_ids":[],"_links":{"self":[{"href":"https:\/\/agora.xtec.cat\/escfrancescarenes\/wp-json\/wp\/v2\/pages\/84","targetHints":{"allow":["GET"]}}],"collection":[{"href":"https:\/\/agora.xtec.cat\/escfrancescarenes\/wp-json\/wp\/v2\/pages"}],"about":[{"href":"https:\/\/agora.xtec.cat\/escfrancescarenes\/wp-json\/wp\/v2\/types\/page"}],"author":[{"embeddable":true,"href":"https:\/\/agora.xtec.cat\/escfrancescarenes\/wp-json\/wp\/v2\/users\/1"}],"replies":[{"embeddable":true,"href":"https:\/\/agora.xtec.cat\/escfrancescarenes\/wp-json\/wp\/v2\/comments?post=84"}],"version-history":[{"count":6,"href":"https:\/\/agora.xtec.cat\/escfrancescarenes\/wp-json\/wp\/v2\/pages\/84\/revisions"}],"predecessor-version":[{"id":9419,"href":"https:\/\/agora.xtec.cat\/escfrancescarenes\/wp-json\/wp\/v2\/pages\/84\/revisions\/9419"}],"up":[{"embeddable":true,"href":"https:\/\/agora.xtec.cat\/escfrancescarenes\/wp-json\/wp\/v2\/pages\/66"}],"wp:attachment":[{"href":"https:\/\/agora.xtec.cat\/escfrancescarenes\/wp-json\/wp\/v2\/media?parent=84"}],"curies":[{"name":"wp","href":"https:\/\/api.w.org\/{rel}","templated":true}]}}