{"id":73,"date":"2014-09-18T14:01:51","date_gmt":"2014-09-18T13:01:51","guid":{"rendered":"http:\/\/agora.xtec.cat\/escfrancescarenes\/?page_id=73"},"modified":"2026-03-04T15:33:49","modified_gmt":"2026-03-04T14:33:49","slug":"menjador-escolar","status":"publish","type":"page","link":"https:\/\/agora.xtec.cat\/escfrancescarenes\/serveis\/menjador-escolar\/","title":{"rendered":"Menjador escolar"},"content":{"rendered":"<h4 style=\"text-align: center;\"><strong><a href=\"https:\/\/agora.xtec.cat\/escfrancescarenes\/wp-content\/uploads\/usu674\/2024\/08\/Captura-de-pantalla-2024-08-27-110825.jpg\"><img loading=\"lazy\" decoding=\"async\" class=\"aligncenter size-full wp-image-8190\" src=\"https:\/\/agora.xtec.cat\/escfrancescarenes\/wp-content\/uploads\/usu674\/2024\/08\/Captura-de-pantalla-2024-08-27-110825.jpg\" alt=\"\" width=\"275\" height=\"117\" \/><\/a>\u00a0 <\/strong><strong style=\"font-size: 1.4375em;\"> \u00a0<\/strong><\/h4>\n<p style=\"text-align: center;\"><strong>AMB NOM\u00c9S UN CLIC ACCEDIU A TOTA LA INFORMACI\u00d3!!!<\/strong><\/p>\n<p>L&#8217;empresa Qu\u00e0lia \u00e9s qui organitza el menjador escolar de la nostra escola. En aquest enlla\u00e7 podeu trobar tota la informaci\u00f3: <a href=\"https:\/\/lleurequalia.cat\/ca\/c\/menjador-francesc-arenas-golmes-477\" target=\"_blank\" rel=\"noopener\">https:\/\/lleurequalia.cat\/ca\/c\/menjador-francesc-arenas-golmes-477<\/a><\/p>\n<p>Per <strong>apuntar<\/strong> els vostres fills i filles al menjador s&#8217;ha de fer mitjan\u00e7ant l&#8217;<strong>App: <em><a href=\"http:\/\/app.lleurequalia.cat\/\" target=\"_blank\" rel=\"noopener\">http:\/\/app.lleurequalia.cat\/<\/a><\/em><\/strong><\/p>\n<p>En aquest document podeu seguir pas a pas com accedir a l&#8217;App: <a href=\"https:\/\/agora.xtec.cat\/escfrancescarenes\/wp-content\/uploads\/usu674\/2024\/08\/FUNCIONAMENT-APLICATIU.pdf\" target=\"_blank\" rel=\"noopener\">Funcionament Aplicatiu<\/a> o b\u00e9 mirant aquest videotutorial: <a href=\"https:\/\/www.youtube.com\/watch?v=30x4jwWG2D4\">https:\/\/www.youtube.com\/watch?v=30x4jwWG2D4<\/a><\/p>\n<p><span lang=\"CA\">En cas de dubte, podeu posar-vos en contacte amb el departament de suport a trav\u00e9s del tel\u00e8fon 687 76 38 77 o b\u00e9 enviant un correu electr\u00f2nic a <em>hola<span class=\"atwho-query\">@lleurequalia.cat<\/span><\/em><\/span><\/p>\n<p>&nbsp;<\/p>\n<p><a href=\"https:\/\/www.qualiacoop.cat\/menu-del-mes\/\" target=\"_blank\" rel=\"noopener\"><img loading=\"lazy\" decoding=\"async\" class=\"aligncenter wp-image-9806 size-medium\" src=\"https:\/\/agora.xtec.cat\/escfrancescarenes\/wp-content\/uploads\/usu674\/2026\/03\/Menu-del-mes-300x69.jpg\" alt=\"\" width=\"300\" height=\"69\" srcset=\"https:\/\/agora.xtec.cat\/escfrancescarenes\/wp-content\/uploads\/usu674\/2026\/03\/Menu-del-mes-300x69.jpg 300w, https:\/\/agora.xtec.cat\/escfrancescarenes\/wp-content\/uploads\/usu674\/2026\/03\/Menu-del-mes.jpg 705w\" sizes=\"auto, (max-width: 300px) 100vw, 300px\" \/><\/a><\/p>\n<p>&nbsp;<\/p>\n<p>&nbsp;<\/p>\n","protected":false},"excerpt":{"rendered":"<p>\u00a0 \u00a0 AMB NOM\u00c9S UN CLIC ACCEDIU A TOTA LA INFORMACI\u00d3!!! L&#8217;empresa Qu\u00e0lia \u00e9s qui organitza el menjador escolar de la nostra escola. En aquest enlla\u00e7 podeu trobar tota la informaci\u00f3: https:\/\/lleurequalia.cat\/ca\/c\/menjador-francesc-arenas-golmes-477 Per apuntar els vostres fills i filles al menjador s&#8217;ha de fer mitjan\u00e7ant l&#8217;App: http:\/\/app.lleurequalia.cat\/ En aquest document podeu seguir pas a pas [&hellip;]<\/p>\n","protected":false},"author":1,"featured_media":0,"parent":66,"menu_order":30,"comment_status":"closed","ping_status":"closed","template":"","meta":{"_bbp_topic_count":0,"_bbp_reply_count":0,"_bbp_total_topic_count":0,"_bbp_total_reply_count":0,"_bbp_voice_count":0,"_bbp_anonymous_reply_count":0,"_bbp_topic_count_hidden":0,"_bbp_reply_count_hidden":0,"_bbp_forum_subforum_count":0,"site-sidebar-layout":"default","site-content-layout":"","ast-site-content-layout":"default","site-content-style":"default","site-sidebar-style":"default","ast-global-header-display":"","ast-banner-title-visibility":"","ast-main-header-display":"","ast-hfb-above-header-display":"","ast-hfb-below-header-display":"","ast-hfb-mobile-header-display":"","site-post-title":"","ast-breadcrumbs-content":"","ast-featured-img":"","footer-sml-layout":"","theme-transparent-header-meta":"default","adv-header-id-meta":"","stick-header-meta":"","header-above-stick-meta":"","header-main-stick-meta":"","header-below-stick-meta":"","astra-migrate-meta-layouts":"set","ast-page-background-enabled":"default","ast-page-background-meta":{"desktop":{"background-color":"var(--ast-global-color-4)","background-image":"","background-repeat":"repeat","background-position":"center center","background-size":"auto","background-attachment":"scroll","background-type":"","background-media":"","overlay-type":"","overlay-color":"","overlay-opacity":"","overlay-gradient":""},"tablet":{"background-color":"","background-image":"","background-repeat":"repeat","background-position":"center center","background-size":"auto","background-attachment":"scroll","background-type":"","background-media":"","overlay-type":"","overlay-color":"","overlay-opacity":"","overlay-gradient":""},"mobile":{"background-color":"","background-image":"","background-repeat":"repeat","background-position":"center center","background-size":"auto","background-attachment":"scroll","background-type":"","background-media":"","overlay-type":"","overlay-color":"","overlay-opacity":"","overlay-gradient":""}},"ast-content-background-meta":{"desktop":{"background-color":"var(--ast-global-color-5)","background-image":"","background-repeat":"repeat","background-position":"center center","background-size":"auto","background-attachment":"scroll","background-type":"","background-media":"","overlay-type":"","overlay-color":"","overlay-opacity":"","overlay-gradient":""},"tablet":{"background-color":"var(--ast-global-color-5)","background-image":"","background-repeat":"repeat","background-position":"center center","background-size":"auto","background-attachment":"scroll","background-type":"","background-media":"","overlay-type":"","overlay-color":"","overlay-opacity":"","overlay-gradient":""},"mobile":{"background-color":"var(--ast-global-color-5)","background-image":"","background-repeat":"repeat","background-position":"center center","background-size":"auto","background-attachment":"scroll","background-type":"","background-media":"","overlay-type":"","overlay-color":"","overlay-opacity":"","overlay-gradient":""}},"footnotes":""},"class_list":["post-73","page","type-page","status-publish","hentry"],"post_mailing_queue_ids":[],"_links":{"self":[{"href":"https:\/\/agora.xtec.cat\/escfrancescarenes\/wp-json\/wp\/v2\/pages\/73","targetHints":{"allow":["GET"]}}],"collection":[{"href":"https:\/\/agora.xtec.cat\/escfrancescarenes\/wp-json\/wp\/v2\/pages"}],"about":[{"href":"https:\/\/agora.xtec.cat\/escfrancescarenes\/wp-json\/wp\/v2\/types\/page"}],"author":[{"embeddable":true,"href":"https:\/\/agora.xtec.cat\/escfrancescarenes\/wp-json\/wp\/v2\/users\/1"}],"replies":[{"embeddable":true,"href":"https:\/\/agora.xtec.cat\/escfrancescarenes\/wp-json\/wp\/v2\/comments?post=73"}],"version-history":[{"count":6,"href":"https:\/\/agora.xtec.cat\/escfrancescarenes\/wp-json\/wp\/v2\/pages\/73\/revisions"}],"predecessor-version":[{"id":9808,"href":"https:\/\/agora.xtec.cat\/escfrancescarenes\/wp-json\/wp\/v2\/pages\/73\/revisions\/9808"}],"up":[{"embeddable":true,"href":"https:\/\/agora.xtec.cat\/escfrancescarenes\/wp-json\/wp\/v2\/pages\/66"}],"wp:attachment":[{"href":"https:\/\/agora.xtec.cat\/escfrancescarenes\/wp-json\/wp\/v2\/media?parent=73"}],"curies":[{"name":"wp","href":"https:\/\/api.w.org\/{rel}","templated":true}]}}