{"id":77,"date":"2014-09-18T14:05:08","date_gmt":"2014-09-18T13:05:08","guid":{"rendered":"http:\/\/agora.xtec.cat\/escfonollosa\/?page_id=77"},"modified":"2019-05-27T11:39:05","modified_gmt":"2019-05-27T09:39:05","slug":"amicsiamigues","status":"publish","type":"page","link":"https:\/\/agora.xtec.cat\/escfonollosa\/serveis\/amicsiamigues\/","title":{"rendered":"Amics i amigues de l&#8217;escola de Fonollosa"},"content":{"rendered":"<p style=\"text-align: justify;\">Aquesta associaci\u00f3 treballa per aconseguir recursos per tal que tots els i les alumnes de l&#8217;escola participin de tots els projectes programats tot cercant recursos per poder-ho assolir. Mitjan\u00e7ant la convocat\u00f2ria de les beques PER LA MEVA ESCOLA bona part d&#8217;aquests recursos arriben a les fam\u00edlies que ho necessiten. Per tal de saber m\u00e9s sobre aquesta organitzaci\u00f3, podeu visitar el seu espai <a href=\"https:\/\/www.facebook.com\/amicsescolafonollosa\/\">Facebook<\/a> . I si voleu fer-vos socis, col\u00b7laborar-hi o simplement demanar informaci\u00f3, no dubteu a posar-vos-hi en contacte amicsiamiguesfonollosa@gmail.com o associacioamicsiamiguesescoladefonollosa@gmail.com<\/p>\n","protected":false},"excerpt":{"rendered":"<p>Aquesta associaci\u00f3 treballa per aconseguir recursos per tal que tots els i les alumnes de l&#8217;escola participin de tots els projectes programats tot cercant recursos per poder-ho assolir. Mitjan\u00e7ant la convocat\u00f2ria de les beques PER LA MEVA ESCOLA bona part d&#8217;aquests recursos arriben a les&hellip;  <a href=\"https:\/\/agora.xtec.cat\/escfonollosa\/serveis\/amicsiamigues\/\" title=\"Read Amics i amigues de l&#8217;escola de Fonollosa\">Llegeix m\u00e9s\u00bb<\/a><\/p>\n","protected":false},"author":1,"featured_media":0,"parent":66,"menu_order":20,"comment_status":"closed","ping_status":"closed","template":"page-templates\/side-menu.php","meta":{"_bbp_topic_count":0,"_bbp_reply_count":0,"_bbp_total_topic_count":0,"_bbp_total_reply_count":0,"_bbp_voice_count":0,"_bbp_anonymous_reply_count":0,"_bbp_topic_count_hidden":0,"_bbp_reply_count_hidden":0,"_bbp_forum_subforum_count":0,"footnotes":""},"class_list":["post-77","page","type-page","status-publish","hentry"],"post_mailing_queue_ids":[],"_links":{"self":[{"href":"https:\/\/agora.xtec.cat\/escfonollosa\/wp-json\/wp\/v2\/pages\/77","targetHints":{"allow":["GET"]}}],"collection":[{"href":"https:\/\/agora.xtec.cat\/escfonollosa\/wp-json\/wp\/v2\/pages"}],"about":[{"href":"https:\/\/agora.xtec.cat\/escfonollosa\/wp-json\/wp\/v2\/types\/page"}],"author":[{"embeddable":true,"href":"https:\/\/agora.xtec.cat\/escfonollosa\/wp-json\/wp\/v2\/users\/1"}],"replies":[{"embeddable":true,"href":"https:\/\/agora.xtec.cat\/escfonollosa\/wp-json\/wp\/v2\/comments?post=77"}],"version-history":[{"count":3,"href":"https:\/\/agora.xtec.cat\/escfonollosa\/wp-json\/wp\/v2\/pages\/77\/revisions"}],"predecessor-version":[{"id":829,"href":"https:\/\/agora.xtec.cat\/escfonollosa\/wp-json\/wp\/v2\/pages\/77\/revisions\/829"}],"up":[{"embeddable":true,"href":"https:\/\/agora.xtec.cat\/escfonollosa\/wp-json\/wp\/v2\/pages\/66"}],"wp:attachment":[{"href":"https:\/\/agora.xtec.cat\/escfonollosa\/wp-json\/wp\/v2\/media?parent=77"}],"curies":[{"name":"wp","href":"https:\/\/api.w.org\/{rel}","templated":true}]}}