{"id":34,"date":"2014-09-18T12:32:18","date_gmt":"2014-09-18T11:32:18","guid":{"rendered":"http:\/\/agora.xtec.cat\/escfonollosa\/?page_id=34"},"modified":"2020-12-09T14:54:51","modified_gmt":"2020-12-09T13:54:51","slug":"oferta-educativa","status":"publish","type":"page","link":"https:\/\/agora.xtec.cat\/escfonollosa\/lescola\/oferta-educativa\/","title":{"rendered":"Projectes d&#8217;escola"},"content":{"rendered":"<h2 style=\"text-align: justify;\">PROJECTES A L&#8217;ESCOLA<\/h2>\n<h2 style=\"text-align: justify;\">La m\u00fasica a l\u2019escola de Fonollosa.<\/h2>\n<p style=\"text-align: justify;\">La m\u00fasica \u00e9s un dels trets identitaris de la nostra escola. Els nens i nenes fan gran quantitat d&#8217;activitats musicals al llarg de la setmana i, en especial, l&#8217;estudi de l&#8217;instrument. Setmanalment arriben professors de viol\u00ed, violoncel, guitarra, flauta travessera, clarinet, bateria i piano i imparteixen classes als nostres alumnes de prim\u00e0ria. Aix\u00ed, en acabar l&#8217;escolaritat, tots els nens surten amb coneixements b\u00e0sics d&#8217;un o dos d&#8217;aquests instruments. PROJECTE DE M\u00dcSICA DE L\u2019ESCOLA DE FONOLLOSA (en proc\u00e9s de redacci\u00f3)<\/p>\n<h2 style=\"text-align: justify;\">La natura a l\u2019escola de Fonollosa.<\/h2>\n<p style=\"text-align: justify;\">La Natura forma part del projecte d&#8217;escola i es concreta amb un treball experimental en diferents espais i propostes. D&#8217;aquesta manera durant l&#8217;escolaritat els nens i nenes fan recerca, observaci\u00f3\u00a0i reflexi\u00f3 amb les llavors, les flors, les plantes arom\u00e0tiques i els cultius mediterranis: els cereals, l&#8217;olivera, la vinya i l&#8217;hort. Complementem el cicle de la vida de les plantes amb el compostador, el galliner i la bassa. En un entorn tan privilegiat com el de l&#8217;escola, el bosc sempre \u00e9s un lloc d&#8217;inter\u00e8s.<\/p>\n<h2 style=\"text-align: justify;\">Projecte de pl\u00e0stica.<\/h2>\n<p style=\"text-align: justify;\">Mir\u00f3, Guinovart, Antoni T\u00e0pies, Picasso, Anthony Caro, Viladecans, Isao, Edvard Munch, L\u2019expressionisme, l\u2019impressionisme, Joaquim Mir, Gargallo, Chillida, la rajola de mostra catalana, el rom\u00e0nic, Andy WarholMiquel Barcel\u00f3\u2026 S\u00f3n els artistes, les \u00e8poques o els corrents que han inspirat, curs rere curs, el treball pl\u00e0stic de l\u2019escola de Fonollosa, des de l\u2019escola bressol fins al cicle superior. Treballem a partir de consignes que orienten de manera clara la feina d\u2019alumnes i mestres. Es tracta de consignes que estableixen punts de contacte entre temes o t\u00e8cniques de l\u2019autor o el corrent que ens inspira aquell curs i el nostre entorn o l\u2019experi\u00e8ncia personal de cada nen o nena. A partir d\u2019aquests punts de refer\u00e8ncia cadasc\u00fa aplica la seva pr\u00f2pia creativitat. \u201cCom l\u2019Antoni T\u00e0pies creo els meus propis signes\u201d, \u201cCom l\u2019Antoni T\u00e0pies amago el relleu d\u2019un cos sota la roba\u201d, \u201cCom l\u2019Antoni T\u00e0pies cargolo filferro\u201d, \u201cCom l\u2019Antoni T\u00e0pies utilitzo terres i colors naturals\u201d, \u201cCom l\u2019Antoni T\u00e0pies incorporo roba i altres materials als meus quadres\u201d, \u201cCom l\u2019Antoni T\u00e0pies utilitzo les cadires del meu entorn per crear\u201d\u2026 s\u00f3n alguns exemples de les consignes de treball emprades en el projecte a l\u2019entorn d\u2019Antoni T\u00e0pies del curs 2013-2014.<\/p>\n<div class=\" et_pb_row et_pb_row_0\" style=\"text-align: justify;\">\n<div class=\"et_pb_column et_pb_column_2_3 et_pb_column_1\">\n<div class=\"et_pb_text et_pb_module et_pb_bg_layout_light et_pb_text_align_left et_pb_text_0\">\n<h2>El teatre a l\u2019escola de Fonollosa.<\/h2>\n<p>El projecte de teatre \u00e9s una activitat que forma part del projecte educatiu de l\u2019escola, t\u00e9 en s\u00ed una colla d\u2019objectius educatius que van m\u00e9s enll\u00e0 de l\u2019objectiu de representar una obra.<\/p>\n<p>L\u2019activitat de teatre es fa durant el curs i cada cicle t\u00e9 el seu espai i moment en el calendari per mostrar el treball que est\u00e0 fent:<\/p>\n<ul>\n<li>A l\u2019educaci\u00f3 infantil la representaci\u00f3 \u00e9s a final de curs.<\/li>\n<li>A cicle inicial s\u2019escenifica la Llegenda per Sant Jordi.<\/li>\n<li>A cicle mitj\u00e0, s\u2019escenifiquen Els Pastorets per Nadal.<\/li>\n<li>A cicle superior es combina de manera alternada, un any un musical i l\u2019any seg\u00fcent una obra de teatre.<\/li>\n<\/ul>\n<\/div>\n<\/div>\n<\/div>\n<div class=\" et_pb_row et_pb_row_1\" style=\"text-align: justify;\">\n<div class=\"et_pb_column et_pb_column_1_3 et_pb_column_2\">\n<div class=\"et_pb_module et-waypoint et_pb_image et_pb_animation_off et_pb_image_1 et_always_center_on_mobile et-animated\"><a class=\"et_pb_lightbox_image\" title=\"\" href=\"http:\/\/www.agrupaciosantjordi.cat\/wp-content\/uploads\/2014\/07\/infantil-2012-part-016-escola-fonollosa.png\"><img decoding=\"async\" src=\"http:\/\/www.agrupaciosantjordi.cat\/wp-content\/uploads\/2014\/07\/infantil-2012-part-016-escola-fonollosa.png\" alt=\"\" \/><\/a>A banda d&#8217;aquestes actuacions, en d&#8217;altres moments del curs es representen altres petites obres de teatre per a companys i companyes de l&#8217;escola.<\/div>\n<\/div>\n<\/div>\n<div class=\"et_pb_module et-waypoint et_pb_image et_pb_animation_off et_pb_image_1 et_always_center_on_mobile et-animated\" style=\"text-align: justify;\"><\/div>\n<div class=\"et_pb_module et-waypoint et_pb_image et_pb_animation_off et_pb_image_1 et_always_center_on_mobile et-animated\">\n<h2 style=\"text-align: justify;\">La dansa a l\u2019escola de Fonollosa.<\/h2>\n<p style=\"text-align: justify;\">La dansa \u00e9s present en l&#8217;horari diari i\/o setmanal de les classes i els nens i nenes mostren part del treball fet en diferents moments durant el curs. Un d&#8217;ells \u00e9s a la Festa de la Dansa, on cada grup de l&#8217;escola participa d&#8217;una dansa que es representa el dia de la festa del Carnestoltes i per a les fam\u00edlies a la Festa de Primavera.<\/p>\n<p style=\"text-align: justify;\">La dansa tamb\u00e9\u00a0\u00e9s present en les obres de teatre de cada cicle i en la ballada de danses tradicionals, com la sardana i les danses t\u00edpiques dels pobles de l&#8217;entorn. Des de fa uns anys, nens i nenes, mestres i moltes fam\u00edlies hem apr\u00e8s a ballar la dansa de l&#8217;escola. Gaudim dansant-la en molts moments al llarg del curs.<\/p>\n<h2 style=\"text-align: justify;\">Els sentiments a l\u2019escola de Fonollosa.<\/h2>\n<p style=\"text-align: justify;\">Cada vegada som m\u00e9s les escoles que ens esforcem per donar import\u00e0ncia a un tema com la gesti\u00f3 de les pr\u00f2pies emocions a l\u2019hora de plantejar-nos l\u2019educaci\u00f3 integral dels nens i nenes. I ho fem, conscients que els nostres sentiments s\u00f3n el motor de la nostra manera de fer, el motor que ens empeny a determinades accions, a adoptar determinats punts de vista, a fer uns raonaments en concret i no d\u2019altres, a reaccionar de determinada manera, a relacionar-nos d\u2019una forma o d\u2019una altra amb les persones i amb l\u2019entorn\u2026De manera que, com que s\u00f3n decisoris en tot moment de la nostra vida, val la pena que els aprenguem a gestionar ja que en dep\u00e8n la nostra felicitat i la dels altres.<\/p>\n<p style=\"text-align: justify;\">Aix\u00ed doncs, durant aquests \u00faltims anys, a l\u2019escola de Fonollosa hem treballat, de manera coordinada a tots els cicles, a l\u2019entorn de sentiments com ara l\u2019alegria, la tristesa, la gelosia, l\u2019estimaci\u00f3, la r\u00e0bia, la frustraci\u00f3, l\u2019empatia, la il\u00b7lusi\u00f3, la por\u2026<\/p>\n<p style=\"text-align: justify;\">L\u2019aportaci\u00f3 de les fam\u00edlies \u00e9s una part fonamental de tot el proc\u00e9s i cada any una mostra de la feina feta queda recollida en un format pl\u00e0stic que es guarda al rac\u00f3 de sentiments de la biblioteca, de manera que sempre estigui a l\u2019abast dels nens i nenes.<\/p>\n<h2>Educac\u00f3 f\u00edsica i jocs a l\u2019escola de Fonollosa.<\/h2>\n<p>En l&#8217;horari setmanal hi t\u00e9 un paper important l&#8217;estona de joc en totes les seves vessants: tradicional, alternatiu, cooperatiu,&#8230; amb l&#8217;objectiu de gaudir i aprendre tot treballant diferents valors, entre ells la cohesi\u00f3 social.<\/p>\n<\/div>\n","protected":false},"excerpt":{"rendered":"<p>PROJECTES A L&#8217;ESCOLA<br \/>\nLa m\u00fasica a l\u2019escola de Fonollosa.<br \/>\nLa m\u00fasica \u00e9s un dels trets identitaris de la nostra escola. Els nens i nenes fan gran quantitat d&#8217;activitats musicals al llarg de la setmana i, en especial, l&#8217;estudi de l&#8217;instrument. Setmanalment arriben professors de viol\u00ed, violoncel, guitarra,&hellip;  <a href=\"https:\/\/agora.xtec.cat\/escfonollosa\/lescola\/oferta-educativa\/\" title=\"Read Projectes d&#8217;escola\">Llegeix m\u00e9s\u00bb<\/a><\/p>\n","protected":false},"author":1,"featured_media":0,"parent":22,"menu_order":60,"comment_status":"closed","ping_status":"closed","template":"page-templates\/side-menu.php","meta":{"_bbp_topic_count":0,"_bbp_reply_count":0,"_bbp_total_topic_count":0,"_bbp_total_reply_count":0,"_bbp_voice_count":0,"_bbp_anonymous_reply_count":0,"_bbp_topic_count_hidden":0,"_bbp_reply_count_hidden":0,"_bbp_forum_subforum_count":0,"footnotes":""},"class_list":["post-34","page","type-page","status-publish","hentry"],"post_mailing_queue_ids":[],"_links":{"self":[{"href":"https:\/\/agora.xtec.cat\/escfonollosa\/wp-json\/wp\/v2\/pages\/34","targetHints":{"allow":["GET"]}}],"collection":[{"href":"https:\/\/agora.xtec.cat\/escfonollosa\/wp-json\/wp\/v2\/pages"}],"about":[{"href":"https:\/\/agora.xtec.cat\/escfonollosa\/wp-json\/wp\/v2\/types\/page"}],"author":[{"embeddable":true,"href":"https:\/\/agora.xtec.cat\/escfonollosa\/wp-json\/wp\/v2\/users\/1"}],"replies":[{"embeddable":true,"href":"https:\/\/agora.xtec.cat\/escfonollosa\/wp-json\/wp\/v2\/comments?post=34"}],"version-history":[{"count":4,"href":"https:\/\/agora.xtec.cat\/escfonollosa\/wp-json\/wp\/v2\/pages\/34\/revisions"}],"predecessor-version":[{"id":1793,"href":"https:\/\/agora.xtec.cat\/escfonollosa\/wp-json\/wp\/v2\/pages\/34\/revisions\/1793"}],"up":[{"embeddable":true,"href":"https:\/\/agora.xtec.cat\/escfonollosa\/wp-json\/wp\/v2\/pages\/22"}],"wp:attachment":[{"href":"https:\/\/agora.xtec.cat\/escfonollosa\/wp-json\/wp\/v2\/media?parent=34"}],"curies":[{"name":"wp","href":"https:\/\/api.w.org\/{rel}","templated":true}]}}

<h2 style="text-align: justify;">PROJECTES A L&#8217;ESCOLA</h2>
<h2 style="text-align: justify;">La música a l’escola de Fonollosa.</h2>
<p style="text-align: justify;">La música és un dels trets identitaris de la nostra escola. Els nens i nenes fan gran quantitat d&#8217;activitats musicals al llarg de la setmana i, en especial, l&#8217;estudi de l&#8217;instrument. Setmanalment arriben professors de violí, violoncel, guitarra, flauta travessera, clarinet, bateria i piano i imparteixen classes als nostres alumnes de primària. Així, en acabar l&#8217;escolaritat, tots els nens surten amb coneixements bàsics d&#8217;un o dos d&#8217;aquests instruments. PROJECTE DE MÜSICA DE L’ESCOLA DE FONOLLOSA (en procés de redacció)</p>
<h2 style="text-align: justify;">La natura a l’escola de Fonollosa.</h2>
<p style="text-align: justify;">La Natura forma part del projecte d&#8217;escola i es concreta amb un treball experimental en diferents espais i propostes. D&#8217;aquesta manera durant l&#8217;escolaritat els nens i nenes fan recerca, observació i reflexió amb les llavors, les flors, les plantes aromàtiques i els cultius mediterranis: els cereals, l&#8217;olivera, la vinya i l&#8217;hort. Complementem el cicle de la vida de les plantes amb el compostador, el galliner i la bassa. En un entorn tan privilegiat com el de l&#8217;escola, el bosc sempre és un lloc d&#8217;interès.</p>
<h2 style="text-align: justify;">Projecte de plàstica.</h2>
<p style="text-align: justify;">Miró, Guinovart, Antoni Tàpies, Picasso, Anthony Caro, Viladecans, Isao, Edvard Munch, L’expressionisme, l’impressionisme, Joaquim Mir, Gargallo, Chillida, la rajola de mostra catalana, el romànic, Andy WarholMiquel Barceló… Són els artistes, les èpoques o els corrents que han inspirat, curs rere curs, el treball plàstic de l’escola de Fonollosa, des de l’escola bressol fins al cicle superior. Treballem a partir de consignes que orienten de manera clara la feina d’alumnes i mestres. Es tracta de consignes que estableixen punts de contacte entre temes o tècniques de l’autor o el corrent que ens inspira aquell curs i el nostre entorn o l’experiència personal de cada nen o nena. A partir d’aquests punts de referència cadascú aplica la seva pròpia creativitat. “Com l’Antoni Tàpies creo els meus propis signes”, “Com l’Antoni Tàpies amago el relleu d’un cos sota la roba”, “Com l’Antoni Tàpies cargolo filferro”, “Com l’Antoni Tàpies utilitzo terres i colors naturals”, “Com l’Antoni Tàpies incorporo roba i altres materials als meus quadres”, “Com l’Antoni Tàpies utilitzo les cadires del meu entorn per crear”… són alguns exemples de les consignes de treball emprades en el projecte a l’entorn d’Antoni Tàpies del curs 2013-2014.</p>
<div class=" et_pb_row et_pb_row_0" style="text-align: justify;">
<div class="et_pb_column et_pb_column_2_3 et_pb_column_1">
<div class="et_pb_text et_pb_module et_pb_bg_layout_light et_pb_text_align_left et_pb_text_0">
<h2>El teatre a l’escola de Fonollosa.</h2>
<p>El projecte de teatre és una activitat que forma part del projecte educatiu de l’escola, té en sí una colla d’objectius educatius que van més enllà de l’objectiu de representar una obra.</p>
<p>L’activitat de teatre es fa durant el curs i cada cicle té el seu espai i moment en el calendari per mostrar el treball que està fent:</p>
<ul>
<li>A l’educació infantil la representació és a final de curs.</li>
<li>A cicle inicial s’escenifica la Llegenda per Sant Jordi.</li>
<li>A cicle mitjà, s’escenifiquen Els Pastorets per Nadal.</li>
<li>A cicle superior es combina de manera alternada, un any un musical i l’any següent una obra de teatre.</li>
</ul>
</div>
</div>
</div>
<div class=" et_pb_row et_pb_row_1" style="text-align: justify;">
<div class="et_pb_column et_pb_column_1_3 et_pb_column_2">
<div class="et_pb_module et-waypoint et_pb_image et_pb_animation_off et_pb_image_1 et_always_center_on_mobile et-animated"><a class="et_pb_lightbox_image" title="" href="http://www.agrupaciosantjordi.cat/wp-content/uploads/2014/07/infantil-2012-part-016-escola-fonollosa.png"><img decoding="async" src="http://www.agrupaciosantjordi.cat/wp-content/uploads/2014/07/infantil-2012-part-016-escola-fonollosa.png" alt="" /></a>A banda d&#8217;aquestes actuacions, en d&#8217;altres moments del curs es representen altres petites obres de teatre per a companys i companyes de l&#8217;escola.</div>
</div>
</div>
<div class="et_pb_module et-waypoint et_pb_image et_pb_animation_off et_pb_image_1 et_always_center_on_mobile et-animated" style="text-align: justify;"></div>
<div class="et_pb_module et-waypoint et_pb_image et_pb_animation_off et_pb_image_1 et_always_center_on_mobile et-animated">
<h2 style="text-align: justify;">La dansa a l’escola de Fonollosa.</h2>
<p style="text-align: justify;">La dansa és present en l&#8217;horari diari i/o setmanal de les classes i els nens i nenes mostren part del treball fet en diferents moments durant el curs. Un d&#8217;ells és a la Festa de la Dansa, on cada grup de l&#8217;escola participa d&#8217;una dansa que es representa el dia de la festa del Carnestoltes i per a les famílies a la Festa de Primavera.</p>
<p style="text-align: justify;">La dansa també és present en les obres de teatre de cada cicle i en la ballada de danses tradicionals, com la sardana i les danses típiques dels pobles de l&#8217;entorn. Des de fa uns anys, nens i nenes, mestres i moltes famílies hem après a ballar la dansa de l&#8217;escola. Gaudim dansant-la en molts moments al llarg del curs.</p>
<h2 style="text-align: justify;">Els sentiments a l’escola de Fonollosa.</h2>
<p style="text-align: justify;">Cada vegada som més les escoles que ens esforcem per donar importància a un tema com la gestió de les pròpies emocions a l’hora de plantejar-nos l’educació integral dels nens i nenes. I ho fem, conscients que els nostres sentiments són el motor de la nostra manera de fer, el motor que ens empeny a determinades accions, a adoptar determinats punts de vista, a fer uns raonaments en concret i no d’altres, a reaccionar de determinada manera, a relacionar-nos d’una forma o d’una altra amb les persones i amb l’entorn…De manera que, com que són decisoris en tot moment de la nostra vida, val la pena que els aprenguem a gestionar ja que en depèn la nostra felicitat i la dels altres.</p>
<p style="text-align: justify;">Així doncs, durant aquests últims anys, a l’escola de Fonollosa hem treballat, de manera coordinada a tots els cicles, a l’entorn de sentiments com ara l’alegria, la tristesa, la gelosia, l’estimació, la ràbia, la frustració, l’empatia, la il·lusió, la por…</p>
<p style="text-align: justify;">L’aportació de les famílies és una part fonamental de tot el procés i cada any una mostra de la feina feta queda recollida en un format plàstic que es guarda al racó de sentiments de la biblioteca, de manera que sempre estigui a l’abast dels nens i nenes.</p>
<h2>Educacó física i jocs a l’escola de Fonollosa.</h2>
<p>En l&#8217;horari setmanal hi té un paper important l&#8217;estona de joc en totes les seves vessants: tradicional, alternatiu, cooperatiu,&#8230; amb l&#8217;objectiu de gaudir i aprendre tot treballant diferents valors, entre ells la cohesió social.</p>
</div>

<p>PROJECTES A L&#8217;ESCOLA<br />
La música a l’escola de Fonollosa.<br />
La música és un dels trets identitaris de la nostra escola. Els nens i nenes fan gran quantitat d&#8217;activitats musicals al llarg de la setmana i, en especial, l&#8217;estudi de l&#8217;instrument. Setmanalment arriben professors de violí, violoncel, guitarra,&hellip;  <a href="https://agora.xtec.cat/escfonollosa/lescola/oferta-educativa/" title="Read Projectes d&#8217;escola">Llegeix més»</a></p>
