{"id":32,"date":"2014-09-18T12:31:33","date_gmt":"2014-09-18T11:31:33","guid":{"rendered":"http:\/\/agora.xtec.cat\/escfonollosa\/?page_id=32"},"modified":"2025-10-16T11:21:12","modified_gmt":"2025-10-16T09:21:12","slug":"calendari-del-curs","status":"publish","type":"page","link":"https:\/\/agora.xtec.cat\/escfonollosa\/lescola\/calendari-del-curs\/","title":{"rendered":"Calendari del curs 2025-26"},"content":{"rendered":"<h4><strong>Inici de curs:<\/strong><\/h4>\n<p>8 de setembre<\/p>\n<h4><strong>Vacances:<\/strong><\/h4>\n<p>Nadal: del 22 de desembre al 7 de gener (ambd\u00f3s inclosos)<\/p>\n<p>Setmana santa: del 30 de mar\u00e7 al 6 d&#8217;abril al (ambd\u00f3s inclosos)<\/p>\n<p>Estiu: a partir del 19 de juny.<\/p>\n<h4><strong>Dies festius de lliure disposici\u00f3:<\/strong><\/h4>\n<p>10 d&#8217;octubre<\/p>\n<p>3 de novembre<\/p>\n<p>26 de gener<\/p>\n<p>20 de febrer<\/p>\n<p>30 d&#8217;abril<\/p>\n<p>25 de maig<\/p>\n<h4><strong>Festa local:<\/strong><\/h4>\n<p>21 de febrer<\/p>\n<p>18 d&#8217;agost<\/p>\n<h4><strong>Jornada continuada:<\/strong><\/h4>\n<p>19 de desembre<\/p>\n<p>Del 8<span style=\"font-family: inherit; font-size: 1em;\"> al 19 de juny<\/span><\/p>\n<h4><strong>Festes d&#8217;escola:<\/strong><\/h4>\n<p>Inici de curs-\u00a0 8 de setembre<\/p>\n<p>Fira de tardor-\u00a0 a concretar<\/p>\n<p>Concert de Nadal- a concretar<\/p>\n<p>Festa de Nadal- 19 de desembre<\/p>\n<p>Dijous llarder-\u00a0 \u00a012 de febrer<\/p>\n<p>Carnestoltes- 13 de febrer<\/p>\n<p>Festa del joc al pati- a concretar<\/p>\n<p>Sant Jordi-\u00a0 \u00a023 d&#8217;abril<\/p>\n<p>Final de curs-\u00a0 \u00a019 de juny<\/p>\n<h4><strong>Festes d&#8217;escola amb fam\u00edlies:<\/strong><\/h4>\n<p>Festa de la primavera-\u00a0 a concretar<\/p>\n<p>Concert final de curs amb mestres-\u00a0 a concretar<\/p>\n<p>Festa d&#8217;escola (AFA) &#8211; a concretar<\/p>\n<h4><strong>Dates de teatre de cicle amb fam\u00edlies:<\/strong><\/h4>\n<p>Educaci\u00f3 Infantil- a concretar<\/p>\n<p>Cicle Inicial- a concretar<\/p>\n<p>Cicle Mitj\u00e0- a concretar<\/p>\n<p>Cicle Superior- a concretar<\/p>\n<h4><strong>Reuni\u00f3 d&#8217;inici de curs amb fam\u00edlies:<\/strong><\/h4>\n<p>Dimecres, 22 d&#8217;octubre a 1\/4 de 6 de la tarda a l&#8217;escola.<\/p>\n<p>Setmana del &#8230;&#8230;&#8230;&#8230;&#8230;&#8230;. reuni\u00f3 amb mestres d&#8217;instrument.<\/p>\n<h4><strong>Avaluacions<\/strong>:<\/h4>\n<p><em>1r. trimestre<\/em><\/p>\n<p>Avaluacions: a concretar<\/p>\n<p>Entrevistes: a concretar<\/p>\n<p><em>2n. trimestre<\/em><\/p>\n<p>Avaluacions: a concretar<\/p>\n<p>Entrevistes: a concretar<\/p>\n<p><em>3r. trimestre<\/em><\/p>\n<p>Avaluacions: a concretar<\/p>\n<p>Entrevistes: a concretar<\/p>\n<h4><strong>Consells escolars:<\/strong><\/h4>\n<ul>\n<li>Dilluns 29 de setembre de 2025<\/li>\n<li>Dimarts 25 de novembre de 2025<\/li>\n<li>Dimecres 21 de gener de 2026<\/li>\n<li>Dijous 26 de mar\u00e7 de 2026<\/li>\n<li>Dilluns 29 de juny de 2026<\/li>\n<\/ul>\n<h4><strong>Bibliob\u00fas:<\/strong><\/h4>\n<p>Setembre:<\/p>\n<p>Octubre:<\/p>\n<p>Novembre:<\/p>\n<p>Desembre:<\/p>\n<p>&nbsp;<\/p>\n<p><em>Sempre situat a davant l&#8217;ajuntament de Fonollosa<\/em><\/p>\n<h3><strong>Horari general<\/strong><\/h3>\n<p style=\"text-align: justify;\">L\u2019<b>horari lectiu<\/b> del centre \u00e9s de 9 a 13:00 h i de 15,00 a 17,00 h per als alumnes de prim\u00e0ria i de 9 a 12:00 i de 15:00 a 17:00 per als d&#8217;Educaci\u00f3 Infantil.<\/p>\n<p><strong>Jornada continuada<\/strong>:<\/p>\n<p style=\"text-align: justify;\">Els dilluns es fa <strong>cant coral (tothom) i orff (CI)<\/strong>, els dimarts<strong> instrument (CM i CS)<\/strong>, els dijous<strong> pl\u00e0stica (tothom) i grup musical (CS)<\/strong>.<\/p>\n<p style=\"text-align: justify;\">Per als alumnes que inicien l\u2019escolaritzaci\u00f3 a P3 s\u2019organitza un\u00a0 per\u00edode d\u2019adaptaci\u00f3 que suposa una certa modificaci\u00f3 dels horaris de les dues primeres setmanes de classe, que dep\u00e8n de l&#8217;adaptaci\u00f3 de l&#8217;alumne\/a i que es concreta directament entre la fam\u00edlia i la tutora.<\/p>\n","protected":false},"excerpt":{"rendered":"<p>Inici de curs:<br \/>\n8 de setembre<br \/>\nVacances:<br \/>\nNadal: del 22 de desembre al 7 de gener (ambd\u00f3s inclosos)<br \/>\nSetmana santa: del 30 de mar\u00e7 al 6 d&#8217;abril al (ambd\u00f3s inclosos)<br \/>\nEstiu: a partir del 19 de juny.<br \/>\nDies festius de lliure disposici\u00f3:<br \/>\n10 d&#8217;octubre<br \/>\n3 de novembre<br \/>\n26 de gener<br \/>\n20 de febrer<br \/>\n30 d&#8217;abril<br \/>\n25 de&hellip;  <a href=\"https:\/\/agora.xtec.cat\/escfonollosa\/lescola\/calendari-del-curs\/\" title=\"Read Calendari del curs 2025-26\">Llegeix m\u00e9s\u00bb<\/a><\/p>\n","protected":false},"author":1,"featured_media":0,"parent":22,"menu_order":50,"comment_status":"closed","ping_status":"closed","template":"page-templates\/side-menu.php","meta":{"_bbp_topic_count":0,"_bbp_reply_count":0,"_bbp_total_topic_count":0,"_bbp_total_reply_count":0,"_bbp_voice_count":0,"_bbp_anonymous_reply_count":0,"_bbp_topic_count_hidden":0,"_bbp_reply_count_hidden":0,"_bbp_forum_subforum_count":0,"footnotes":""},"class_list":["post-32","page","type-page","status-publish","hentry"],"post_mailing_queue_ids":[],"_links":{"self":[{"href":"https:\/\/agora.xtec.cat\/escfonollosa\/wp-json\/wp\/v2\/pages\/32","targetHints":{"allow":["GET"]}}],"collection":[{"href":"https:\/\/agora.xtec.cat\/escfonollosa\/wp-json\/wp\/v2\/pages"}],"about":[{"href":"https:\/\/agora.xtec.cat\/escfonollosa\/wp-json\/wp\/v2\/types\/page"}],"author":[{"embeddable":true,"href":"https:\/\/agora.xtec.cat\/escfonollosa\/wp-json\/wp\/v2\/users\/1"}],"replies":[{"embeddable":true,"href":"https:\/\/agora.xtec.cat\/escfonollosa\/wp-json\/wp\/v2\/comments?post=32"}],"version-history":[{"count":7,"href":"https:\/\/agora.xtec.cat\/escfonollosa\/wp-json\/wp\/v2\/pages\/32\/revisions"}],"predecessor-version":[{"id":2847,"href":"https:\/\/agora.xtec.cat\/escfonollosa\/wp-json\/wp\/v2\/pages\/32\/revisions\/2847"}],"up":[{"embeddable":true,"href":"https:\/\/agora.xtec.cat\/escfonollosa\/wp-json\/wp\/v2\/pages\/22"}],"wp:attachment":[{"href":"https:\/\/agora.xtec.cat\/escfonollosa\/wp-json\/wp\/v2\/media?parent=32"}],"curies":[{"name":"wp","href":"https:\/\/api.w.org\/{rel}","templated":true}]}}

<h4><strong>Inici de curs:</strong></h4>
<p>8 de setembre</p>
<h4><strong>Vacances:</strong></h4>
<p>Nadal: del 22 de desembre al 7 de gener (ambdós inclosos)</p>
<p>Setmana santa: del 30 de març al 6 d&#8217;abril al (ambdós inclosos)</p>
<p>Estiu: a partir del 19 de juny.</p>
<h4><strong>Dies festius de lliure disposició:</strong></h4>
<p>10 d&#8217;octubre</p>
<p>3 de novembre</p>
<p>26 de gener</p>
<p>20 de febrer</p>
<p>30 d&#8217;abril</p>
<p>25 de maig</p>
<h4><strong>Festa local:</strong></h4>
<p>21 de febrer</p>
<p>18 d&#8217;agost</p>
<h4><strong>Jornada continuada:</strong></h4>
<p>19 de desembre</p>
<p>Del 8<span style="font-family: inherit; font-size: 1em;"> al 19 de juny</span></p>
<h4><strong>Festes d&#8217;escola:</strong></h4>
<p>Inici de curs-  8 de setembre</p>
<p>Fira de tardor-  a concretar</p>
<p>Concert de Nadal- a concretar</p>
<p>Festa de Nadal- 19 de desembre</p>
<p>Dijous llarder-   12 de febrer</p>
<p>Carnestoltes- 13 de febrer</p>
<p>Festa del joc al pati- a concretar</p>
<p>Sant Jordi-   23 d&#8217;abril</p>
<p>Final de curs-   19 de juny</p>
<h4><strong>Festes d&#8217;escola amb famílies:</strong></h4>
<p>Festa de la primavera-  a concretar</p>
<p>Concert final de curs amb mestres-  a concretar</p>
<p>Festa d&#8217;escola (AFA) &#8211; a concretar</p>
<h4><strong>Dates de teatre de cicle amb famílies:</strong></h4>
<p>Educació Infantil- a concretar</p>
<p>Cicle Inicial- a concretar</p>
<p>Cicle Mitjà- a concretar</p>
<p>Cicle Superior- a concretar</p>
<h4><strong>Reunió d&#8217;inici de curs amb famílies:</strong></h4>
<p>Dimecres, 22 d&#8217;octubre a 1/4 de 6 de la tarda a l&#8217;escola.</p>
<p>Setmana del &#8230;&#8230;&#8230;&#8230;&#8230;&#8230;. reunió amb mestres d&#8217;instrument.</p>
<h4><strong>Avaluacions</strong>:</h4>
<p><em>1r. trimestre</em></p>
<p>Avaluacions: a concretar</p>
<p>Entrevistes: a concretar</p>
<p><em>2n. trimestre</em></p>
<p>Avaluacions: a concretar</p>
<p>Entrevistes: a concretar</p>
<p><em>3r. trimestre</em></p>
<p>Avaluacions: a concretar</p>
<p>Entrevistes: a concretar</p>
<h4><strong>Consells escolars:</strong></h4>
<ul>
<li>Dilluns 29 de setembre de 2025</li>
<li>Dimarts 25 de novembre de 2025</li>
<li>Dimecres 21 de gener de 2026</li>
<li>Dijous 26 de març de 2026</li>
<li>Dilluns 29 de juny de 2026</li>
</ul>
<h4><strong>Bibliobús:</strong></h4>
<p>Setembre:</p>
<p>Octubre:</p>
<p>Novembre:</p>
<p>Desembre:</p>
<p>&nbsp;</p>
<p><em>Sempre situat a davant l&#8217;ajuntament de Fonollosa</em></p>
<h3><strong>Horari general</strong></h3>
<p style="text-align: justify;">L’<b>horari lectiu</b> del centre és de 9 a 13:00 h i de 15,00 a 17,00 h per als alumnes de primària i de 9 a 12:00 i de 15:00 a 17:00 per als d&#8217;Educació Infantil.</p>
<p><strong>Jornada continuada</strong>:</p>
<p style="text-align: justify;">Els dilluns es fa <strong>cant coral (tothom) i orff (CI)</strong>, els dimarts<strong> instrument (CM i CS)</strong>, els dijous<strong> plàstica (tothom) i grup musical (CS)</strong>.</p>
<p style="text-align: justify;">Per als alumnes que inicien l’escolarització a P3 s’organitza un  període d’adaptació que suposa una certa modificació dels horaris de les dues primeres setmanes de classe, que depèn de l&#8217;adaptació de l&#8217;alumne/a i que es concreta directament entre la família i la tutora.</p>

<p>Inici de curs:<br />
8 de setembre<br />
Vacances:<br />
Nadal: del 22 de desembre al 7 de gener (ambdós inclosos)<br />
Setmana santa: del 30 de març al 6 d&#8217;abril al (ambdós inclosos)<br />
Estiu: a partir del 19 de juny.<br />
Dies festius de lliure disposició:<br />
10 d&#8217;octubre<br />
3 de novembre<br />
26 de gener<br />
20 de febrer<br />
30 d&#8217;abril<br />
25 de&hellip;  <a href="https://agora.xtec.cat/escfonollosa/lescola/calendari-del-curs/" title="Read Calendari del curs 2025-26">Llegeix més»</a></p>
