{"id":28,"date":"2014-09-18T12:29:35","date_gmt":"2014-09-18T11:29:35","guid":{"rendered":"http:\/\/agora.xtec.cat\/escfonollosa\/?page_id=28"},"modified":"2026-01-22T14:51:58","modified_gmt":"2026-01-22T13:51:58","slug":"consell-escolar","status":"publish","type":"page","link":"https:\/\/agora.xtec.cat\/escfonollosa\/lescola\/consell-escolar\/","title":{"rendered":"Consell escolar"},"content":{"rendered":"<p style=\"text-align: justify;\">El Consell Escolar de l&#8217;escola \u00e9s l&#8217;\u00f2rgan de decisi\u00f3 de l&#8217;escola. Hi s\u00f3n representades les fam\u00edlies, els tres ajuntaments, el claustre de mestres i l&#8217;AFA. Es reuneix un m\u00ednim de 4 cops cada curs i hi ha tres comissions establertes que es poden reunir de a part de les convocat\u00f2ries de plenari:<\/p>\n<ul>\n<li style=\"text-align: justify;\"><strong>Comissi\u00f3 econ\u00f2mica:<\/strong> vetlla per la viabilitat econ\u00f2mica de tots els projectes. Est\u00e0 formada pel director, el secretari,\u00a0un representant de mestres i un representant de fam\u00edlies<\/li>\n<li style=\"text-align: justify;\"><strong>Comissi\u00f3 permanent:<\/strong> es reuneix entre plenaris per assumptes urgents i sobrevinguts. Est\u00e0 formada pel director, el secretari, el cap d&#8217;estudis, un representant de fam\u00edlies i un representant de mestres.<\/li>\n<li style=\"text-align: justify;\"><strong>Comissi\u00f3 de conviv\u00e8ncia:<\/strong> es reuneix sempre que calgui amb un m\u00ednim d&#8217;un cop per curs i t\u00e9 encomanades totes les tasques relacionades en garantir la igualtat d&#8217;oportunitats i l&#8217;\u00f2ptima conviv\u00e8ncia de tots els alumnes de l&#8217;escola. Est\u00e0 formada pel director, el secretari, el cap d&#8217;estudis, un representant de mestres i un de fam\u00edlies. Depenent de la tem\u00e0tica a tractar, per\u00f2, la convocat\u00f2ria s&#8217;amplia a tothom implicat.<\/li>\n<\/ul>\n<p>A banda d&#8217;aquestes comissions, del Consell Escolar tamb\u00e9 en depenen aquestes dues comissions:<\/p>\n<ul>\n<li>Comissi\u00f3 &#8220;Per la meva escola&#8221;: gestiona i aprova els ajuts escolars a les fam\u00edlies que es convoquen cada curs. Est\u00e0 formada per representants de l&#8217;equip directiu, de mestres, de fam\u00edlies, de l&#8217;ajuntament.<\/li>\n<li>Comissi\u00f3 de menjador: fa el seguiment i aporta propostes de millora al funcionament del menjador escolar.\u00a0 Est\u00e0 formada per representants de l&#8217;equip directiu, fam\u00edlies i mestres.<\/li>\n<\/ul>\n<p>&nbsp;<\/p>\n<p><span style=\"text-decoration: underline;\"><strong>ACTES DEL CONSELL ESCOLAR CURS 25-26<\/strong><\/span><\/p>\n<ul>\n<li><a href=\"https:\/\/drive.google.com\/file\/d\/1gXPOESFp9YuG8y4Fjsy-DBECK4GuAwu7\/view?usp=drive_link\">Acta del Consell escolar del 29 de setembre de 2025.<\/a><\/li>\n<li><a href=\"https:\/\/drive.google.com\/file\/d\/18gkMFOimasNzLky002TEBWFApdnOWUsy\/view?usp=drive_link\">Acta del Consell escolar del 25 de novembre de 2025.<\/a><\/li>\n<\/ul>\n<p>&nbsp;<\/p>\n<p><span style=\"text-decoration: underline;\"><strong>ACTES DEL CONSELL ESCOLAR CURS 24-25<\/strong><\/span><\/p>\n<ul>\n<li><a href=\"https:\/\/drive.google.com\/file\/d\/1vTc2xechIfDejPSaBVFhKlowukBDl0gb\/view?usp=sharing\">Acta del Consell escolar de l&#8217;1 d&#8217;octubre de 2024.<\/a><\/li>\n<li><a href=\"https:\/\/drive.google.com\/file\/d\/1vecZfaYEarFjzzn-L184WCtszIZ7xndI\/view?usp=sharing\">Acta del Consell escolar del 25 de novembre de 2024.<\/a><\/li>\n<li><a href=\"https:\/\/drive.google.com\/file\/d\/1jymsE866cIvloePGmAZxuDCafXDvYKdE\/view?usp=sharing\">Acta del Consell escolar del 21 de gener de 2025<\/a>.<\/li>\n<li><a href=\"https:\/\/drive.google.com\/file\/d\/1_3bHJmr9xLY-IbuUOIvoggSTy9Uvj1ey\/view?usp=sharing\">Acta del Consell escolar extraordinari del 21 de gener de 2025.<\/a><\/li>\n<li><a href=\"https:\/\/drive.google.com\/file\/d\/1XvP1kAKOzQFe8OBtTACkS3M_GKMTg-Gv\/view?usp=sharing\">Acta del Consell escolar del 26 de mar\u00e7 de 2025.<\/a><\/li>\n<li><a href=\"https:\/\/drive.google.com\/file\/d\/1LA9U3TFRohmKZfcb4oLd28_a784_rZBX\/view?usp=sharing\">Acta del Consell escolar extraordinari del 3 de juny de 2025.<\/a><\/li>\n<li><a href=\"https:\/\/drive.google.com\/file\/d\/1RTJA0V2SSMRNnBxRUHZIm2Wc_rh4s3jN\/view?usp=sharing\">Acta del Consell escolar del 26 de juny de 2025.<\/a><\/li>\n<\/ul>\n","protected":false},"excerpt":{"rendered":"<p>El Consell Escolar de l&#8217;escola \u00e9s l&#8217;\u00f2rgan de decisi\u00f3 de l&#8217;escola. Hi s\u00f3n representades les fam\u00edlies, els tres ajuntaments, el claustre de mestres i l&#8217;AFA. Es reuneix un m\u00ednim de 4 cops cada curs i hi ha tres comissions establertes que es poden reunir de&hellip;  <a href=\"https:\/\/agora.xtec.cat\/escfonollosa\/lescola\/consell-escolar\/\" title=\"Read Consell escolar\">Llegeix m\u00e9s\u00bb<\/a><\/p>\n","protected":false},"author":1,"featured_media":0,"parent":22,"menu_order":30,"comment_status":"closed","ping_status":"closed","template":"page-templates\/side-menu.php","meta":{"_bbp_topic_count":0,"_bbp_reply_count":0,"_bbp_total_topic_count":0,"_bbp_total_reply_count":0,"_bbp_voice_count":0,"_bbp_anonymous_reply_count":0,"_bbp_topic_count_hidden":0,"_bbp_reply_count_hidden":0,"_bbp_forum_subforum_count":0,"footnotes":""},"class_list":["post-28","page","type-page","status-publish","hentry"],"post_mailing_queue_ids":[],"_links":{"self":[{"href":"https:\/\/agora.xtec.cat\/escfonollosa\/wp-json\/wp\/v2\/pages\/28","targetHints":{"allow":["GET"]}}],"collection":[{"href":"https:\/\/agora.xtec.cat\/escfonollosa\/wp-json\/wp\/v2\/pages"}],"about":[{"href":"https:\/\/agora.xtec.cat\/escfonollosa\/wp-json\/wp\/v2\/types\/page"}],"author":[{"embeddable":true,"href":"https:\/\/agora.xtec.cat\/escfonollosa\/wp-json\/wp\/v2\/users\/1"}],"replies":[{"embeddable":true,"href":"https:\/\/agora.xtec.cat\/escfonollosa\/wp-json\/wp\/v2\/comments?post=28"}],"version-history":[{"count":7,"href":"https:\/\/agora.xtec.cat\/escfonollosa\/wp-json\/wp\/v2\/pages\/28\/revisions"}],"predecessor-version":[{"id":2869,"href":"https:\/\/agora.xtec.cat\/escfonollosa\/wp-json\/wp\/v2\/pages\/28\/revisions\/2869"}],"up":[{"embeddable":true,"href":"https:\/\/agora.xtec.cat\/escfonollosa\/wp-json\/wp\/v2\/pages\/22"}],"wp:attachment":[{"href":"https:\/\/agora.xtec.cat\/escfonollosa\/wp-json\/wp\/v2\/media?parent=28"}],"curies":[{"name":"wp","href":"https:\/\/api.w.org\/{rel}","templated":true}]}}

<p style="text-align: justify;">El Consell Escolar de l&#8217;escola és l&#8217;òrgan de decisió de l&#8217;escola. Hi són representades les famílies, els tres ajuntaments, el claustre de mestres i l&#8217;AFA. Es reuneix un mínim de 4 cops cada curs i hi ha tres comissions establertes que es poden reunir de a part de les convocatòries de plenari:</p>
<ul>
<li style="text-align: justify;"><strong>Comissió econòmica:</strong> vetlla per la viabilitat econòmica de tots els projectes. Està formada pel director, el secretari, un representant de mestres i un representant de famílies</li>
<li style="text-align: justify;"><strong>Comissió permanent:</strong> es reuneix entre plenaris per assumptes urgents i sobrevinguts. Està formada pel director, el secretari, el cap d&#8217;estudis, un representant de famílies i un representant de mestres.</li>
<li style="text-align: justify;"><strong>Comissió de convivència:</strong> es reuneix sempre que calgui amb un mínim d&#8217;un cop per curs i té encomanades totes les tasques relacionades en garantir la igualtat d&#8217;oportunitats i l&#8217;òptima convivència de tots els alumnes de l&#8217;escola. Està formada pel director, el secretari, el cap d&#8217;estudis, un representant de mestres i un de famílies. Depenent de la temàtica a tractar, però, la convocatòria s&#8217;amplia a tothom implicat.</li>
</ul>
<p>A banda d&#8217;aquestes comissions, del Consell Escolar també en depenen aquestes dues comissions:</p>
<ul>
<li>Comissió &#8220;Per la meva escola&#8221;: gestiona i aprova els ajuts escolars a les famílies que es convoquen cada curs. Està formada per representants de l&#8217;equip directiu, de mestres, de famílies, de l&#8217;ajuntament.</li>
<li>Comissió de menjador: fa el seguiment i aporta propostes de millora al funcionament del menjador escolar.  Està formada per representants de l&#8217;equip directiu, famílies i mestres.</li>
</ul>
<p>&nbsp;</p>
<p><span style="text-decoration: underline;"><strong>ACTES DEL CONSELL ESCOLAR CURS 25-26</strong></span></p>
<ul>
<li><a href="https://drive.google.com/file/d/1gXPOESFp9YuG8y4Fjsy-DBECK4GuAwu7/view?usp=drive_link">Acta del Consell escolar del 29 de setembre de 2025.</a></li>
<li><a href="https://drive.google.com/file/d/18gkMFOimasNzLky002TEBWFApdnOWUsy/view?usp=drive_link">Acta del Consell escolar del 25 de novembre de 2025.</a></li>
</ul>
<p>&nbsp;</p>
<p><span style="text-decoration: underline;"><strong>ACTES DEL CONSELL ESCOLAR CURS 24-25</strong></span></p>
<ul>
<li><a href="https://drive.google.com/file/d/1vTc2xechIfDejPSaBVFhKlowukBDl0gb/view?usp=sharing">Acta del Consell escolar de l&#8217;1 d&#8217;octubre de 2024.</a></li>
<li><a href="https://drive.google.com/file/d/1vecZfaYEarFjzzn-L184WCtszIZ7xndI/view?usp=sharing">Acta del Consell escolar del 25 de novembre de 2024.</a></li>
<li><a href="https://drive.google.com/file/d/1jymsE866cIvloePGmAZxuDCafXDvYKdE/view?usp=sharing">Acta del Consell escolar del 21 de gener de 2025</a>.</li>
<li><a href="https://drive.google.com/file/d/1_3bHJmr9xLY-IbuUOIvoggSTy9Uvj1ey/view?usp=sharing">Acta del Consell escolar extraordinari del 21 de gener de 2025.</a></li>
<li><a href="https://drive.google.com/file/d/1XvP1kAKOzQFe8OBtTACkS3M_GKMTg-Gv/view?usp=sharing">Acta del Consell escolar del 26 de març de 2025.</a></li>
<li><a href="https://drive.google.com/file/d/1LA9U3TFRohmKZfcb4oLd28_a784_rZBX/view?usp=sharing">Acta del Consell escolar extraordinari del 3 de juny de 2025.</a></li>
<li><a href="https://drive.google.com/file/d/1RTJA0V2SSMRNnBxRUHZIm2Wc_rh4s3jN/view?usp=sharing">Acta del Consell escolar del 26 de juny de 2025.</a></li>
</ul>

<p>El Consell Escolar de l&#8217;escola és l&#8217;òrgan de decisió de l&#8217;escola. Hi són representades les famílies, els tres ajuntaments, el claustre de mestres i l&#8217;AFA. Es reuneix un mínim de 4 cops cada curs i hi ha tres comissions establertes que es poden reunir de&hellip;  <a href="https://agora.xtec.cat/escfonollosa/lescola/consell-escolar/" title="Read Consell escolar">Llegeix més»</a></p>
