{"id":26,"date":"2014-09-18T12:24:32","date_gmt":"2014-09-18T11:24:32","guid":{"rendered":"http:\/\/agora.xtec.cat\/escferreriguardiagranollers\/?page_id=26"},"modified":"2016-04-04T14:28:07","modified_gmt":"2016-04-04T13:28:07","slug":"historia","status":"publish","type":"page","link":"https:\/\/agora.xtec.cat\/escferreriguardiagranollers\/lescola\/historia\/","title":{"rendered":"Hist\u00f2ria"},"content":{"rendered":"<p><strong>L&#8217;ESCOLA<\/strong><\/p>\n<p><strong>L\u2019escola Ferrer i Gu\u00e0rdia <\/strong>\u00e9s un centre d\u2019educaci\u00f3 infantil i prim\u00e0ria situat en el barri Sota el Cam\u00ed Ral, al costat de la zona esportiva de la ciutat, i que compta amb un nou edifici constru\u00eft per en Jordi Badia de l\u2019estudi BAAS a l\u2019any 2006. Finalista del premi FAD de l\u2019any 2007.<\/p>\n<p><img loading=\"lazy\" decoding=\"async\" class=\"aligncenter size-medium wp-image-155\" src=\"http:\/\/blocs.xtec.cat\/escolaferreriguardia\/files\/2009\/11\/entrada11-300x201.jpg\" alt=\"entrada11\" width=\"300\" height=\"201\" \/><\/p>\n<p>\u00c9s un edifici de tres plantes de f\u00e0cil acc\u00e9s, i \u00a0la planta baixa est\u00e0 reservada per l\u2019alumnat m\u00e9s petit: hi ha les aules de P3, P4 i P5, aula de jocs i de pl\u00e0stica. Disposa tamb\u00e9 de biblioteca, aules polivalents, aules de treball per a grups redu\u00efts, gimn\u00e0s, vestidors i pista esportiva, patis amb porxos diferenciats per educaci\u00f3 infantil i educaci\u00f3 prim\u00e0ria, cuina i menjador.<\/p>\n<p><span lang=\"CA\">L\u2019escola forma part de la xarxa de centres amb Plans Estrat\u00e8gics de promoci\u00f3 de l\u2019Autonomia i per a la Millora de la Qualitat atorgats pel Departament d\u2019Educaci\u00f3 de la Generalitat de Catalunya.<\/span><\/p>\n<p><span lang=\"CA\">El Pla d\u2019Autonomia promou la reflexi\u00f3 constant de l\u2019equip de mestres, la formaci\u00f3 col\u00b7lectiva i estimula la innovaci\u00f3, fets \u2013tots tres- que ens permeten avan\u00e7ar cap a la consecuci\u00f3 d\u2019objectius comuns.<\/span><\/p>\n<p><strong>A l\u2019escola<\/strong> treballem perqu\u00e8 els nens i les nenes facin un proc\u00e9s d\u2019aprenentatge desenvolupant al m\u00e0xim les seves capacitats.<\/p>\n<p>Potenciem la relaci\u00f3 entre iguals i entre grans i petits com a font d\u2019aprenentatge, i la col\u00b7laboraci\u00f3 en tasques comunes com a assumpci\u00f3 de responsabilitats.<\/p>\n<p><strong>Eduquem a partir de:<\/strong><\/p>\n<p>\u2013 Donar valor a la llengua com a element de comunicaci\u00f3 i factor de cohesi\u00f3 social.<\/p>\n<p>\u2013 Donar a con\u00e8ixer les tradicions i la cultura del nostre pa\u00eds.<\/p>\n<p>\u2013 Fer sortides i col\u00f2nies que ens permeten con\u00e8ixer l\u2019entorn natural i educar la sensibilitat.<\/p>\n<p>-La representaci\u00f3 d\u2019obres de teatre en les que participen tots els alumnes.<\/p>\n<p>\u2013 El cultiu dels horts.<\/p>\n<p>-La implicaci\u00f3 i la participaci\u00f3 en la vida ciutadana.<\/p>\n<p>-L\u2019educaci\u00f3 dels h\u00e0bits alimentaris i de salut.<\/p>\n<p><span lang=\"CA\"><strong>Fomentem l\u2019adquisici\u00f3 de valors a partir de la pr\u00e0ctica di\u00e0ria i en relaci\u00f3 amb cada una de les activitats i projectes que portem a terme.<\/strong><\/span><\/p>\n<p><img loading=\"lazy\" decoding=\"async\" class=\" size-medium wp-image-158 aligncenter\" src=\"http:\/\/blocs.xtec.cat\/escolaferreriguardia\/files\/2009\/11\/entrada20pati-300x125.jpg\" alt=\"entrada20pati\" width=\"300\" height=\"125\" \/><\/p>\n","protected":false},"excerpt":{"rendered":"<p>L&#8217;ESCOLA<br \/>\nL\u2019escola Ferrer i Gu\u00e0rdia \u00e9s un centre d\u2019educaci\u00f3 infantil i prim\u00e0ria situat en el barri Sota el Cam\u00ed Ral, al costat de la zona esportiva de la ciutat, i que compta amb un nou edifici constru\u00eft per en Jordi Badia de l\u2019estudi BAAS a l\u2019any&hellip;  <a href=\"https:\/\/agora.xtec.cat\/escferreriguardiagranollers\/lescola\/historia\/\" title=\"Read Hist\u00f2ria\">Llegeix m\u00e9s\u00bb<\/a><\/p>\n","protected":false},"author":1,"featured_media":0,"parent":22,"menu_order":20,"comment_status":"closed","ping_status":"closed","template":"page-templates\/side-menu.php","meta":{"_bbp_topic_count":0,"_bbp_reply_count":0,"_bbp_total_topic_count":0,"_bbp_total_reply_count":0,"_bbp_voice_count":0,"_bbp_anonymous_reply_count":0,"_bbp_topic_count_hidden":0,"_bbp_reply_count_hidden":0,"_bbp_forum_subforum_count":0,"footnotes":""},"class_list":["post-26","page","type-page","status-publish","hentry"],"post_mailing_queue_ids":[],"_links":{"self":[{"href":"https:\/\/agora.xtec.cat\/escferreriguardiagranollers\/wp-json\/wp\/v2\/pages\/26","targetHints":{"allow":["GET"]}}],"collection":[{"href":"https:\/\/agora.xtec.cat\/escferreriguardiagranollers\/wp-json\/wp\/v2\/pages"}],"about":[{"href":"https:\/\/agora.xtec.cat\/escferreriguardiagranollers\/wp-json\/wp\/v2\/types\/page"}],"author":[{"embeddable":true,"href":"https:\/\/agora.xtec.cat\/escferreriguardiagranollers\/wp-json\/wp\/v2\/users\/1"}],"replies":[{"embeddable":true,"href":"https:\/\/agora.xtec.cat\/escferreriguardiagranollers\/wp-json\/wp\/v2\/comments?post=26"}],"version-history":[{"count":3,"href":"https:\/\/agora.xtec.cat\/escferreriguardiagranollers\/wp-json\/wp\/v2\/pages\/26\/revisions"}],"predecessor-version":[{"id":450,"href":"https:\/\/agora.xtec.cat\/escferreriguardiagranollers\/wp-json\/wp\/v2\/pages\/26\/revisions\/450"}],"up":[{"embeddable":true,"href":"https:\/\/agora.xtec.cat\/escferreriguardiagranollers\/wp-json\/wp\/v2\/pages\/22"}],"wp:attachment":[{"href":"https:\/\/agora.xtec.cat\/escferreriguardiagranollers\/wp-json\/wp\/v2\/media?parent=26"}],"curies":[{"name":"wp","href":"https:\/\/api.w.org\/{rel}","templated":true}]}}

Història

<p><strong>L&#8217;ESCOLA</strong></p>
<p><strong>L’escola Ferrer i Guàrdia </strong>és un centre d’educació infantil i primària situat en el barri Sota el Camí Ral, al costat de la zona esportiva de la ciutat, i que compta amb un nou edifici construït per en Jordi Badia de l’estudi BAAS a l’any 2006. Finalista del premi FAD de l’any 2007.</p>
<p><img loading="lazy" decoding="async" class="aligncenter size-medium wp-image-155" src="http://blocs.xtec.cat/escolaferreriguardia/files/2009/11/entrada11-300x201.jpg" alt="entrada11" width="300" height="201" /></p>
<p>És un edifici de tres plantes de fàcil accés, i  la planta baixa està reservada per l’alumnat més petit: hi ha les aules de P3, P4 i P5, aula de jocs i de plàstica. Disposa també de biblioteca, aules polivalents, aules de treball per a grups reduïts, gimnàs, vestidors i pista esportiva, patis amb porxos diferenciats per educació infantil i educació primària, cuina i menjador.</p>
<p><span lang="CA">L’escola forma part de la xarxa de centres amb Plans Estratègics de promoció de l’Autonomia i per a la Millora de la Qualitat atorgats pel Departament d’Educació de la Generalitat de Catalunya.</span></p>
<p><span lang="CA">El Pla d’Autonomia promou la reflexió constant de l’equip de mestres, la formació col·lectiva i estimula la innovació, fets –tots tres- que ens permeten avançar cap a la consecució d’objectius comuns.</span></p>
<p><strong>A l’escola</strong> treballem perquè els nens i les nenes facin un procés d’aprenentatge desenvolupant al màxim les seves capacitats.</p>
<p>Potenciem la relació entre iguals i entre grans i petits com a font d’aprenentatge, i la col·laboració en tasques comunes com a assumpció de responsabilitats.</p>
<p><strong>Eduquem a partir de:</strong></p>
<p>– Donar valor a la llengua com a element de comunicació i factor de cohesió social.</p>
<p>– Donar a conèixer les tradicions i la cultura del nostre país.</p>
<p>– Fer sortides i colònies que ens permeten conèixer l’entorn natural i educar la sensibilitat.</p>
<p>-La representació d’obres de teatre en les que participen tots els alumnes.</p>
<p>– El cultiu dels horts.</p>
<p>-La implicació i la participació en la vida ciutadana.</p>
<p>-L’educació dels hàbits alimentaris i de salut.</p>
<p><span lang="CA"><strong>Fomentem l’adquisició de valors a partir de la pràctica diària i en relació amb cada una de les activitats i projectes que portem a terme.</strong></span></p>
<p><img loading="lazy" decoding="async" class=" size-medium wp-image-158 aligncenter" src="http://blocs.xtec.cat/escolaferreriguardia/files/2009/11/entrada20pati-300x125.jpg" alt="entrada20pati" width="300" height="125" /></p>

<p>L&#8217;ESCOLA<br />
L’escola Ferrer i Guàrdia és un centre d’educació infantil i primària situat en el barri Sota el Camí Ral, al costat de la zona esportiva de la ciutat, i que compta amb un nou edifici construït per en Jordi Badia de l’estudi BAAS a l’any&hellip;  <a href="https://agora.xtec.cat/escferreriguardiagranollers/lescola/historia/" title="Read Història">Llegeix més»</a></p>
