{"id":77,"date":"2014-09-18T14:05:08","date_gmt":"2014-09-18T12:05:08","guid":{"rendered":"http:\/\/agora.xtec.cat\/escferransunyer\/?page_id=77"},"modified":"2023-09-04T15:08:26","modified_gmt":"2023-09-04T13:08:26","slug":"acollida","status":"publish","type":"page","link":"https:\/\/agora.xtec.cat\/escferransunyer\/serveis\/acollida\/","title":{"rendered":"Acollida"},"content":{"rendered":"<p>Servei gestionat pel l&#8217;Associaci\u00f3 Esportiva L&#8217;Eixample i l&#8217;AMPA de l&#8217;escola.<a href=\"https:\/\/agora.xtec.cat\/escferransunyer\/wp-content\/uploads\/usu431\/2020\/02\/kisspng-child-care-computer-icons-portable-network-graphic-5c8b1e22cc8ea2.6990588215526210908379.jpg\"><img loading=\"lazy\" decoding=\"async\" class=\"alignleft wp-image-6904\" src=\"https:\/\/agora.xtec.cat\/escferransunyer\/wp-content\/uploads\/usu431\/2020\/02\/kisspng-child-care-computer-icons-portable-network-graphic-5c8b1e22cc8ea2.6990588215526210908379-300x300.jpg\" alt=\"\" width=\"219\" height=\"219\" srcset=\"https:\/\/agora.xtec.cat\/escferransunyer\/wp-content\/uploads\/usu431\/2020\/02\/kisspng-child-care-computer-icons-portable-network-graphic-5c8b1e22cc8ea2.6990588215526210908379-300x300.jpg 300w, https:\/\/agora.xtec.cat\/escferransunyer\/wp-content\/uploads\/usu431\/2020\/02\/kisspng-child-care-computer-icons-portable-network-graphic-5c8b1e22cc8ea2.6990588215526210908379-150x150.jpg 150w, https:\/\/agora.xtec.cat\/escferransunyer\/wp-content\/uploads\/usu431\/2020\/02\/kisspng-child-care-computer-icons-portable-network-graphic-5c8b1e22cc8ea2.6990588215526210908379-768x768.jpg 768w, https:\/\/agora.xtec.cat\/escferransunyer\/wp-content\/uploads\/usu431\/2020\/02\/kisspng-child-care-computer-icons-portable-network-graphic-5c8b1e22cc8ea2.6990588215526210908379.jpg 900w\" sizes=\"auto, (max-width: 219px) 100vw, 219px\" \/><\/a><\/p>\n<table>\n<tbody>\n<tr>\n<td style=\"text-align: center;\"><strong>Coordinadora<\/strong><\/td>\n<td>Olga<\/td>\n<\/tr>\n<tr>\n<td><strong>Horari d&#8217;atenci\u00f3 al p\u00fablic<\/strong><\/td>\n<td>Dilluns i dijous de 16,45h a 18.30h<\/td>\n<\/tr>\n<tr>\n<td><strong>TEL\u00c8FON<\/strong><\/td>\n<td>661401114<\/td>\n<\/tr>\n<\/tbody>\n<\/table>\n<p>Aqu\u00ed teniu l&#8217;enlla\u00e7 amb la informaci\u00f3 sobre horaris i preus del servei d&#8217;acollida<\/p>\n","protected":false},"excerpt":{"rendered":"<p>Servei gestionat pel l&#8217;Associaci\u00f3 Esportiva L&#8217;Eixample i l&#8217;AMPA de l&#8217;escola.<a href=\"https:\/\/agora.xtec.cat\/escferransunyer\/wp-content\/uploads\/usu431\/2020\/02\/kisspng-child-care-computer-icons-portable-network-graphic-5c8b1e22cc8ea2.6990588215526210908379.jpg\"><\/a><\/p>\n<p>Coordinadora<br \/>\nOlga<\/p>\n<p>Horari d&#8217;atenci\u00f3 al p\u00fablic<br \/>\nDilluns i dijous de 16,45h a 18.30h<\/p>\n<p>TEL\u00c8FON<br \/>\n661401114<\/p>\n<p>Aqu\u00ed teniu l&#8217;enlla\u00e7 amb la informaci\u00f3 sobre horaris i preus del servei d&#8217;acollida<\/p>\n","protected":false},"author":2,"featured_media":0,"parent":66,"menu_order":10,"comment_status":"closed","ping_status":"closed","template":"page-templates\/side-menu.php","meta":{"_bbp_topic_count":0,"_bbp_reply_count":0,"_bbp_total_topic_count":0,"_bbp_total_reply_count":0,"_bbp_voice_count":0,"_bbp_anonymous_reply_count":0,"_bbp_topic_count_hidden":0,"_bbp_reply_count_hidden":0,"_bbp_forum_subforum_count":0,"footnotes":""},"class_list":["post-77","page","type-page","status-publish","hentry"],"post_mailing_queue_ids":[],"_links":{"self":[{"href":"https:\/\/agora.xtec.cat\/escferransunyer\/wp-json\/wp\/v2\/pages\/77","targetHints":{"allow":["GET"]}}],"collection":[{"href":"https:\/\/agora.xtec.cat\/escferransunyer\/wp-json\/wp\/v2\/pages"}],"about":[{"href":"https:\/\/agora.xtec.cat\/escferransunyer\/wp-json\/wp\/v2\/types\/page"}],"author":[{"embeddable":true,"href":"https:\/\/agora.xtec.cat\/escferransunyer\/wp-json\/wp\/v2\/users\/2"}],"replies":[{"embeddable":true,"href":"https:\/\/agora.xtec.cat\/escferransunyer\/wp-json\/wp\/v2\/comments?post=77"}],"version-history":[{"count":4,"href":"https:\/\/agora.xtec.cat\/escferransunyer\/wp-json\/wp\/v2\/pages\/77\/revisions"}],"predecessor-version":[{"id":13053,"href":"https:\/\/agora.xtec.cat\/escferransunyer\/wp-json\/wp\/v2\/pages\/77\/revisions\/13053"}],"up":[{"embeddable":true,"href":"https:\/\/agora.xtec.cat\/escferransunyer\/wp-json\/wp\/v2\/pages\/66"}],"wp:attachment":[{"href":"https:\/\/agora.xtec.cat\/escferransunyer\/wp-json\/wp\/v2\/media?parent=77"}],"curies":[{"name":"wp","href":"https:\/\/api.w.org\/{rel}","templated":true}]}}