{"id":6615,"date":"2020-02-12T00:10:58","date_gmt":"2020-02-11T23:10:58","guid":{"rendered":"http:\/\/agora.xtec.cat\/escferransunyer\/?page_id=6615"},"modified":"2025-05-22T15:37:55","modified_gmt":"2025-05-22T13:37:55","slug":"beques","status":"publish","type":"page","link":"https:\/\/agora.xtec.cat\/escferransunyer\/lescola\/secretaria\/beques\/","title":{"rendered":"Ajuts individuals de menjador"},"content":{"rendered":"<h2 style=\"text-align: center;\"><\/h2>\n<p>.<img loading=\"lazy\" decoding=\"async\" class=\"aligncenter\" src=\"https:\/\/agora.xtec.cat\/sanfeliu\/wp-content\/uploads\/usu2409\/2024\/05\/Sin-titulo-Poster-horizontal-2-300x212.png\" width=\"374\" height=\"264\" \/><\/p>\n<ul>\n<li>\n<div class=\"lead\">\n<p>L&#8217;alumnat d&#8217;I3 a 4t d&#8217;ESO escolaritzat en centres p\u00fablics i concertats de fam\u00edlies amb ingressos per sota dels llindars establerts a la convocat\u00f2ria pot sol\u00b7licitar l&#8217;ajut individual de menjador a trav\u00e9s del seu centre educatiu. A la ciutat de Barcelona aquests ajuts els gestiona el Consorci d\u2019Educaci\u00f3 de Barcelona, mitjan\u00e7ant convocat\u00f2ria p\u00fablica.<\/p>\n<\/div>\n<div class=\"\">\n<div class=\"\">\n<div class=\"content alumnat\">\n<h2>Convocat\u00f2ria d&#8217;ajuts individuals de menjador. Curs 2025-2026<\/h2>\n<p>S\u2019atorguen ajuts ordinaris del 70% i tamb\u00e9 extraordinaris fins a un m\u00e0xim de 100%<\/p>\n<ul>\n<li>Es pot sol\u00b7licitar l\u2019ajut tenint en compte els ingressos familiars corresponents a la renda 2024.<\/li>\n<li>S\u2019estableix un llindar per sobre del qual no es poden sol\u00b7licitar ajuts a fi de dedicar els ajuts als trams de rendes m\u00e9s baixes. Es pren com a refer\u00e8ncia el llindar de la pobresa establert a l\u2019IDESCAT. Aquesta mesura va ser aprovada pel Parlament de Catalunya a la Resoluci\u00f3 11\/17.<\/li>\n<\/ul>\n<h3>Presentaci\u00f3 de sol\u00b7licituds<\/h3>\n<p>Les sol\u00b7licituds es presentaran a trav\u00e9s d&#8217;un formulari telem\u00e0tic adre\u00e7at a l&#8217;alumnat que estigui matriculat o preinscrit per al curs 2025-2026, en un per\u00edode inicial i quatre per\u00edodes oberts de sol\u00b7licituds:<\/p>\n<ul>\n<li><strong>Per\u00edode inicial (maig-juny): entre el 19 de maig i el 20 de juny de 2025<\/strong>, ambd\u00f3s inclosos. El termini per presentar la documentaci\u00f3 al centre, si escau, \u00e9s fins al 20 de juny.<\/li>\n<li>Un cop finalitzat el per\u00edode de juny, s\u2019establiran per\u00edodes oberts de presentaci\u00f3 de sol\u00b7licituds (noves peticions, alumnat nou vingut i situacions sobrevingudes)\n<ul>\n<li><strong>Primer per\u00edode obert<\/strong>\u00a0de presentaci\u00f3 de sol\u00b7licituds:<strong>\u00a0entre el 8 i el 24 de setembre de 2025<\/strong>, ambd\u00f3s inclosos.<\/li>\n<li><strong>Segon per\u00edode obert<\/strong>\u00a0de presentaci\u00f3 de sol\u00b7licituds:\u00a0<strong>entre el 25 de setembre i el 30 de novembre de 2025,<\/strong>\u00a0ambd\u00f3s inclosos.<\/li>\n<li><strong>Tercer per\u00edode obert<\/strong>\u00a0de presentaci\u00f3 de sol\u00b7licituds:\u00a0<strong>entre l&#8217;1 de desembre de 2025 i l&#8217;1 de mar\u00e7 de 2026<\/strong>, ambd\u00f3s inclosos.<\/li>\n<li><strong>Quart per\u00edode obert<\/strong>\u00a0de presentaci\u00f3 de sol\u00b7licituds:\u00a0<strong>entre el 2 de mar\u00e7\u00a0 de 2026 i fins l&#8217;\u00faltim dia que s&#8217;admetin noves admissions del curs 2025-2026.<\/strong><\/li>\n<\/ul>\n<\/li>\n<\/ul>\n<h3>Suport a les fam\u00edlies<\/h3>\n<ol>\n<li dir=\"ltr\">\n<p dir=\"ltr\" role=\"presentation\">Centres educatius (amb cita pr\u00e8via)<\/p>\n<\/li>\n<\/ol>\n<ol start=\"2\">\n<li dir=\"ltr\">\n<p dir=\"ltr\" role=\"presentation\">Internet:\u00a0 www.edubcn.cat\u00a0 Alumnat i fam\u00edlies &gt; Ajuts i beques &gt; <a href=\"https:\/\/www.edubcn.cat\/ca\/alumnat_i_familia\/ajuts_beques_i_subvencions\/ajuts_de_menjador_escolar\" target=\"_blank\" rel=\"noopener\">Ajuts de menjador escolar<\/a><\/p>\n<\/li>\n<\/ol>\n<p dir=\"ltr\">Videoatenci\u00f3 (amb cita pr\u00e8via): <a href=\"https:\/\/videoatencio.gencat.cat\/CEB\" target=\"_blank\" rel=\"noopener\" data-saferedirecturl=\"https:\/\/www.google.com\/url?q=https:\/\/videoatencio.gencat.cat\/CEB&amp;source=gmail&amp;ust=1747470578944000&amp;usg=AOvVaw0HtjU1Su1rKC0q9t2PCh2O\">https:\/\/videoatencio.gencat.<wbr \/>cat\/CEB<\/a><\/p>\n<ol start=\"3\">\n<li dir=\"ltr\">\n<p dir=\"ltr\" role=\"presentation\">Presencialment a:<\/p>\n<\/li>\n<\/ol>\n<p dir=\"ltr\">Oficines del Consorci d&#8217;Educaci\u00f3 de Barcelona (preferentment, amb cita pr\u00e8via)\u00a0 Seu del CEB (C. Roger de Ll\u00faria, 3)\u00a0 \u00a0Telf.\u00a0 93 551 10 00<\/p>\n<p dir=\"ltr\">OME Ciutat Vella &#8211; Placeta del Pi, 2 (amb cita pr\u00e8via) Trucant al 012<\/p>\n<ul>\n<li><a href=\"https:\/\/www.edubcn.cat\/rcs_gene\/extra\/02_ajuts_de_menjador_2025_2026\/Motius_de_denegacio_2025-26.pdf\">Motius de denegaci\u00f3 dels ajuts de menjador<\/a>, PDF<\/li>\n<li><a href=\"https:\/\/www.edubcn.cat\/rcs_gene\/extra\/02_ajuts_de_menjador_2025_2026\/fullet_ajutsmenjador_25_26_CAT.pdf\" target=\"_blank\" rel=\"noopener\">Full informatiu de la convocat\u00f2ria 2025-2026<\/a>, PDF<\/li>\n<\/ul>\n<h3>Fer la sol\u00b7licitud telem\u00e0tica<\/h3>\n<ul>\n<li><strong><a href=\"https:\/\/ajutsmenjador.ceb.gencat.cat\/\" target=\"_blank\" rel=\"noopener\">Formulari de sol\u00b7licitud d&#8217;ajuts de menjador<\/a>.(a partir del dia 19 de maig)<\/strong><\/li>\n<li><a href=\"https:\/\/www.edubcn.cat\/ca\/alumnat_i_familia\/ajuts_beques_i_subvencions\/ajuts_de_menjador_escolar\/video_pas_a_pas\">Videos tutorials per signar electr\u00f2nicament la sol\u00b7licitud d&#8217;ajut de menjador<\/a><\/li>\n<\/ul>\n<\/div>\n<\/div>\n<\/div>\n<\/li>\n<\/ul>\n","protected":false},"excerpt":{"rendered":"<p>.<\/p>\n<ul>\n<li>\n<p>L&#8217;alumnat d&#8217;I3 a 4t d&#8217;ESO escolaritzat en centres p\u00fablics i concertats de fam\u00edlies amb ingressos per sota dels llindars establerts a la convocat\u00f2ria pot sol\u00b7licitar l&#8217;ajut individual de menjador a trav\u00e9s del seu centre educatiu. A la ciutat de Barcelona aquests ajuts els gestiona el&hellip;  <a href=\"https:\/\/agora.xtec.cat\/escferransunyer\/lescola\/secretaria\/beques\/\" title=\"Read Ajuts individuals de menjador\">Llegeix m\u00e9s\u00bb<\/a><\/p>\n","protected":false},"author":1,"featured_media":0,"parent":6609,"menu_order":30,"comment_status":"closed","ping_status":"closed","template":"page-templates\/side-menu.php","meta":{"_bbp_topic_count":0,"_bbp_reply_count":0,"_bbp_total_topic_count":0,"_bbp_total_reply_count":0,"_bbp_voice_count":0,"_bbp_anonymous_reply_count":0,"_bbp_topic_count_hidden":0,"_bbp_reply_count_hidden":0,"_bbp_forum_subforum_count":0,"footnotes":""},"class_list":["post-6615","page","type-page","status-publish","hentry"],"post_mailing_queue_ids":[],"_links":{"self":[{"href":"https:\/\/agora.xtec.cat\/escferransunyer\/wp-json\/wp\/v2\/pages\/6615","targetHints":{"allow":["GET"]}}],"collection":[{"href":"https:\/\/agora.xtec.cat\/escferransunyer\/wp-json\/wp\/v2\/pages"}],"about":[{"href":"https:\/\/agora.xtec.cat\/escferransunyer\/wp-json\/wp\/v2\/types\/page"}],"author":[{"embeddable":true,"href":"https:\/\/agora.xtec.cat\/escferransunyer\/wp-json\/wp\/v2\/users\/1"}],"replies":[{"embeddable":true,"href":"https:\/\/agora.xtec.cat\/escferransunyer\/wp-json\/wp\/v2\/comments?post=6615"}],"version-history":[{"count":6,"href":"https:\/\/agora.xtec.cat\/escferransunyer\/wp-json\/wp\/v2\/pages\/6615\/revisions"}],"predecessor-version":[{"id":14595,"href":"https:\/\/agora.xtec.cat\/escferransunyer\/wp-json\/wp\/v2\/pages\/6615\/revisions\/14595"}],"up":[{"embeddable":true,"href":"https:\/\/agora.xtec.cat\/escferransunyer\/wp-json\/wp\/v2\/pages\/6609"}],"wp:attachment":[{"href":"https:\/\/agora.xtec.cat\/escferransunyer\/wp-json\/wp\/v2\/media?parent=6615"}],"curies":[{"name":"wp","href":"https:\/\/api.w.org\/{rel}","templated":true}]}}