{"id":6611,"date":"2020-02-12T00:10:15","date_gmt":"2020-02-11T23:10:15","guid":{"rendered":"http:\/\/agora.xtec.cat\/escferransunyer\/?page_id=6611"},"modified":"2026-03-03T13:06:25","modified_gmt":"2026-03-03T12:06:25","slug":"preinscripcio","status":"publish","type":"page","link":"https:\/\/agora.xtec.cat\/escferransunyer\/lescola\/secretaria\/preinscripcio\/","title":{"rendered":"Preinscripci\u00f3"},"content":{"rendered":"<h1 style=\"text-align: center;\">CALENDARI PREINSCRIPCI\u00d3 I MATR\u00cdCULA 26-27<\/h1>\n<p><a href=\"https:\/\/www.edubcn.cat\/ca\/alumnat_i_familia\/informacio_general_matriculacio\/sessions_informatives_per_a_les_families\" target=\"_blank\" rel=\"noopener\"><strong>Sessions informatives<\/strong><\/a> per a les fam\u00edlies amb fills i filles que iniciaran l&#8217;escolaritat a I3 el curs 2026-2027<\/p>\n<p><a href=\"https:\/\/drive.google.com\/file\/d\/1MX4kaxUzkMUVVQ2x3G0fTmS0BaABII4h\/view?usp=drive_link\" target=\"_blank\" rel=\"noopener\"><strong>Oferta inicial de places\u00a0<\/strong><\/a><\/p>\n<table class=\"period-calendar\">\n<caption>Preinscripci\u00f3<\/caption>\n<tbody>\n<tr class=\"period-future\">\n<th scope=\"row\"><span class=\"sr-only\">des del<\/span><span class=\"period-ini\">4\/03<\/span><span class=\"sr-only\">fins al 18<\/span><span class=\"period-fi\">\/03<\/span><\/th>\n<td colspan=\"1\">\n<h3><strong>Educaci\u00f3 infantil (3-6 anys), educaci\u00f3 prim\u00e0ria i educaci\u00f3 secund\u00e0ria obligat\u00f2ria<\/strong><\/h3>\n<p><strong>Presentaci\u00f3 de sol\u00b7licituds:<\/strong><\/p>\n<ul>\n<li><strong>Educaci\u00f3 infantil (3-6 anys) i educaci\u00f3 prim\u00e0ria:<\/strong>\u00a0del 4 al 18 de mar\u00e7 de 2026<\/li>\n<li><strong>Educaci\u00f3 secund\u00e0ria obligat\u00f2ria:<\/strong>\u00a0del 6 al 18 de mar\u00e7 de 2026<\/li>\n<\/ul>\n<p>\u00c9s molt important respectar les dates, perqu\u00e8 les sol\u00b7licituds que es presentin fora d&#8217;aquest termini perdran totes les prioritats que haurien pogut tenir a l&#8217;hora d&#8217;obtenir la pla\u00e7a. Els criteris de prioritat serveixen per donar una puntuaci\u00f3 a cada sol\u00b7licitud. D&#8217;aquesta manera s&#8217;estableix l&#8217;ordre d&#8217;acc\u00e9s a les places de cada centre. Cal presentar la sol\u00b7licitud i adjuntar-hi la documentaci\u00f3 d&#8217;identificaci\u00f3 o de criteris que correspongui.<\/p>\n<h6><em>(ENCARA NO EST\u00c0 ACTIVAT PEL CURS 26-27)<\/em><\/h6>\n<ul>\n<li><a href=\"https:\/\/preinscripcio.gencat.cat\/ca\/estudis\/infantil-3-6\/preinscriute\/sollicitud\/\" target=\"_blank\" rel=\"noopener\">Educaci\u00f3 infantil (3-6 anys)<\/a><\/li>\n<li><a href=\"https:\/\/preinscripcio.gencat.cat\/ca\/estudis\/primaria\/preinscriute\/sollicitud\/\">Educaci\u00f3 prim\u00e0ria (6-12 anys)<\/a><\/li>\n<li><a href=\"https:\/\/preinscripcio.gencat.cat\/ca\/estudis\/eso\/preinscriute\/sollicitud\/\">Educaci\u00f3 secund\u00e0ria obligat\u00f2ria (12-16 anys)<\/a><\/li>\n<\/ul>\n<\/td>\n<\/tr>\n<tr class=\"period-future\">\n<th scope=\"row\"><\/th>\n<td colspan=\"1\"><strong>Publicaci\u00f3 de la llista de sol\u00b7licituds de preinscripci\u00f3 al centre amb la puntuaci\u00f3 provisional: <span style=\"color: #ff0000;\">DATA<\/span> <span style=\"color: #ff0000;\">PENDENT DE CONCRETAR<\/span><\/strong><\/p>\n<p>Un cop acabat el per\u00edode de presentaci\u00f3 de sol\u00b7licituds,\u00a0els centres\u00a0educatius estudien cadascuna de les peticions que han rebut:\u00a0n\u2019analitzen les dades, els criteris de prioritat que les fam\u00edlies demanen que es tinguin en compte, i tamb\u00e9 els documents justificatius. Tot seguit, publiquen\u00a0la llista de sol\u00b7licituds amb els barems provisionals.\u00a0En aquesta llista hi ha les sol\u00b7licituds ordenades alfab\u00e8ticament amb la puntuaci\u00f3 que ha rebut cada sol\u00b7licitud en aplicar-hi el barem.<\/p>\n<p><strong>Feu el seguiment de les sol\u00b7licituds:<\/strong><\/p>\n<h6><em>(ENCARA NO EST\u00c0 ACTIVAT PEL CURS 26-27)<\/em><\/h6>\n<ul>\n<li><a href=\"https:\/\/preinscripcio.gencat.cat\/ca\/estudis\/infantil-3-6\/preinscriute\/seguiment-sollicitud\/llista-sollicituds-puntuacio\/\">Educaci\u00f3 Infantil (3-6)<\/a><\/li>\n<li><a href=\"https:\/\/preinscripcio.gencat.cat\/ca\/estudis\/primaria\/preinscriute\/seguiment-sollicitud\/llista-sollicituds-puntuacio\/\">Educaci\u00f3 prim\u00e0ria (6-12)<\/a><\/li>\n<li><a href=\"https:\/\/preinscripcio.gencat.cat\/ca\/estudis\/eso\/preinscriute\/seguiment-sollicitud\/llista-sollicituds-puntuacio\/\">Educaci\u00f3 secund\u00e0ria obligat\u00f2ria (12-16)<\/a><\/li>\n<\/ul>\n<\/td>\n<\/tr>\n<tr class=\"period-future\">\n<th scope=\"row\"><\/th>\n<td colspan=\"1\"><strong>Termini de reclamaci\u00f3 de la puntuaci\u00f3 provisional: <span style=\"color: #ff0000;\">DATA<\/span> <span style=\"color: #ff0000;\">PENDENT DE CONCRETAR<\/span><\/strong><\/p>\n<p>Durant aquest per\u00edode, si detectes alguna errada o anomalia en el barem assignat, pots presentar una reclamaci\u00f3 (utilitzant l&#8217;eina electr\u00f2nica per adjuntar reclamacions).<\/td>\n<\/tr>\n<tr class=\"period-future\">\n<th scope=\"row\"><\/th>\n<td colspan=\"1\"><strong>Publicaci\u00f3 de la llista de sol\u00b7licituds un cop resoltes les reclamacions: <span style=\"color: #ff0000;\">DATA<\/span> <span style=\"color: #ff0000;\">PENDENT DE CONCRETAR<\/span><\/strong><\/p>\n<p>Un cop resoltes totes les reclamacions presentades, el centre publica la llista de sol\u00b7licituds amb la puntuaci\u00f3 i el n\u00famero de desempat corresponent.<\/p>\n<ul>\n<li>Educaci\u00f3 infantil (3-6)<\/li>\n<li>Educaci\u00f3 prim\u00e0ria<\/li>\n<li>Educaci\u00f3 secund\u00e0ria obligat\u00f2ria<\/li>\n<\/ul>\n<\/td>\n<\/tr>\n<tr class=\"period-future\">\n<th scope=\"row\"><\/th>\n<td colspan=\"1\"><strong>Sorteig del n\u00famero de desempat:<\/strong> , <strong><span style=\"color: #ff0000;\">DATA<\/span> <span style=\"color: #ff0000;\">PENDENT DE CONCRETAR <\/span><\/strong>a les 11 hores, als serveis centrals del Departament d&#8217;Educaci\u00f3 i Formaci\u00f3 Professional (Via Augusta, 202-226, Barcelona)<\/p>\n<h6>EL N\u00daMERO DE SORTEIG \u00c9S EL :<\/h6>\n<ul>\n<li><b> El n\u00famero del sorteig determina el n\u00famero a partir del <\/b><b style=\"font-family: inherit; font-size: 1em;\">qual, en ordre creixent, s\u2019endrecen les sol\u00b7licituds per <\/b><b style=\"font-family: inherit; font-size: 1em;\">desempatar-les.<\/b><\/li>\n<\/ul>\n<ul>\n<li><b> El n\u00famero de desempat de les fam\u00edlies \u00e9s el que es va <\/b><b style=\"font-family: inherit; font-size: 1em;\">assignar a la sol\u00b7licitud i es va publicar a la llista <\/b><b style=\"font-family: inherit; font-size: 1em;\">baremada un cop resoltes les reclamacions (no <\/b><b style=\"font-family: inherit; font-size: 1em;\">confondre amb el n\u00famero de registre de la sol\u00b7licitud).<\/b><\/li>\n<\/ul>\n<p>El nombre de places a cada centre educatiu \u00e9s limitat. Si el nombre de peticions supera el d&#8217;alumnes que l&#8217;escola pot acollir, cal aplicar un sistema de desempat entre les sol\u00b7licituds que tenen la mateixa puntuaci\u00f3. Per fer-ho, s&#8217;obt\u00e9 un n\u00famero per sorteig a partir del qual s&#8217;ordenen totes les peticions empatades en punts, tenint en compte el n\u00famero de desempat que s&#8217;ha assignat a cada sol\u00b7licitud.<\/td>\n<\/tr>\n<tr class=\"period-future\">\n<th scope=\"row\"><\/th>\n<td colspan=\"1\"><strong>Publicaci\u00f3 de la llista ordenada: <span style=\"color: #ff0000;\">DATA<\/span> <span style=\"color: #ff0000;\">PENDENT DE CONCRETAR<\/span><\/strong><\/p>\n<p>Despr\u00e9s del sorteig, s&#8217;elabora la llista de sol\u00b7licituds per a l&#8217;assignaci\u00f3 de places. En aquest cas, la llista ja no s&#8217;ordena alfab\u00e8ticament, sin\u00f3 tenint en compte les puntuacions de cada sol\u00b7licitud, de m\u00e9s a menys.<\/p>\n<h6><em>(ENCARA NO EST\u00c0 ACTIVAT PEL CURS 26-27)<\/em><\/h6>\n<ul>\n<li><strong><a href=\"https:\/\/preinscripcio.gencat.cat\/ca\/estudis\/infantil-3-6\/preinscriute\/seguiment-sollicitud\/llista-ordenada\/\">Educaci\u00f3 Infantil (3-6)<\/a><\/strong><\/li>\n<li><strong><a href=\"https:\/\/preinscripcio.gencat.cat\/ca\/estudis\/primaria\/preinscriute\/seguiment-sollicitud\/llista-ordenada\/\">Educaci\u00f3 prim\u00e0ria (6-12)<\/a><\/strong><\/li>\n<li><strong><a href=\"https:\/\/preinscripcio.gencat.cat\/ca\/estudis\/eso\/preinscriute\/seguiment-sollicitud\/llista-ordenada\/\">Educaci\u00f3 secund\u00e0ria obligat\u00f2ria (12-16)<\/a><\/strong><\/li>\n<\/ul>\n<\/td>\n<\/tr>\n<tr class=\"period-future\">\n<th scope=\"row\"><\/th>\n<td colspan=\"1\">Per\u00edode d&#8217;<strong>ampliaci\u00f3 de peticions per a les sol\u00b7licituds de preinscripci\u00f3 d&#8217;alumnat amb necessitats educatives espec\u00edfiques<\/strong> derivades de situaci\u00f3 socioecon\u00f2miques desafavorides sense assignaci\u00f3 (assignaci\u00f3 d&#8217;ofici): <strong><span style=\"color: #ff0000;\">DATA<\/span> <span style=\"color: #ff0000;\">PENDENT DE CONCRETAR<\/span><\/strong>, ambd\u00f3s inclosos<\/td>\n<\/tr>\n<tr class=\"period-future\">\n<th scope=\"row\"><\/th>\n<td colspan=\"1\"><strong>Per\u00edode d&#8217;ampliaci\u00f3 de peticions per a les sol\u00b7licituds de preinscripci\u00f3 sense assignaci\u00f3 (assignaci\u00f3 d&#8217;ofici): <span style=\"color: #ff0000;\">DATA<\/span> <span style=\"color: #ff0000;\">PENDENT DE CONCRETAR<\/span>,<\/strong>\u00a0ambd\u00f3s inclosos.<\/p>\n<p>Si no s&#8217;ha obtingut cap pla\u00e7a en els centres demanats i es tracta de sol\u00b7licituds per a EI3, o en les quals s\u2019ha marcat expressament que es vol una assignaci\u00f3 d\u2019ofici, durant aquest per\u00edode es poden ampliar les peticions originals i demanar places en centres que en tinguin de disponibles, un cop fets ja els processos d\u2019assignaci\u00f3.<\/p>\n<p>Despr\u00e9s d\u2019aquesta ampliaci\u00f3 de la sol\u00b7licitud, es fa l\u2019\u00faltim proc\u00e9s d\u2019assignaci\u00f3 tenint en compte aquestes peticions ampliades.<\/p>\n<p>&nbsp;<\/td>\n<\/tr>\n<tr class=\"period-future\">\n<th scope=\"row\"><\/th>\n<td colspan=\"1\"><strong>Oferta final de places escolars: <span style=\"color: #ff0000;\">DATA PENDENT DE CONCRETAR<\/span><\/strong><\/p>\n<p><a href=\"http:\/\/mapaescolar.gencat.cat\/\" target=\"_blank\" rel=\"noopener\">Consulta l&#8217;oferta final en el mapa escolar<\/a><\/td>\n<\/tr>\n<tr class=\"period-future\">\n<th scope=\"row\"><\/th>\n<td colspan=\"1\"><strong>Publicaci\u00f3 de les llistes d&#8217;alumnes admesos i, si escau, de la llista d&#8217;espera: <span style=\"color: #ff0000;\">DATA<\/span> <span style=\"color: #ff0000;\">PENDENT DE CONCRETAR<\/span><\/strong><\/p>\n<ul>\n<li>Llistes d&#8217;admesos Educaci\u00f3 infantil (3-6 anys) i prim\u00e0ria<\/li>\n<li>Llistes d&#8217;espera<\/li>\n<li><a href=\"https:\/\/ovt.gencat.cat\/gsitgf\/AppJava\/traint\/renderitzar.do?reqCode=inicial&amp;set-locale=ca_ES&amp;idioma=ca_ES&amp;idServei=ESC005001C\">Reclamacions<\/a><br \/>\n<h6><em>(ENCARA NO EST\u00c0 ACTIVAT PEL CURS 26-27)<\/em><\/h6>\n<p>L<span style=\"font-weight: 400;\">es fam\u00edlies que hagueu participat en el proc\u00e9s de preinscripci\u00f3 i no estigueu d\u2019acord amb la resoluci\u00f3 d\u2019assignaci\u00f3, podeu presentar un recurs contra la pla\u00e7a assignada durant els dies 16 i fins al 27 de juny de 2025<\/span><\/li>\n<\/ul>\n<\/td>\n<\/tr>\n<\/tbody>\n<\/table>\n<p>&nbsp;<\/p>\n<h6 style=\"text-align: left;\">La sol\u00b7licitud de preinscripci\u00f3. QU\u00c8 NECESSITES PER FER LA PREINSCRIPCI\u00d3?<\/h6>\n<div class=\"content\">\n<ul>\n<li><strong>Ordinador, tauleta o tel\u00e8fon m\u00f2bil amb connexi\u00f3 a Internet:<\/strong>\u00a0Et caldr\u00e0 un dispositiu electr\u00f2nic amb connexi\u00f3 a Internet perqu\u00e8 la preinscripci\u00f3 es fa del tot en l\u00ednia.<\/li>\n<li><strong>Eina d&#8217;identificaci\u00f3 digital:<\/strong>\u00a0\u00c9s m\u00e9s segur que quan facis el tr\u00e0mit (el pare, la mare o el tutor o tutora que faci el tr\u00e0mit) tinguis una eina d&#8217;identificaci\u00f3 digital com el DNI electr\u00f2nic, la T-CAT, el sistema Cl@ve o l&#8217;<a title=\"idCAT M\u00f2bil\" href=\"https:\/\/web.gencat.cat\/ca\/tramits\/que-cal-fer-si\/Vull-identificar-me-digitalment\/idcat-mobil\/\" target=\"_blank\" rel=\"noopener\">idCAT M\u00f2bil<\/a>.<\/li>\n<li><strong>Codi identificador del Registre d&#8217;alumnes de Catalunya (RALC) de l&#8217;alumne o alumna:<\/strong>\u00a0A l&#8217;hora de fer la sol\u00b7licitud de preinscripci\u00f3 has de tenir preparat el\u00a0<strong>codi identificador de l&#8217;alumne o l&#8217;alumna<\/strong>. Aquest n\u00famero s&#8217;assigna de manera autom\u00e0tica a l&#8217;alumnat matriculat a Catalunya a partir del curs 2015-2016; i a partir del curs 2021-2022 tamb\u00e9 es va atorgar als alumnes matriculats en una llar d&#8217;infants o una escola bressol. El codi, el pots consultar amb identificaci\u00f3 electr\u00f2nica en aquest mateix web, a l&#8217;apartat\u00a0<a title=\"Consulta de l'identificador de l'alumne\" href=\"http:\/\/educacio.gencat.cat\/ca\/tramits\/tramits-temes\/identificador-alumne\" target=\"_blank\" rel=\"noopener\">Consulta de l&#8217;identificador de l&#8217;alumne<\/a>.\u00a0<strong>\u00c9s molt<\/strong>\u00a0<strong>important<\/strong>\u00a0verificar tamb\u00e9 que tota la informaci\u00f3 que hi apareix \u00e9s correcta. En cas contrari, has de sol\u00b7licitar una rectificaci\u00f3 de les dades, adjuntant la documentaci\u00f3 que correspongui.<\/li>\n<li><strong>Documentaci\u00f3 digitalitzada:<\/strong>\u00a0Hi ha documentaci\u00f3 que no cal que presentis, perqu\u00e8 es fan consultes interadministratives. Per\u00f2 si n&#8217;has de presentar, l&#8217;has d&#8217;adjuntar a la sol\u00b7licitud digitalitzada (mitjan\u00e7ant un esc\u00e0ner o una fotografia).<\/li>\n<\/ul>\n<h2>Fes la preinscripci\u00f3<\/h2>\n<h6><em>(ENCARA NO EST\u00c0 ACTIVAT PEL CURS 26-27)<\/em><\/h6>\n<ul>\n<li><a href=\"https:\/\/preinscripcio.gencat.cat\/ca\/estudis\/infantil-3-6\/preinscriute\/sollicitud\/\" target=\"_blank\" rel=\"noopener\">Educaci\u00f3 infantil (3-6 anys)<\/a><\/li>\n<li><a href=\"https:\/\/preinscripcio.gencat.cat\/ca\/estudis\/primaria\/preinscriute\/sollicitud\/\">Educaci\u00f3 prim\u00e0ria (6-12 anys)<\/a><\/li>\n<\/ul>\n<\/div>\n<p>&nbsp;<\/p>\n<p><a href=\"https:\/\/agora.xtec.cat\/escferransunyer\/wp-content\/uploads\/usu431\/2026\/01\/oficines-atencio-preinscripcio-1.png\"><img loading=\"lazy\" decoding=\"async\" class=\"aligncenter wp-image-15020 size-full\" src=\"https:\/\/agora.xtec.cat\/escferransunyer\/wp-content\/uploads\/usu431\/2026\/01\/oficines-atencio-preinscripcio-1.png\" alt=\"\" width=\"954\" height=\"519\" srcset=\"https:\/\/agora.xtec.cat\/escferransunyer\/wp-content\/uploads\/usu431\/2026\/01\/oficines-atencio-preinscripcio-1.png 954w, https:\/\/agora.xtec.cat\/escferransunyer\/wp-content\/uploads\/usu431\/2026\/01\/oficines-atencio-preinscripcio-1-300x163.png 300w, https:\/\/agora.xtec.cat\/escferransunyer\/wp-content\/uploads\/usu431\/2026\/01\/oficines-atencio-preinscripcio-1-768x418.png 768w\" sizes=\"auto, (max-width: 954px) 100vw, 954px\" \/><\/a><\/p>\n<p>&nbsp;<\/p>\n<p style=\"text-align: left;\">Podeu trobar m\u00e9s informaci\u00f3 a <strong><a href=\"https:\/\/www.edubcn.cat\/ca\/alumnat_i_familia\/informacio_general_matriculacio\/preinscripcio_info\" target=\"_blank\" rel=\"noopener\">la web del Consorci<\/a>.<\/strong><\/p>\n<p style=\"text-align: right;\"><em>Actualitzat\u00a0 el 03\/03\/2026<\/em><\/p>\n<p>&nbsp;<\/p>\n<p>&nbsp;<\/p>\n<p style=\"text-align: right;\">\n","protected":false},"excerpt":{"rendered":"<p>CALENDARI PREINSCRIPCI\u00d3 I MATR\u00cdCULA 26-27<br \/>\n<a href=\"https:\/\/www.edubcn.cat\/ca\/alumnat_i_familia\/informacio_general_matriculacio\/sessions_informatives_per_a_les_families\" target=\"_blank\" rel=\"noopener\">Sessions informatives<\/a> per a les fam\u00edlies amb fills i filles que iniciaran l&#8217;escolaritat a I3 el curs 2026-2027<br \/>\n<a href=\"https:\/\/drive.google.com\/file\/d\/1MX4kaxUzkMUVVQ2x3G0fTmS0BaABII4h\/view?usp=drive_link\" target=\"_blank\" rel=\"noopener\">Oferta inicial de places\u00a0<\/a><\/p>\n<p>Preinscripci\u00f3<\/p>\n<p>des del4\/03fins al 18\/03<\/p>\n<p>Educaci\u00f3 infantil (3-6 anys), educaci\u00f3 prim\u00e0ria i educaci\u00f3 secund\u00e0ria obligat\u00f2ria<br \/>\nPresentaci\u00f3 de sol\u00b7licituds:<\/p>\n<ul>\n<li>Educaci\u00f3&hellip;  <a href=\"https:\/\/agora.xtec.cat\/escferransunyer\/lescola\/secretaria\/preinscripcio\/\" title=\"Read Preinscripci\u00f3\">Llegeix m\u00e9s\u00bb<\/a><br \/>\n","protected":false},"author":1,"featured_media":0,"parent":6609,"menu_order":10,"comment_status":"closed","ping_status":"closed","template":"page-templates\/side-menu.php","meta":{"_bbp_topic_count":0,"_bbp_reply_count":0,"_bbp_total_topic_count":0,"_bbp_total_reply_count":0,"_bbp_voice_count":0,"_bbp_anonymous_reply_count":0,"_bbp_topic_count_hidden":0,"_bbp_reply_count_hidden":0,"_bbp_forum_subforum_count":0,"footnotes":""},"class_list":["post-6611","page","type-page","status-publish","hentry"],"post_mailing_queue_ids":[],"_links":{"self":[{"href":"https:\/\/agora.xtec.cat\/escferransunyer\/wp-json\/wp\/v2\/pages\/6611","targetHints":{"allow":["GET"]}}],"collection":[{"href":"https:\/\/agora.xtec.cat\/escferransunyer\/wp-json\/wp\/v2\/pages"}],"about":[{"href":"https:\/\/agora.xtec.cat\/escferransunyer\/wp-json\/wp\/v2\/types\/page"}],"author":[{"embeddable":true,"href":"https:\/\/agora.xtec.cat\/escferransunyer\/wp-json\/wp\/v2\/users\/1"}],"replies":[{"embeddable":true,"href":"https:\/\/agora.xtec.cat\/escferransunyer\/wp-json\/wp\/v2\/comments?post=6611"}],"version-history":[{"count":7,"href":"https:\/\/agora.xtec.cat\/escferransunyer\/wp-json\/wp\/v2\/pages\/6611\/revisions"}],"predecessor-version":[{"id":15205,"href":"https:\/\/agora.xtec.cat\/escferransunyer\/wp-json\/wp\/v2\/pages\/6611\/revisions\/15205"}],"up":[{"embeddable":true,"href":"https:\/\/agora.xtec.cat\/escferransunyer\/wp-json\/wp\/v2\/pages\/6609"}],"wp:attachment":[{"href":"https:\/\/agora.xtec.cat\/escferransunyer\/wp-json\/wp\/v2\/media?parent=6611"}],"curies":[{"name":"wp","href":"https:\/\/api.w.org\/{rel}","templated":true}]}}