{"id":6588,"date":"2020-02-11T23:58:01","date_gmt":"2020-02-11T22:58:01","guid":{"rendered":"http:\/\/agora.xtec.cat\/escferransunyer\/?page_id=6588"},"modified":"2024-01-08T13:49:27","modified_gmt":"2024-01-08T12:49:27","slug":"hort","status":"publish","type":"page","link":"https:\/\/agora.xtec.cat\/escferransunyer\/projectes\/hort\/","title":{"rendered":"Hort"},"content":{"rendered":"<p>A l&#8217;escola Ferran Sunyer ens agrada el verd i tenim un petit hort del que es fa c\u00e0rrec la canalla.<\/p>\n<p>Els alumnes de P5 a 3r van un cop a la setmana en mig grup amb un\u00a0 monitor (mentre l&#8217;altre mig grup fa medi amb la tutora) per ocupar-se d&#8217;ell: s&#8217;encarreguen de plantar en funci\u00f3 de l&#8217;\u00e8poca de l&#8217;any, eliminen les males herbes, tutoritzen les plantes enfiladisses, mantenen el compostador, abonen les plantes, etc.<\/p>\n<p>Ah! I quan \u00e9s \u00e8poca de recollir els productes se&#8217;ls emporten a casa per fer un tastet amb la fam\u00edlia!<\/p>\n<p>Clicant als articles seg\u00fcents podreu veure v\u00eddeos sobre el nostre hort<\/p>\n<p><a style=\"font-family: inherit; font-size: 1em;\" href=\"https:\/\/agora.xtec.cat\/escferransunyer\/general\/hort-escolar-i-internacional\/\" target=\"_blank\" rel=\"noopener noreferrer\">Hort escolar i internacional<\/a><\/p>\n<p><a href=\"https:\/\/agora.xtec.cat\/escferransunyer\/general\/lhort-de-lescola-ara-a-tv3\/\" target=\"_blank\" rel=\"noopener noreferrer\">L&#8217;hort de l&#8217;escola ara a TV3<\/a><a href=\"https:\/\/agora.xtec.cat\/escferransunyer\/wp-content\/uploads\/usu431\/2023\/02\/081_Sunyer_Espais_BRes_310123.jpg\"><img loading=\"lazy\" decoding=\"async\" class=\"aligncenter  wp-image-12421\" src=\"https:\/\/agora.xtec.cat\/escferransunyer\/wp-content\/uploads\/usu431\/2023\/02\/081_Sunyer_Espais_BRes_310123.jpg\" alt=\"\" width=\"682\" height=\"455\" srcset=\"https:\/\/agora.xtec.cat\/escferransunyer\/wp-content\/uploads\/usu431\/2023\/02\/081_Sunyer_Espais_BRes_310123.jpg 2000w, https:\/\/agora.xtec.cat\/escferransunyer\/wp-content\/uploads\/usu431\/2023\/02\/081_Sunyer_Espais_BRes_310123-300x200.jpg 300w, https:\/\/agora.xtec.cat\/escferransunyer\/wp-content\/uploads\/usu431\/2023\/02\/081_Sunyer_Espais_BRes_310123-1024x683.jpg 1024w, https:\/\/agora.xtec.cat\/escferransunyer\/wp-content\/uploads\/usu431\/2023\/02\/081_Sunyer_Espais_BRes_310123-768x512.jpg 768w, https:\/\/agora.xtec.cat\/escferransunyer\/wp-content\/uploads\/usu431\/2023\/02\/081_Sunyer_Espais_BRes_310123-1536x1025.jpg 1536w\" sizes=\"auto, (max-width: 682px) 100vw, 682px\" \/><\/a><\/p>\n<p><a href=\"https:\/\/agora.xtec.cat\/escferransunyer\/wp-content\/uploads\/usu431\/2023\/02\/087_Sunyer_Espais_BRes_310123.jpg\"><img loading=\"lazy\" decoding=\"async\" class=\"aligncenter  wp-image-12422\" src=\"https:\/\/agora.xtec.cat\/escferransunyer\/wp-content\/uploads\/usu431\/2023\/02\/087_Sunyer_Espais_BRes_310123.jpg\" alt=\"\" width=\"705\" height=\"470\" srcset=\"https:\/\/agora.xtec.cat\/escferransunyer\/wp-content\/uploads\/usu431\/2023\/02\/087_Sunyer_Espais_BRes_310123.jpg 2000w, https:\/\/agora.xtec.cat\/escferransunyer\/wp-content\/uploads\/usu431\/2023\/02\/087_Sunyer_Espais_BRes_310123-300x200.jpg 300w, https:\/\/agora.xtec.cat\/escferransunyer\/wp-content\/uploads\/usu431\/2023\/02\/087_Sunyer_Espais_BRes_310123-1024x683.jpg 1024w, https:\/\/agora.xtec.cat\/escferransunyer\/wp-content\/uploads\/usu431\/2023\/02\/087_Sunyer_Espais_BRes_310123-768x512.jpg 768w, https:\/\/agora.xtec.cat\/escferransunyer\/wp-content\/uploads\/usu431\/2023\/02\/087_Sunyer_Espais_BRes_310123-1536x1025.jpg 1536w\" sizes=\"auto, (max-width: 705px) 100vw, 705px\" \/><\/a><\/p>\n","protected":false},"excerpt":{"rendered":"<p>A l&#8217;escola Ferran Sunyer ens agrada el verd i tenim un petit hort del que es fa c\u00e0rrec la canalla.<br \/>\nEls alumnes de P5 a 3r van un cop a la setmana en mig grup amb un\u00a0 monitor (mentre l&#8217;altre mig grup fa medi amb la&hellip;  <a href=\"https:\/\/agora.xtec.cat\/escferransunyer\/projectes\/hort\/\" title=\"Read Hort\">Llegeix m\u00e9s\u00bb<\/a><\/p>\n","protected":false},"author":1,"featured_media":0,"parent":6580,"menu_order":20,"comment_status":"closed","ping_status":"closed","template":"page-templates\/side-menu.php","meta":{"_bbp_topic_count":0,"_bbp_reply_count":0,"_bbp_total_topic_count":0,"_bbp_total_reply_count":0,"_bbp_voice_count":0,"_bbp_anonymous_reply_count":0,"_bbp_topic_count_hidden":0,"_bbp_reply_count_hidden":0,"_bbp_forum_subforum_count":0,"footnotes":""},"class_list":["post-6588","page","type-page","status-publish","hentry"],"post_mailing_queue_ids":[],"_links":{"self":[{"href":"https:\/\/agora.xtec.cat\/escferransunyer\/wp-json\/wp\/v2\/pages\/6588","targetHints":{"allow":["GET"]}}],"collection":[{"href":"https:\/\/agora.xtec.cat\/escferransunyer\/wp-json\/wp\/v2\/pages"}],"about":[{"href":"https:\/\/agora.xtec.cat\/escferransunyer\/wp-json\/wp\/v2\/types\/page"}],"author":[{"embeddable":true,"href":"https:\/\/agora.xtec.cat\/escferransunyer\/wp-json\/wp\/v2\/users\/1"}],"replies":[{"embeddable":true,"href":"https:\/\/agora.xtec.cat\/escferransunyer\/wp-json\/wp\/v2\/comments?post=6588"}],"version-history":[{"count":4,"href":"https:\/\/agora.xtec.cat\/escferransunyer\/wp-json\/wp\/v2\/pages\/6588\/revisions"}],"predecessor-version":[{"id":13351,"href":"https:\/\/agora.xtec.cat\/escferransunyer\/wp-json\/wp\/v2\/pages\/6588\/revisions\/13351"}],"up":[{"embeddable":true,"href":"https:\/\/agora.xtec.cat\/escferransunyer\/wp-json\/wp\/v2\/pages\/6580"}],"wp:attachment":[{"href":"https:\/\/agora.xtec.cat\/escferransunyer\/wp-json\/wp\/v2\/media?parent=6588"}],"curies":[{"name":"wp","href":"https:\/\/api.w.org\/{rel}","templated":true}]}}