{"id":290,"date":"2015-09-25T11:45:29","date_gmt":"2015-09-25T10:45:29","guid":{"rendered":"http:\/\/agora.xtec.cat\/escferransunyer\/?page_id=290"},"modified":"2026-04-17T10:08:46","modified_gmt":"2026-04-17T08:08:46","slug":"horari-datencio-a-les-families","status":"publish","type":"page","link":"https:\/\/agora.xtec.cat\/escferransunyer\/lescola\/horari-datencio-a-les-families\/","title":{"rendered":"Horari d&#8217;atenci\u00f3 a les fam\u00edlies"},"content":{"rendered":"<p><a href=\"https:\/\/agora.xtec.cat\/escferransunyer\/wp-content\/uploads\/usu431\/2020\/02\/web_1.jpg\"><img loading=\"lazy\" decoding=\"async\" class=\"alignleft size-medium wp-image-6652\" src=\"https:\/\/agora.xtec.cat\/escferransunyer\/wp-content\/uploads\/usu431\/2020\/02\/web_1-300x200.jpg\" alt=\"\" width=\"300\" height=\"200\" srcset=\"https:\/\/agora.xtec.cat\/escferransunyer\/wp-content\/uploads\/usu431\/2020\/02\/web_1-300x200.jpg 300w, https:\/\/agora.xtec.cat\/escferransunyer\/wp-content\/uploads\/usu431\/2020\/02\/web_1.jpg 450w\" sizes=\"auto, (max-width: 300px) 100vw, 300px\" \/><\/a><\/p>\n<table style=\"width: 57.6835%; height: 192px;\">\n<tbody>\n<tr style=\"height: 60px;\">\n<td style=\"height: 60px;\"><strong>ADMINISTRACI\u00d3<\/strong><\/td>\n<td style=\"height: 60px;\"><strong>Pili<\/strong><\/td>\n<td style=\"height: 60px;\">\n<h6><span style=\"color: #000000;\">Matins de 9:00h a 14h i Tardes de 16h a 17h<\/span><\/h6>\n<h6><span style=\"color: #000000;\">Durant la jornada intensiva de 9h a les 13:30h<\/span><\/h6>\n<\/td>\n<\/tr>\n<tr style=\"height: 33px;\">\n<td style=\"height: 33px;\"><span style=\"color: #339966;\"><strong>SECRET\u00c0RIA*<\/strong><\/span><\/td>\n<td style=\"height: 33px;\"><strong>Cristina Argemi<\/strong><\/td>\n<td style=\"height: 33px;\">Dijous i divendres de 9:00 h a 11h<\/td>\n<\/tr>\n<tr style=\"height: 33px;\">\n<td style=\"height: 33px;\"><span style=\"color: #339966;\"><strong>CAP D&#8217;ESTUDIS*<\/strong><\/span><\/td>\n<td style=\"height: 33px;\"><strong>Marta Cabrera<\/strong><\/td>\n<td style=\"height: 33px;\">Dimecres i divendres de 9:00h a 10:30h<\/td>\n<\/tr>\n<tr style=\"height: 33px;\">\n<td style=\"height: 33px;\"><span style=\"color: #339966;\"><strong>DIRECCI\u00d3*<\/strong><\/span><\/td>\n<td style=\"height: 33px;\"><strong>Dani Vidal<\/strong><\/td>\n<td style=\"height: 33px;\">Dilluns i divendres de 9:30h a 10:30h<\/td>\n<\/tr>\n<tr style=\"height: 33px;\">\n<td style=\"height: 33px;\"><span style=\"color: #3366ff;\"><strong>TUTOR &#8211; TUTORA<\/strong><\/span><\/td>\n<td style=\"height: 33px;\"><strong>\u00a0<\/strong><\/td>\n<td style=\"height: 33px;\">Dimarts 12:30h -13:30h<\/p>\n<h6><strong><span style=\"color: #3366ff;\">\u00c9s convenient demanar hora per l&#8217;entrevista: <\/span><\/strong><\/h6>\n<h6><span style=\"color: #3366ff;\"><span style=\"color: #3366ff;\"><b>Ed. Prim\u00e0ria: a trav\u00e9s de l&#8217;agenda <\/b><\/span><\/span><\/h6>\n<h6><strong><span style=\"color: #3366ff;\">Ed. Infantil: amb una nota\u00a0<\/span><\/strong><\/h6>\n<\/td>\n<\/tr>\n<\/tbody>\n<\/table>\n<p style=\"text-align: left;\"><span style=\"color: #339966;\"><em><strong>* Per poder garantir l&#8217;atenci\u00f3 a les fam\u00edlies \u00e9s necessari que concerteu cita amb l&#8217;equip directiu enviant un correu electr\u00f2nic.<\/strong><\/em><\/span><\/p>\n","protected":false},"excerpt":{"rendered":"<p><a href=\"https:\/\/agora.xtec.cat\/escferransunyer\/wp-content\/uploads\/usu431\/2020\/02\/web_1.jpg\"><\/a><\/p>\n<p>ADMINISTRACI\u00d3<br \/>\nPili<\/p>\n<p>Matins de 9:00h a 14h i Tardes de 16h a 17h<br \/>\nDurant la jornada intensiva de 9h a les 13:30h<\/p>\n<p>SECRET\u00c0RIA*<br \/>\nCristina Argemi<br \/>\nDijous i divendres de 9:00 h a 11h<\/p>\n<p>CAP D&#8217;ESTUDIS*<br \/>\nMarta Cabrera<br \/>\nDimecres i divendres de 9:00h a 10:30h<\/p>\n<p>DIRECCI\u00d3*<br \/>\nDani Vidal<br \/>\nDilluns i divendres de 9:30h a 10:30h<\/p>\n<p>TUTOR &#8211; TUTORA<br \/>\n\u00a0<br \/>\nDimarts&hellip;  <a href=\"https:\/\/agora.xtec.cat\/escferransunyer\/lescola\/horari-datencio-a-les-families\/\" title=\"Read Horari d&#8217;atenci\u00f3 a les fam\u00edlies\">Llegeix m\u00e9s\u00bb<\/a><\/p>\n","protected":false},"author":1,"featured_media":0,"parent":22,"menu_order":60,"comment_status":"closed","ping_status":"closed","template":"page-templates\/side-menu.php","meta":{"_bbp_topic_count":0,"_bbp_reply_count":0,"_bbp_total_topic_count":0,"_bbp_total_reply_count":0,"_bbp_voice_count":0,"_bbp_anonymous_reply_count":0,"_bbp_topic_count_hidden":0,"_bbp_reply_count_hidden":0,"_bbp_forum_subforum_count":0,"footnotes":""},"class_list":["post-290","page","type-page","status-publish","hentry"],"post_mailing_queue_ids":[],"_links":{"self":[{"href":"https:\/\/agora.xtec.cat\/escferransunyer\/wp-json\/wp\/v2\/pages\/290","targetHints":{"allow":["GET"]}}],"collection":[{"href":"https:\/\/agora.xtec.cat\/escferransunyer\/wp-json\/wp\/v2\/pages"}],"about":[{"href":"https:\/\/agora.xtec.cat\/escferransunyer\/wp-json\/wp\/v2\/types\/page"}],"author":[{"embeddable":true,"href":"https:\/\/agora.xtec.cat\/escferransunyer\/wp-json\/wp\/v2\/users\/1"}],"replies":[{"embeddable":true,"href":"https:\/\/agora.xtec.cat\/escferransunyer\/wp-json\/wp\/v2\/comments?post=290"}],"version-history":[{"count":6,"href":"https:\/\/agora.xtec.cat\/escferransunyer\/wp-json\/wp\/v2\/pages\/290\/revisions"}],"predecessor-version":[{"id":15275,"href":"https:\/\/agora.xtec.cat\/escferransunyer\/wp-json\/wp\/v2\/pages\/290\/revisions\/15275"}],"up":[{"embeddable":true,"href":"https:\/\/agora.xtec.cat\/escferransunyer\/wp-json\/wp\/v2\/pages\/22"}],"wp:attachment":[{"href":"https:\/\/agora.xtec.cat\/escferransunyer\/wp-json\/wp\/v2\/media?parent=290"}],"curies":[{"name":"wp","href":"https:\/\/api.w.org\/{rel}","templated":true}]}}