{"id":14666,"date":"2025-06-13T12:43:06","date_gmt":"2025-06-13T10:43:06","guid":{"rendered":"https:\/\/agora.xtec.cat\/escferransunyer\/?page_id=14666"},"modified":"2025-06-13T12:44:41","modified_gmt":"2025-06-13T10:44:41","slug":"proteccio-de-dades","status":"publish","type":"page","link":"https:\/\/agora.xtec.cat\/escferransunyer\/proteccio-de-dades\/","title":{"rendered":"PROTECCI\u00d3 DE DADES"},"content":{"rendered":"<p><a href=\"https:\/\/agora.xtec.cat\/escferransunyer\/wp-content\/uploads\/usu431\/2025\/06\/protecciondedatos-indalweb-1280x720-1.jpg\"><img loading=\"lazy\" decoding=\"async\" class=\"size-medium wp-image-14632 alignright\" src=\"https:\/\/agora.xtec.cat\/escferransunyer\/wp-content\/uploads\/usu431\/2025\/06\/protecciondedatos-indalweb-1280x720-1-300x169.jpg\" alt=\"\" width=\"300\" height=\"169\" srcset=\"https:\/\/agora.xtec.cat\/escferransunyer\/wp-content\/uploads\/usu431\/2025\/06\/protecciondedatos-indalweb-1280x720-1-300x169.jpg 300w, https:\/\/agora.xtec.cat\/escferransunyer\/wp-content\/uploads\/usu431\/2025\/06\/protecciondedatos-indalweb-1280x720-1-1024x576.jpg 1024w, https:\/\/agora.xtec.cat\/escferransunyer\/wp-content\/uploads\/usu431\/2025\/06\/protecciondedatos-indalweb-1280x720-1-768x432.jpg 768w, https:\/\/agora.xtec.cat\/escferransunyer\/wp-content\/uploads\/usu431\/2025\/06\/protecciondedatos-indalweb-1280x720-1.jpg 1280w\" sizes=\"auto, (max-width: 300px) 100vw, 300px\" \/><\/a>Aqu\u00ed podeu consultar la seg\u00fcent documentaci\u00f3 relacionada amb la protecci\u00f3 de dades:<\/p>\n<ul>\n<li><a href=\"https:\/\/drive.google.com\/file\/d\/1a3l1mOIaKIPTkJM3RAUjLEtOOLsM2wWl\/view?usp=sharing\" target=\"_blank\" rel=\"noopener\">Recomanacions per a les fam\u00edlies sobre l&#8217;\u00fas del correu electr\u00f2nic institucional per part dels seus fills\/es<\/a><\/li>\n<li><a href=\"https:\/\/drive.google.com\/file\/d\/1RJTDLBahyn4xFqY8VN936gFJSW_xWE5v\/view?usp=drive_link\" target=\"_blank\" rel=\"noopener\">INFORMACI\u00d3 ADDICIONAL SOBRE PROTECCI\u00d3 DE DADES PERSONALS<\/a><\/li>\n<\/ul>\n<p>Si vols traslladar la teva opini\u00f3 sobre l&#8217;\u00fas de les plataformes digitals al centre, pots escriure un correu a<span style=\"text-decoration: underline;\"><em> escola@fsunyer.cat<\/em><\/span><\/p>\n","protected":false},"excerpt":{"rendered":"<p><a href=\"https:\/\/agora.xtec.cat\/escferransunyer\/wp-content\/uploads\/usu431\/2025\/06\/protecciondedatos-indalweb-1280x720-1.jpg\"><\/a>Aqu\u00ed podeu consultar la seg\u00fcent documentaci\u00f3 relacionada amb la protecci\u00f3 de dades:<\/p>\n<ul>\n<li><a href=\"https:\/\/drive.google.com\/file\/d\/1a3l1mOIaKIPTkJM3RAUjLEtOOLsM2wWl\/view?usp=sharing\" target=\"_blank\" rel=\"noopener\">Recomanacions per a les fam\u00edlies sobre l&#8217;\u00fas del correu electr\u00f2nic institucional per part dels seus fills\/es<\/a><\/li>\n<li><a href=\"https:\/\/drive.google.com\/file\/d\/1RJTDLBahyn4xFqY8VN936gFJSW_xWE5v\/view?usp=drive_link\" target=\"_blank\" rel=\"noopener\">INFORMACI\u00d3 ADDICIONAL SOBRE PROTECCI\u00d3 DE DADES PERSONALS<\/a><\/li>\n<\/ul>\n<p>Si vols traslladar la teva opini\u00f3&hellip;  <a href=\"https:\/\/agora.xtec.cat\/escferransunyer\/proteccio-de-dades\/\" title=\"Read PROTECCI\u00d3 DE DADES\">Llegeix m\u00e9s\u00bb<\/a><\/p>\n","protected":false},"author":1,"featured_media":0,"parent":0,"menu_order":0,"comment_status":"closed","ping_status":"closed","template":"","meta":{"_bbp_topic_count":0,"_bbp_reply_count":0,"_bbp_total_topic_count":0,"_bbp_total_reply_count":0,"_bbp_voice_count":0,"_bbp_anonymous_reply_count":0,"_bbp_topic_count_hidden":0,"_bbp_reply_count_hidden":0,"_bbp_forum_subforum_count":0,"footnotes":""},"class_list":["post-14666","page","type-page","status-publish","hentry"],"post_mailing_queue_ids":[],"_links":{"self":[{"href":"https:\/\/agora.xtec.cat\/escferransunyer\/wp-json\/wp\/v2\/pages\/14666","targetHints":{"allow":["GET"]}}],"collection":[{"href":"https:\/\/agora.xtec.cat\/escferransunyer\/wp-json\/wp\/v2\/pages"}],"about":[{"href":"https:\/\/agora.xtec.cat\/escferransunyer\/wp-json\/wp\/v2\/types\/page"}],"author":[{"embeddable":true,"href":"https:\/\/agora.xtec.cat\/escferransunyer\/wp-json\/wp\/v2\/users\/1"}],"replies":[{"embeddable":true,"href":"https:\/\/agora.xtec.cat\/escferransunyer\/wp-json\/wp\/v2\/comments?post=14666"}],"version-history":[{"count":2,"href":"https:\/\/agora.xtec.cat\/escferransunyer\/wp-json\/wp\/v2\/pages\/14666\/revisions"}],"predecessor-version":[{"id":14670,"href":"https:\/\/agora.xtec.cat\/escferransunyer\/wp-json\/wp\/v2\/pages\/14666\/revisions\/14670"}],"wp:attachment":[{"href":"https:\/\/agora.xtec.cat\/escferransunyer\/wp-json\/wp\/v2\/media?parent=14666"}],"curies":[{"name":"wp","href":"https:\/\/api.w.org\/{rel}","templated":true}]}}