{"id":11172,"date":"2022-03-08T12:55:16","date_gmt":"2022-03-08T11:55:16","guid":{"rendered":"https:\/\/agora.xtec.cat\/escferransunyer\/?page_id=11172"},"modified":"2024-01-15T09:48:12","modified_gmt":"2024-01-15T08:48:12","slug":"cercles-restauratius","status":"publish","type":"page","link":"https:\/\/agora.xtec.cat\/escferransunyer\/projectes\/cercles-restauratius\/","title":{"rendered":"Enfocament Restauratiu Global"},"content":{"rendered":"<p>Des del Ferran Sunyer volem potenciar un model d\u2019escola que posa al centre les persones individualment i col\u00b7lectivament, ajudant a crear vincles i comunitat aix\u00ed com espais segurs i de confian\u00e7a per compartir experi\u00e8ncies, hist\u00f2ries personals, emocions i necessitats i tot com a eix vertebrador de la nostra escola en el que s\u2019inclou a la canalla per\u00f2 tamb\u00e9 a les fam\u00edlies i el claustre.<\/p>\n<p>&nbsp;<\/p>\n<p>L\u2019enfocament restauratiu planteja una escola on:<\/p>\n<ul>\n<li>Es dona import\u00e0ncia a l\u2019establiment de relacions significatives, la creaci\u00f3 de vincles, pertinen\u00e7a i comunitat.<\/li>\n<li>Es generen espais i s\u2019endeguen estrat\u00e8gies per a:\n<ul>\n<li>Donar veu a tothom.<\/li>\n<li>Compartir punts de vista i hist\u00f2ries viscudes des de l&#8217;escolta atenta, activa i emp\u00e0tica i el respecte.<\/li>\n<li>Expressar i acompanyar emocions.<\/li>\n<li>Identificar necessitats personals i col\u00b7lectives.<\/li>\n<li>Promoure la responsabilitzaci\u00f3 individual i col\u00b7lectiva per donar resposta a les necessitats.<\/li>\n<li>Promoure l&#8217;autonomia en la gesti\u00f3 de les situacions, d&#8217;incid\u00e8ncies i\/o conflictes que afecten a cadasc\u00fa.<\/li>\n<\/ul>\n<\/li>\n<\/ul>\n<ul>\n<li>Les conductes s\u2019entenen com un senyal que ens indica que hi ha necessitats no cobertes i no nom\u00e9s com una vulneraci\u00f3 de les normes.<\/li>\n<li>Es fomenta la responsabilitzaci\u00f3, la no culpabilitzaci\u00f3 i la reparaci\u00f3 per sobre del c\u00e0stig en la gesti\u00f3 dels conflictes.<\/li>\n<li>Es desenvolupen estrat\u00e8gies proactives per a la creaci\u00f3 de grup i comunitat i estrat\u00e8gies responsives per a la gesti\u00f3 del conflicte. Es proposa una comunitat competent en l\u2019\u00fas d\u2019aquestes estrat\u00e8gies i de les habilitats associades.<\/li>\n<li>Es promou el desenvolupament de les compet\u00e8ncies personals per a la gesti\u00f3 no-violenta de les relacions en tots els sectors de la comunitat educativa.<\/li>\n<\/ul>\n<p>&nbsp;<\/p>\n<p>Amb aquests objectius el curs 2020-21 vam iniciar els \u201dtemps de cercle\u201d amb els grups de cicle superior; el curs seg\u00fcent -i davant dels bons resultats observats- vam decidir implementar-ho tamb\u00e9 amb l\u2019alumnat de cicle mitj\u00e0, cosa que seguim fent a dia d\u2019avui.<\/p>\n<p>El temps de cercle (o cercle de di\u00e0leg) \u00e9s la base de qualsevol entorn restauratiu, el mecanisme pel qual es potencien les habilitats socials i emocionals dels infants, s\u00f3n \u00a0tamb\u00e9 una metodologia que s\u2019utilitza per refor\u00e7ar els vincles dins d\u2019un grup. Es tracta de donar veu a totes les persones generant un clima igualitari, respectu\u00f3s i d\u2019escolta activa, que promogui la corresponsabilitat del grup i la confian\u00e7a, permetent parlar de diversos temes amb profunditat i generant sinergies entre els membres d\u2019un grup.<\/p>\n<p>I amb aquesta experi\u00e8ncia pr\u00e8via el curs 2022-23 vam decidir iniciar l\u2019aplicaci\u00f3 dels cercles de di\u00e0leg a totes les reunions amb fam\u00edlies: a les reunions d\u2019inici de curs, a les reunions de mares i pares delegats, etc.<\/p>\n<p>Considerem que \u00e9s molt interessant que les fam\u00edlies coneguin de primera m\u00e0 qu\u00e8 fan els seus fills i filles a l\u2019escola per\u00f2 considerem fermament que aquestes pr\u00e0ctiques realment ajuden a crear una comunitat educativa \u00e0mplia i consistent.<\/p>\n<p>&nbsp;<\/p>\n","protected":false},"excerpt":{"rendered":"<p>Des del Ferran Sunyer volem potenciar un model d\u2019escola que posa al centre les persones individualment i col\u00b7lectivament, ajudant a crear vincles i comunitat aix\u00ed com espais segurs i de confian\u00e7a per compartir experi\u00e8ncies, hist\u00f2ries personals, emocions i necessitats i tot com a eix vertebrador&hellip;  <a href=\"https:\/\/agora.xtec.cat\/escferransunyer\/projectes\/cercles-restauratius\/\" title=\"Read Enfocament Restauratiu Global\">Llegeix m\u00e9s\u00bb<\/a><\/p>\n","protected":false},"author":1,"featured_media":0,"parent":6580,"menu_order":10,"comment_status":"closed","ping_status":"closed","template":"","meta":{"_bbp_topic_count":0,"_bbp_reply_count":0,"_bbp_total_topic_count":0,"_bbp_total_reply_count":0,"_bbp_voice_count":0,"_bbp_anonymous_reply_count":0,"_bbp_topic_count_hidden":0,"_bbp_reply_count_hidden":0,"_bbp_forum_subforum_count":0,"footnotes":""},"class_list":["post-11172","page","type-page","status-publish","hentry"],"post_mailing_queue_ids":[],"_links":{"self":[{"href":"https:\/\/agora.xtec.cat\/escferransunyer\/wp-json\/wp\/v2\/pages\/11172","targetHints":{"allow":["GET"]}}],"collection":[{"href":"https:\/\/agora.xtec.cat\/escferransunyer\/wp-json\/wp\/v2\/pages"}],"about":[{"href":"https:\/\/agora.xtec.cat\/escferransunyer\/wp-json\/wp\/v2\/types\/page"}],"author":[{"embeddable":true,"href":"https:\/\/agora.xtec.cat\/escferransunyer\/wp-json\/wp\/v2\/users\/1"}],"replies":[{"embeddable":true,"href":"https:\/\/agora.xtec.cat\/escferransunyer\/wp-json\/wp\/v2\/comments?post=11172"}],"version-history":[{"count":5,"href":"https:\/\/agora.xtec.cat\/escferransunyer\/wp-json\/wp\/v2\/pages\/11172\/revisions"}],"predecessor-version":[{"id":13359,"href":"https:\/\/agora.xtec.cat\/escferransunyer\/wp-json\/wp\/v2\/pages\/11172\/revisions\/13359"}],"up":[{"embeddable":true,"href":"https:\/\/agora.xtec.cat\/escferransunyer\/wp-json\/wp\/v2\/pages\/6580"}],"wp:attachment":[{"href":"https:\/\/agora.xtec.cat\/escferransunyer\/wp-json\/wp\/v2\/media?parent=11172"}],"curies":[{"name":"wp","href":"https:\/\/api.w.org\/{rel}","templated":true}]}}