{"id":591,"date":"2018-07-26T19:04:23","date_gmt":"2018-07-26T17:04:23","guid":{"rendered":"http:\/\/agora.xtec.cat\/escferraniclua\/?page_id=591"},"modified":"2019-07-11T19:53:30","modified_gmt":"2019-07-11T17:53:30","slug":"comissions-2","status":"publish","type":"page","link":"https:\/\/agora.xtec.cat\/escferraniclua\/participacio\/lafa-2\/comissions-2\/","title":{"rendered":"Comissions"},"content":{"rendered":"<p>Les comissions s&#8217;encarreguen de gestionar les activitats i projectes d&#8217;un \u00e0mbit concret sent la millor f\u00f3rmula per millorar la implicaci\u00f3 i complicitat dels associats i associades.<\/p>\n<p>Actualment l&#8217;AFA t\u00e9 les comissions seg\u00fcents:<\/p>\n<p><strong> <img loading=\"lazy\" decoding=\"async\" class=\"wp-image-1263 aligncenter\" src=\"https:\/\/agora.xtec.cat\/escferraniclua\/wp-content\/uploads\/usu1879\/2019\/07\/comissions-1-1024x905.png\" alt=\"\" width=\"471\" height=\"417\" srcset=\"https:\/\/agora.xtec.cat\/escferraniclua\/wp-content\/uploads\/usu1879\/2019\/07\/comissions-1-1024x905.png 1024w, https:\/\/agora.xtec.cat\/escferraniclua\/wp-content\/uploads\/usu1879\/2019\/07\/comissions-1-300x265.png 300w, https:\/\/agora.xtec.cat\/escferraniclua\/wp-content\/uploads\/usu1879\/2019\/07\/comissions-1-768x679.png 768w, https:\/\/agora.xtec.cat\/escferraniclua\/wp-content\/uploads\/usu1879\/2019\/07\/comissions-1.png 1143w\" sizes=\"auto, (max-width: 471px) 100vw, 471px\" \/><\/strong><\/p>\n<p><strong>\u00a0 \u00a0 \u00a0 \u00a0 \u00a0 <\/strong><\/p>\n<p><strong>\u00a0<\/strong><\/p>\n","protected":false},"excerpt":{"rendered":"<p>Les comissions s&#8217;encarreguen de gestionar les activitats i projectes d&#8217;un \u00e0mbit concret sent la millor f\u00f3rmula per millorar la implicaci\u00f3 i complicitat dels associats i associades.<br \/>\nActualment l&#8217;AFA t\u00e9 les comissions seg\u00fcents:<\/p>\n<p>\u00a0 \u00a0 \u00a0 \u00a0 \u00a0<br \/>\n\u00a0<\/p>\n","protected":false},"author":1,"featured_media":0,"parent":519,"menu_order":30,"comment_status":"closed","ping_status":"closed","template":"","meta":{"_bbp_topic_count":0,"_bbp_reply_count":0,"_bbp_total_topic_count":0,"_bbp_total_reply_count":0,"_bbp_voice_count":0,"_bbp_anonymous_reply_count":0,"_bbp_topic_count_hidden":0,"_bbp_reply_count_hidden":0,"_bbp_forum_subforum_count":0,"footnotes":""},"class_list":["post-591","page","type-page","status-publish","hentry"],"post_mailing_queue_ids":[],"_links":{"self":[{"href":"https:\/\/agora.xtec.cat\/escferraniclua\/wp-json\/wp\/v2\/pages\/591","targetHints":{"allow":["GET"]}}],"collection":[{"href":"https:\/\/agora.xtec.cat\/escferraniclua\/wp-json\/wp\/v2\/pages"}],"about":[{"href":"https:\/\/agora.xtec.cat\/escferraniclua\/wp-json\/wp\/v2\/types\/page"}],"author":[{"embeddable":true,"href":"https:\/\/agora.xtec.cat\/escferraniclua\/wp-json\/wp\/v2\/users\/1"}],"replies":[{"embeddable":true,"href":"https:\/\/agora.xtec.cat\/escferraniclua\/wp-json\/wp\/v2\/comments?post=591"}],"version-history":[{"count":3,"href":"https:\/\/agora.xtec.cat\/escferraniclua\/wp-json\/wp\/v2\/pages\/591\/revisions"}],"predecessor-version":[{"id":1265,"href":"https:\/\/agora.xtec.cat\/escferraniclua\/wp-json\/wp\/v2\/pages\/591\/revisions\/1265"}],"up":[{"embeddable":true,"href":"https:\/\/agora.xtec.cat\/escferraniclua\/wp-json\/wp\/v2\/pages\/519"}],"wp:attachment":[{"href":"https:\/\/agora.xtec.cat\/escferraniclua\/wp-json\/wp\/v2\/media?parent=591"}],"curies":[{"name":"wp","href":"https:\/\/api.w.org\/{rel}","templated":true}]}}