{"id":3748,"date":"2023-05-16T12:51:12","date_gmt":"2023-05-16T10:51:12","guid":{"rendered":"https:\/\/agora.xtec.cat\/escferraniclua\/?page_id=3748"},"modified":"2024-02-22T12:53:16","modified_gmt":"2024-02-22T11:53:16","slug":"pec-edc","status":"publish","type":"page","link":"https:\/\/agora.xtec.cat\/escferraniclua\/pec-edc\/","title":{"rendered":"PEC EDC"},"content":{"rendered":"<p><span style=\"font-weight: 400;\">Dins el projecte educatiu del nostre centre es fa una \u00e0mplia descripci\u00f3 de l\u2019\u00fas de les noves tecnologies.<\/span><\/p>\n<p><span style=\"font-weight: 400;\">Aix\u00ed, considerem que s\u00f3n uns dels mitjans m\u00e9s influents en l\u2019educaci\u00f3 de les noves generacions. Per aquest motiu l\u2019escola incorpora les TAC i les TIC en la seva pr\u00e0ctica educativa, en la mesura que els recursos materials ho permeten, com un recurs m\u00e9s d\u2019aprenentatge i preparar\u00e0 l\u2019alumnat per analitzar cr\u00edticament la informaci\u00f3. L\u2019escola disposa d\u2019un Pla Estrat\u00e8gic que servir\u00e0 de guia per implementar aquests recursos.<\/span><\/p>\n<p><span style=\"font-weight: 400;\">Volem acompanyar als alumnes per esdevenir ciutadans competents digitalment.\u00a0 Les eines digitals s\u00f3n clau a la nostra societat i esdevindran cada cop m\u00e9s importants dins el m\u00f3n laboral. Els nostres alumnes han de con\u00e8ixer tant l\u2019\u00fas d\u2019aplicacions com alguns llenguatges de programaci\u00f3 i alhora tamb\u00e9 aprendre regular la seva identitat digital. Donem eines per protegir-se i saber actuar dins un m\u00f3n virtual.<\/span><\/p>\n<p><span style=\"font-weight: 400;\">A m\u00e9s, el centre ja preveu la necessitat d\u2019un docent amb perfil digital per tal de:<\/span><\/p>\n<ul>\n<li style=\"font-weight: 400;\" aria-level=\"1\"><span style=\"font-weight: 400;\">Impartir la doc\u00e8ncia fent \u00fas de les TAC com a mitj\u00e0 facilitador de l\u2019ensenyament i com a element curricular, com a compet\u00e8ncia b\u00e0sica que han d\u2019assolir els alumnes.<\/span><\/li>\n<li style=\"font-weight: 400;\" aria-level=\"1\"><span style=\"font-weight: 400;\">Coordinar la formaci\u00f3 dels professors en relaci\u00f3 amb les TAC a l\u2019EVA (Entorn Virtual d\u2019Ensenyament-Aprenentatge).<\/span><\/li>\n<li style=\"font-weight: 400;\" aria-level=\"1\"><span style=\"font-weight: 400;\">Assessorar els professors en l\u2019\u00fas did\u00e0ctic de les TAC.<\/span><\/li>\n<li style=\"font-weight: 400;\" aria-level=\"1\"><span style=\"font-weight: 400;\">Coordinar l\u2019\u00fas de les TAC de forma transversal i assegurar que les programacions de les diferents \u00e0rees i mat\u00e8ries incloguin un \u00fas actiu adequat de les tecnologies segons el nivell educatiu.<\/span><\/li>\n<li style=\"font-weight: 400;\" aria-level=\"1\"><span style=\"font-weight: 400;\">Vetllar pel seguiment de l\u2019EDC.<\/span><\/li>\n<li style=\"font-weight: 400;\" aria-level=\"1\"><span style=\"font-weight: 400;\">Planificar la renovaci\u00f3 d\u2019equipaments tecnol\u00f2gics.<\/span><\/li>\n<li style=\"font-weight: 400;\" aria-level=\"1\"><span style=\"font-weight: 400;\">Impulsar les formacions digitals de centre.<\/span><\/li>\n<li style=\"font-weight: 400;\" aria-level=\"1\"><span style=\"font-weight: 400;\">Impulsar la programaci\u00f3 i rob\u00f2tica al centre.<\/span><\/li>\n<\/ul>\n<p><span style=\"font-weight: 400;\">A m\u00e9s, els Plans Anuals, que presentem any rere any, estableixen els objectius educatius en relaci\u00f3 amb les noves tecnologies per a l\u2019aprenentatge a nivell general d\u2019escola i dels diferents cicles. Tamb\u00e9 estableixen les l\u00ednies d\u2019actuaci\u00f3 dels mestres de la comissi\u00f3 d\u2019estrat\u00e8gia digital i de les actuacions que lideren, pel que fa a formaci\u00f3 de mestres i d\u2019impuls d\u2019activitats diverses sobre la compet\u00e8ncia digital.\u00a0<\/span><\/p>\n","protected":false},"excerpt":{"rendered":"<p>Dins el projecte educatiu del nostre centre es fa una \u00e0mplia descripci\u00f3 de l\u2019\u00fas de les noves tecnologies.<br \/>\nAix\u00ed, considerem que s\u00f3n uns dels mitjans m\u00e9s influents en l\u2019educaci\u00f3 de les noves generacions. Per aquest motiu l\u2019escola incorpora les TAC i les TIC en la seva&hellip;  <a href=\"https:\/\/agora.xtec.cat\/escferraniclua\/pec-edc\/\" title=\"Read PEC EDC\">Llegeix m\u00e9s\u00bb<\/a><\/p>\n","protected":false},"author":1,"featured_media":0,"parent":0,"menu_order":0,"comment_status":"closed","ping_status":"closed","template":"","meta":{"_bbp_topic_count":0,"_bbp_reply_count":0,"_bbp_total_topic_count":0,"_bbp_total_reply_count":0,"_bbp_voice_count":0,"_bbp_anonymous_reply_count":0,"_bbp_topic_count_hidden":0,"_bbp_reply_count_hidden":0,"_bbp_forum_subforum_count":0,"footnotes":""},"class_list":["post-3748","page","type-page","status-publish","hentry"],"post_mailing_queue_ids":[],"_links":{"self":[{"href":"https:\/\/agora.xtec.cat\/escferraniclua\/wp-json\/wp\/v2\/pages\/3748","targetHints":{"allow":["GET"]}}],"collection":[{"href":"https:\/\/agora.xtec.cat\/escferraniclua\/wp-json\/wp\/v2\/pages"}],"about":[{"href":"https:\/\/agora.xtec.cat\/escferraniclua\/wp-json\/wp\/v2\/types\/page"}],"author":[{"embeddable":true,"href":"https:\/\/agora.xtec.cat\/escferraniclua\/wp-json\/wp\/v2\/users\/1"}],"replies":[{"embeddable":true,"href":"https:\/\/agora.xtec.cat\/escferraniclua\/wp-json\/wp\/v2\/comments?post=3748"}],"version-history":[{"count":2,"href":"https:\/\/agora.xtec.cat\/escferraniclua\/wp-json\/wp\/v2\/pages\/3748\/revisions"}],"predecessor-version":[{"id":3972,"href":"https:\/\/agora.xtec.cat\/escferraniclua\/wp-json\/wp\/v2\/pages\/3748\/revisions\/3972"}],"wp:attachment":[{"href":"https:\/\/agora.xtec.cat\/escferraniclua\/wp-json\/wp\/v2\/media?parent=3748"}],"curies":[{"name":"wp","href":"https:\/\/api.w.org\/{rel}","templated":true}]}}