{"id":3526,"date":"2022-05-06T15:51:36","date_gmt":"2022-05-06T13:51:36","guid":{"rendered":"https:\/\/agora.xtec.cat\/escferraniclua\/?page_id=3526"},"modified":"2023-02-14T13:20:16","modified_gmt":"2023-02-14T12:20:16","slug":"estrategia-digital-de-centre","status":"publish","type":"page","link":"https:\/\/agora.xtec.cat\/escferraniclua\/estrategia-digital-de-centre\/","title":{"rendered":"Estrat\u00e8gia Digital de Centre"},"content":{"rendered":"<p>L\u2019EDC defineix i concreta les l\u00ednies d\u2019actuaci\u00f3 d\u2019un centre que fan possible que docents, alumnat i centre assoleixin la compet\u00e8ncia digital. Per aconseguir aquesta compet\u00e8ncia digital, l\u2019EDC compr\u00e8n tots els \u00e0mbits del centre: organitzatius, metodol\u00f2gics, curriculars i comunicatius, els quals s\u2019han de veure necess\u00e0riament implicats i, si escau, transformats, des d\u2019una perspectiva d\u2019innovaci\u00f3 i de millora cont\u00ednua.<\/p>\n<p>Podem agrupar els objectius de l\u2019EDC en cinc \u00e0mbits que tenen com a fita el m\u00e0xim assoliment de la compet\u00e8ncia digital de l\u2019alumnat, del professorat i del centre.<br \/>\na. Assoliment de la compet\u00e8ncia digital<\/p>\n<p>b. Planificaci\u00f3 estrat\u00e8gica i organitzaci\u00f3<\/p>\n<p>c. Metodologies did\u00e0ctiques i innovaci\u00f3<\/p>\n<p>d. Inclusi\u00f3 digital i de g\u00e8nere<\/p>\n<p>e. Seguretat i protecci\u00f3 de dades<\/p>\n<p>L\u2019EDC \u00e9s una estrat\u00e8gia transversal que es concreta en un document que pret\u00e9n abastar tots els aspectes relacionats amb la cultura digital del centre. En aquest sentit, l\u2019EDC ha de facilitar als centres la planificaci\u00f3 i la gesti\u00f3 de tots els \u00e0mbits relacionats amb la cultura digital. Tamb\u00e9 ha de permetre recollir i organitzar les accions que el centre ja realitza i replantejar-les i millorar-les per aconseguir els objectius que es proposi.<br \/>\nL\u2019EDC ha de ser una eina al servei del centre, que pugui orientar les accions i, alhora, aportar instruments al professorat del centre.<\/p>\n<p>L\u2019EDC est\u00e0 alineada amb el Pla d\u2019Educaci\u00f3 Digital de Catalunya (PEDC). Per aquest motiu, els tres eixos del PEDC han d\u2019estar presents en la seva redacci\u00f3 i desplegament:<\/p>\n<p>Eix 1. Alumnat digitalment competent<\/p>\n<p>Eix 2. Docents digitalment competents<\/p>\n<p>Eix 3. Centres digitalment competents<\/p>\n<p>El document de l\u2019EDC es divideix en dues parts diferenciades per\u00f2 complement\u00e0ries a tots els centres:<\/p>\n<p><img loading=\"lazy\" decoding=\"async\" class=\"size-full wp-image-3655 aligncenter\" src=\"https:\/\/agora.xtec.cat\/escferraniclua\/wp-content\/uploads\/usu1879\/2023\/02\/EDC-I-CULTURA.png\" alt=\"\" width=\"507\" height=\"807\" srcset=\"https:\/\/agora.xtec.cat\/escferraniclua\/wp-content\/uploads\/usu1879\/2023\/02\/EDC-I-CULTURA.png 507w, https:\/\/agora.xtec.cat\/escferraniclua\/wp-content\/uploads\/usu1879\/2023\/02\/EDC-I-CULTURA-188x300.png 188w\" sizes=\"auto, (max-width: 507px) 100vw, 507px\" \/><\/p>\n<p>&nbsp;<\/p>\n","protected":false},"excerpt":{"rendered":"<p>L\u2019EDC defineix i concreta les l\u00ednies d\u2019actuaci\u00f3 d\u2019un centre que fan possible que docents, alumnat i centre assoleixin la compet\u00e8ncia digital. Per aconseguir aquesta compet\u00e8ncia digital, l\u2019EDC compr\u00e8n tots els \u00e0mbits del centre: organitzatius, metodol\u00f2gics, curriculars i comunicatius, els quals s\u2019han de veure necess\u00e0riament implicats&hellip;  <a href=\"https:\/\/agora.xtec.cat\/escferraniclua\/estrategia-digital-de-centre\/\" title=\"Read Estrat\u00e8gia Digital de Centre\">Llegeix m\u00e9s\u00bb<\/a><\/p>\n","protected":false},"author":1,"featured_media":0,"parent":0,"menu_order":0,"comment_status":"closed","ping_status":"closed","template":"","meta":{"_bbp_topic_count":0,"_bbp_reply_count":0,"_bbp_total_topic_count":0,"_bbp_total_reply_count":0,"_bbp_voice_count":0,"_bbp_anonymous_reply_count":0,"_bbp_topic_count_hidden":0,"_bbp_reply_count_hidden":0,"_bbp_forum_subforum_count":0,"footnotes":""},"class_list":["post-3526","page","type-page","status-publish","hentry"],"post_mailing_queue_ids":[],"_links":{"self":[{"href":"https:\/\/agora.xtec.cat\/escferraniclua\/wp-json\/wp\/v2\/pages\/3526","targetHints":{"allow":["GET"]}}],"collection":[{"href":"https:\/\/agora.xtec.cat\/escferraniclua\/wp-json\/wp\/v2\/pages"}],"about":[{"href":"https:\/\/agora.xtec.cat\/escferraniclua\/wp-json\/wp\/v2\/types\/page"}],"author":[{"embeddable":true,"href":"https:\/\/agora.xtec.cat\/escferraniclua\/wp-json\/wp\/v2\/users\/1"}],"replies":[{"embeddable":true,"href":"https:\/\/agora.xtec.cat\/escferraniclua\/wp-json\/wp\/v2\/comments?post=3526"}],"version-history":[{"count":3,"href":"https:\/\/agora.xtec.cat\/escferraniclua\/wp-json\/wp\/v2\/pages\/3526\/revisions"}],"predecessor-version":[{"id":3657,"href":"https:\/\/agora.xtec.cat\/escferraniclua\/wp-json\/wp\/v2\/pages\/3526\/revisions\/3657"}],"wp:attachment":[{"href":"https:\/\/agora.xtec.cat\/escferraniclua\/wp-json\/wp\/v2\/media?parent=3526"}],"curies":[{"name":"wp","href":"https:\/\/api.w.org\/{rel}","templated":true}]}}