{"id":1579,"date":"2020-02-25T13:08:07","date_gmt":"2020-02-25T12:08:07","guid":{"rendered":"http:\/\/agora.xtec.cat\/escferraniclua\/?page_id=1579"},"modified":"2021-01-12T16:16:43","modified_gmt":"2021-01-12T15:16:43","slug":"ambients","status":"publish","type":"page","link":"https:\/\/agora.xtec.cat\/escferraniclua\/projecte-educatiu\/ambients\/","title":{"rendered":"Principis metolog\u00f2gics"},"content":{"rendered":"<p><strong>Quins s\u00f3n els nostres principis metodol\u00f2gics<\/strong><\/p>\n<p><strong>L\u2019alumnat \u00e9s el centre de l\u2019aprenentatge.<\/strong><br \/>\nL\u2019entorn d\u2019aprenentatge reconeix que els alumnes en s\u00f3n els protagonistes, n\u2019estimula el comprom\u00eds actiu i els ajuda a comprendre<br \/>\nla seva pr\u00f2pia activitat. Per aconseguir-ho l\u2019organitzaci\u00f3 de l\u2019escola intenta girar a l\u2019entorn dels alumnes.<\/p>\n<p><strong>L\u2019aprenentatge \u00e9s de naturalesa social.<\/strong><br \/>\nL\u2019entorn d\u2019aprenentatge es basa en la naturalesa social del proc\u00e9s d\u2019aprendre i fomenta activament l\u2019aprenentatge cooperatiu ben<br \/>\norganitzat. L\u2019escola vetlla per una bona conviv\u00e8ncia creant un entorn democr\u00e0tic i participatiu que permet que els alumnes prenguin<br \/>\ndecisions, tinguin c\u00e0rrecs i responsabilitats en la gesti\u00f3 de l\u2019aula i l\u2019escola.<\/p>\n<p><strong>Les emocions s\u00f3n part integral de l\u2019aprenentatge.<\/strong><br \/>\n\u00c9s fonamental que els docents estiguin en sintonia amb les motivacions dels alumnes i amb el paper clau que tenen les emocions<br \/>\nen l\u2019assoliment de resultats. Els alumnes han de poder pensar, sentir i estimar. L\u2019escola \u00e9s un espai col\u00b7lectiu que permet poder aprendre a<br \/>\nregular i gestionar les emocions.<\/p>\n<p><strong>L\u2019aprenentatge ha de tenir en compte les difer\u00e8ncies individuals.<\/strong><br \/>\nL\u2019entorn d\u2019aprenentatge ha de tenir en compte les difer\u00e8nciesindividuals entre l\u2019alumnat, tamb\u00e9 el seu coneixement previ. Cal una<br \/>\natenci\u00f3 personalitzada que doni resposta a les necessitats dels infants. Treballem per donar oportunitats de potenciar i recon\u00e8ixer<br \/>\nles intel\u00b7lig\u00e8ncies m\u00faltiples dels nostres alumnes.<\/p>\n<p><strong>L\u2019esfor\u00e7 de tot l\u2019alumnat \u00e9s clau per a l\u2019aprenentatge.<\/strong><br \/>\nCal dissenyar activitats o plans de treball que siguin motivadors per\u00f2<br \/>\non es demani l\u2019esfor\u00e7 i l\u2019afany de superaci\u00f3 que cada infant pugui<br \/>\nassolir.<\/p>\n<p><strong>L\u2019avaluaci\u00f3 continuada afavoreix l\u2019aprenentatge.<\/strong><br \/>\nCal expectatives clares i estrat\u00e8gies d\u2019avaluaci\u00f3 coherents. El feedback entre docents i alumnes ha d\u2019afavorir l\u2019autoregulaci\u00f3 i<br \/>\nassolir un aprenentatge veritablement formatiu.<\/p>\n<p><strong>\u00a0Aprendre \u00e9s construir connexions horitzontals entre les \u00e0rees de coneixement i mat\u00e8ries.<\/strong><\/p>\n<p>Tamb\u00e9 amb la comunitat i amb el m\u00f3n en general. Per aix\u00f2 cerquem un aprenentatge globalitzat que faciliti la multidisciplinaretat.<\/p>\n<p>Us compartim algunes experi\u00e8ncies de treball globalitzat destacades de l&#8217;escola<\/p>\n<ul>\n<li><a href=\"http:\/\/agora.xtec.cat\/escferraniclua\/ambients-daprenentatge-educacio-infantil\/\">AMBIENTS a educaci\u00f3 infantil<\/a><\/li>\n<li><a href=\"http:\/\/agora.xtec.cat\/escferraniclua\/tallers-educacio-primaria\/\">TALLERS a prim\u00e0ria<\/a><\/li>\n<\/ul>\n","protected":false},"excerpt":{"rendered":"<p>Quins s\u00f3n els nostres principis metodol\u00f2gics<br \/>\nL\u2019alumnat \u00e9s el centre de l\u2019aprenentatge.<br \/>\nL\u2019entorn d\u2019aprenentatge reconeix que els alumnes en s\u00f3n els protagonistes, n\u2019estimula el comprom\u00eds actiu i els ajuda a comprendre<br \/>\nla seva pr\u00f2pia activitat. Per aconseguir-ho l\u2019organitzaci\u00f3 de l\u2019escola intenta girar a l\u2019entorn dels alumnes.<br \/>\nL\u2019aprenentatge \u00e9s de&hellip;  <a href=\"https:\/\/agora.xtec.cat\/escferraniclua\/projecte-educatiu\/ambients\/\" title=\"Read Principis metolog\u00f2gics\">Llegeix m\u00e9s\u00bb<\/a><\/p>\n","protected":false},"author":1,"featured_media":0,"parent":64,"menu_order":20,"comment_status":"closed","ping_status":"closed","template":"","meta":{"_bbp_topic_count":0,"_bbp_reply_count":0,"_bbp_total_topic_count":0,"_bbp_total_reply_count":0,"_bbp_voice_count":0,"_bbp_anonymous_reply_count":0,"_bbp_topic_count_hidden":0,"_bbp_reply_count_hidden":0,"_bbp_forum_subforum_count":0,"footnotes":""},"class_list":["post-1579","page","type-page","status-publish","hentry"],"post_mailing_queue_ids":[],"_links":{"self":[{"href":"https:\/\/agora.xtec.cat\/escferraniclua\/wp-json\/wp\/v2\/pages\/1579","targetHints":{"allow":["GET"]}}],"collection":[{"href":"https:\/\/agora.xtec.cat\/escferraniclua\/wp-json\/wp\/v2\/pages"}],"about":[{"href":"https:\/\/agora.xtec.cat\/escferraniclua\/wp-json\/wp\/v2\/types\/page"}],"author":[{"embeddable":true,"href":"https:\/\/agora.xtec.cat\/escferraniclua\/wp-json\/wp\/v2\/users\/1"}],"replies":[{"embeddable":true,"href":"https:\/\/agora.xtec.cat\/escferraniclua\/wp-json\/wp\/v2\/comments?post=1579"}],"version-history":[{"count":4,"href":"https:\/\/agora.xtec.cat\/escferraniclua\/wp-json\/wp\/v2\/pages\/1579\/revisions"}],"predecessor-version":[{"id":3253,"href":"https:\/\/agora.xtec.cat\/escferraniclua\/wp-json\/wp\/v2\/pages\/1579\/revisions\/3253"}],"up":[{"embeddable":true,"href":"https:\/\/agora.xtec.cat\/escferraniclua\/wp-json\/wp\/v2\/pages\/64"}],"wp:attachment":[{"href":"https:\/\/agora.xtec.cat\/escferraniclua\/wp-json\/wp\/v2\/media?parent=1579"}],"curies":[{"name":"wp","href":"https:\/\/api.w.org\/{rel}","templated":true}]}}