{"id":1413,"date":"2020-09-13T19:37:24","date_gmt":"2020-09-13T17:37:24","guid":{"rendered":"http:\/\/agora.xtec.cat\/escferraniclua\/?page_id=1413"},"modified":"2025-09-14T18:49:05","modified_gmt":"2025-09-14T16:49:05","slug":"que-fem-afa","status":"publish","type":"page","link":"https:\/\/agora.xtec.cat\/escferraniclua\/participacio\/afa-doctor-ferran-i-clua\/que-fem-afa\/","title":{"rendered":"Que fem a l&#8217;AFA"},"content":{"rendered":"<p style=\"text-align: justify;\">A l&#8217;AFA Doctor Ferran i Clua <strong>organitzem i gestionem serveis i activitats que es duen a terme a la nostra escola<\/strong> que d&#8217;altre manera, at\u00e8s els recursos limitats de l&#8217;escola p\u00fablica, aquesta no podria oferir. En aquest sentit, volem agrair la seva ajuda a les fam\u00edlies que col\u00b7laboren amb nosaltres, que permet a totes les fam\u00edlies gaudir d&#8217;aquests serveis i activitats. Moltes gr\u00e0cies!!!<\/p>\n<hr \/>\n<p style=\"text-align: justify;\"><strong>\u2139 Per a m\u00e9s informaci\u00f3 sobre els serveis i activitats que oferim podeu enviar un correu a <\/strong><a href=\"mailto:afadrferraniclua@gmail.com\"><strong>afadrferraniclua@gmail.com<\/strong><\/a><\/p>\n<hr \/>\n<p style=\"text-align: justify;\"><img loading=\"lazy\" decoding=\"async\" class=\"alignnone wp-image-1416 size-full\" title=\"Organitzem i gestionem molts dels serveis i activitats oferts per l'escola\" src=\"https:\/\/agora.xtec.cat\/escferraniclua\/wp-content\/uploads\/usu1879\/2019\/12\/serveis-i-activitats-afa-doctor-ferran-i-clua.jpg\" alt=\"\" width=\"1200\" height=\"600\" srcset=\"https:\/\/agora.xtec.cat\/escferraniclua\/wp-content\/uploads\/usu1879\/2019\/12\/serveis-i-activitats-afa-doctor-ferran-i-clua.jpg 1200w, https:\/\/agora.xtec.cat\/escferraniclua\/wp-content\/uploads\/usu1879\/2019\/12\/serveis-i-activitats-afa-doctor-ferran-i-clua-300x150.jpg 300w, https:\/\/agora.xtec.cat\/escferraniclua\/wp-content\/uploads\/usu1879\/2019\/12\/serveis-i-activitats-afa-doctor-ferran-i-clua-768x384.jpg 768w, https:\/\/agora.xtec.cat\/escferraniclua\/wp-content\/uploads\/usu1879\/2019\/12\/serveis-i-activitats-afa-doctor-ferran-i-clua-1024x512.jpg 1024w\" sizes=\"auto, (max-width: 1200px) 100vw, 1200px\" \/><\/p>\n<hr \/>\n<hr \/>\n<h2 style=\"text-align: justify;\"><strong><a id=\"acollida-matinal\"><\/a>Acollida matinal<br \/>\n<\/strong><\/h2>\n<p style=\"text-align: justify;\">Per tal de conciliar els horaris laborals amb els horaris de l\u2019escola, l\u2019AFA posa a disposici\u00f3 de les fam\u00edlies s\u00f2cies un servei d&#8217;acollida matinal.<\/p>\n<ul style=\"text-align: justify;\">\n<li style=\"text-align: justify;\">Permet portar els nens i nenes abans de l&#8217;horari d\u2019inici de les classes, <span style=\"text-decoration: underline;\">a partir de les 7:30 fins a 9:00 hores<\/span>. Funcionar\u00e0 des del primer dia d&#8217;escola (excepte pels alumnes de P3).<\/li>\n<li>Per utilitzar aquest servei <span style=\"text-decoration: underline;\">no cal inscripci\u00f3 ni av\u00eds previ<\/span>, per\u00f2 s\u00ed que <span style=\"text-decoration: underline;\">cal que la fam\u00edlia sigui s\u00f2cia de l&#8217;AFA<\/span>.<\/li>\n<li>Es fa a l&#8217;aire lliure sempre que les condicions clim\u00e0tiques ho permetin.<\/li>\n<li>L&#8217;<strong>entrada<\/strong> es fa <span style=\"text-decoration: underline;\">per la porta del carrer Garcilaso de 7:30h a 8:45h. A partir de les 8:45h es tancar\u00e0 la porta de Garcilaso. Si s&#8217;arriba m\u00e9s tard cal entrar per Manigua i entregar l&#8217;infant a la Marina.<\/span><\/li>\n<li>Es pot fer servir en un dia puntual.<\/li>\n<\/ul>\n<p style=\"text-align: justify;\"><strong>El preu d&#8217;aquest servei \u00e9s de 33\u20ac al mes i es cobrar\u00e0 a mes ven\u00e7ut.<\/strong><\/p>\n<p style=\"text-align: justify;\"><strong>El preu del dia espor\u00e0dic \u00e9s de 4\u20ac i es cobrar\u00e0 a mes ven\u00e7ut.<\/strong><\/p>\n<p style=\"text-align: justify;\"><em>Aquest servei el realitza l&#8217;empresa\u00a0<a href=\"http:\/\/www.alimentart.com\/\" target=\"_blank\" rel=\"noopener noreferrer\">Aliment Art<\/a> i el gestiona l&#8217;AFA.<\/em><\/p>\n<p style=\"text-align: justify;\">\ud83d\udd04 <a href=\"https:\/\/agora.xtec.cat\/escferraniclua\/categoria\/afa-doctor-ferran-i-clua\/acollida-de-tarda\/\">Tota l&#8217;actualitat d&#8217;aquest servei<\/a><\/p>\n<hr \/>\n<h2 style=\"text-align: justify;\"><strong><a id=\"menjador\"><\/a>Servei de menjador<br \/>\n<\/strong><\/h2>\n<p style=\"text-align: justify;\">Per tal de conciliar els horaris laborals amb els horaris de l\u2019escola, l\u2019AFA posa a disposici\u00f3 de les fam\u00edlies de l&#8217;escola un servei de menjador.<\/p>\n<ul style=\"text-align: justify;\">\n<li style=\"text-align: justify;\">L&#8217;escola t\u00e9 cuina pr\u00f2pia i un menjador amb capacitat per uns 200 alumnes.<\/li>\n<li>Per utilitzar aquest servei <a href=\"https:\/\/drive.google.com\/file\/d\/1z8qgExAARCuRIgzErMqNFCzmFi_2lObj\/view?usp=sharing\" target=\"_blank\" rel=\"noopener noreferrer\">cal omplir el full d&#8217;inscripci\u00f3<\/a> i enviar-lo al correu <a href=\"mailto:afadrferraniclua@gmail.com\">afadrferraniclua<span class=\"\">@gmail.com<\/span><\/a>. No cal que la fam\u00edlia sigui s\u00f2cia de l&#8217;AFA.<\/li>\n<li>Es pot fer servir en un dia puntual contactant pr\u00e8viament amb l&#8217;AFA.<\/li>\n<\/ul>\n<p style=\"text-align: justify;\"><strong>Podeu consultar els preus d&#8217;aquest servei <a href=\"https:\/\/drive.google.com\/file\/d\/1yi2FL_gt_qZsYu1viq6oKbX2IYLhUggU\/view?usp=drive_link\" target=\"_blank\" rel=\"noopener noreferrer\">aqu\u00ed.\u00a0<\/a><\/strong><em><span style=\"color: #ff0000;\">(PENDENT D&#8217;ACTUALITZAR)<\/span><\/em><\/p>\n<p style=\"text-align: justify;\"><em>Aquest servei el realitza l&#8217;empresa <a href=\"http:\/\/www.alimentart.com\/\" target=\"_blank\" rel=\"noopener noreferrer\">Aliment Art<\/a> i el gestiona l&#8217;AFA.<\/em><\/p>\n<p style=\"text-align: justify;\">\ud83d\udcc4 <a href=\"https:\/\/drive.google.com\/file\/d\/1yi2FL_gt_qZsYu1viq6oKbX2IYLhUggU\/view?usp=drive_link\" target=\"_blank\" rel=\"noopener noreferrer\">Informaci\u00f3 i preus<em><span style=\"color: #ff0000;\">(PENDENT D&#8217;ACTUALITZAR)<\/span><\/em><\/a><br \/>\n\ud83d\udcc4 <a href=\"https:\/\/drive.google.com\/file\/d\/1O1LzLNrfirUC-rBki0anV1Zurp60n2QE\/view?usp=sharing\" target=\"_blank\" rel=\"noopener noreferrer\">Full d&#8217;inscripci\u00f3<\/a><br \/>\n\ud83c\udf4e\u00a0<a href=\"http:\/\/agora.xtec.cat\/escferraniclua\/categoria\/afa-doctor-ferran-i-clua\/servei-de-menjador\/menu-del-mes\/\" target=\"_blank\" rel=\"noopener noreferrer\">Men\u00fa mensual<\/a><br \/>\n\ud83d\udd04 <a href=\"http:\/\/agora.xtec.cat\/escferraniclua\/categoria\/afa-doctor-ferran-i-clua\/servei-de-menjador\/\">Tota l&#8217;actualitat d&#8217;aquest servei<\/a><\/p>\n<hr \/>\n<h2 style=\"text-align: justify;\"><strong><a id=\"acollida-tarda\"><\/a>Acollida de tarda<br \/>\n<\/strong><\/h2>\n<p style=\"text-align: justify;\">Per tal de conciliar els horaris laborals amb els horaris de l\u2019escola, l\u2019AFA posa a disposici\u00f3 de les fam\u00edlies s\u00f2cies un servei d&#8217;acollida de tarda.<\/p>\n<ul style=\"text-align: justify;\">\n<li style=\"text-align: justify;\">Permet <span style=\"text-decoration: underline;\">de dilluns a divendres<\/span> recollir els nens i nenes despr\u00e9s de l&#8217;horari de finalitzaci\u00f3 de les classes, <span style=\"text-decoration: underline;\">fins a les 17:30 hores<\/span>. Funcionar\u00e0 des del primer dia d\u2019escola (excepte pels alumnes de P3).<\/li>\n<li><span style=\"text-decoration: underline;\">Per utilitzar aquest servei cal enviar un correu amb antelaci\u00f3<\/span> a <a href=\"mailto:afadrferraniclua@gmail.com\">afadrferraniclua<span class=\"\">@gmail.com<\/span><\/a> i <span style=\"text-decoration: underline;\">cal que la fam\u00edlia sigui s\u00f2cia de l&#8217;AFA<\/span>.<\/li>\n<li>Es fa a l&#8217;aire lliure sempre que les condicions clim\u00e0tiques ho permetin.<\/li>\n<li><span style=\"text-decoration: underline;\">Entrada i recollides de dilluns a dijous c\/Garcilaso i divendres per c\/Ac\u00e0cies<\/span>.<\/li>\n<li>Es pot fer servir en un dia puntual contactant pr\u00e8viament amb l&#8217;AFA.<\/li>\n<\/ul>\n<p style=\"text-align: justify;\"><strong>El preu d&#8217;aquest servei \u00e9s de 30\u20ac al mes i es cobrar\u00e0 a mes ven\u00e7ut.<\/strong><\/p>\n<p style=\"text-align: justify;\"><strong>El preu del dia espor\u00e0dic \u00e9s de 4\u20ac i es cobrar\u00e0 a mes ven\u00e7ut.<\/strong><\/p>\n<p style=\"text-align: justify;\"><em>Aquest servei el gestiona l&#8217;AFA.<\/em><\/p>\n<p style=\"text-align: justify;\">\ud83d\udd04 <a href=\"http:\/\/agora.xtec.cat\/escferraniclua\/categoria\/afa-doctor-ferran-i-clua\/acollida-de-tarda\/\">Tota l&#8217;actualitat d&#8217;aquest servei<\/a><\/p>\n<hr \/>\n<h2 style=\"text-align: justify;\"><strong><a id=\"extraescolars\"><\/a>Activitats extraescolars<br \/>\n<\/strong><\/h2>\n<p style=\"text-align: justify;\">Per tal de conciliar els horaris laborals amb els horaris de l\u2019escola, l\u2019AFA posa a disposici\u00f3 de les fam\u00edlies s\u00f2cies diferents activitats extraescolars que complementen la franja hor\u00e0ria de les tardes.<\/p>\n<ul style=\"text-align: justify;\">\n<li>Organitzades per a <span style=\"text-decoration: underline;\">infants de P4 a 6\u00e8 de prim\u00e0ria<\/span>.<\/li>\n<li>Cal arribar a un m\u00ednim d\u2019inscripcions per a poder oferir l\u2019activitat. (noves inscripcions abans del 25 de cada mes)<\/li>\n<li>Cal que <span style=\"text-decoration: underline;\">la fam\u00edlia sigui s\u00f2cia de l&#8217;AFA<\/span>.<\/li>\n<li>Data d&#8217;inici: primer setmana de curs (setembre).<\/li>\n<li>Totes les activitats es realitzen a l&#8217;escola, excepte nataci\u00f3, i seguint el calendari escolar.<\/li>\n<\/ul>\n<p style=\"text-align: justify;\"><strong>Podeu consultar les activitats proposades i els preus <a href=\"https:\/\/drive.google.com\/file\/d\/1oSGeBu8VlniQvHqGoY4qN0ZpcdLoMGS1\/view?usp=sharing\" target=\"_blank\" rel=\"noopener noreferrer\">aqu\u00ed<\/a><\/strong>.<br \/>\n<em>Aquestes activitats les realitzen les empreses <a href=\"https:\/\/setdaventura.com\/\" target=\"_blank\" rel=\"noopener noreferrer\">7 d&#8217;Aventura<\/a>, <a href=\"https:\/\/mishmashbarcelona.com\/\" target=\"_blank\" rel=\"noopener noreferrer\">Mishmash, <\/a>\u00a0<a href=\"https:\/\/www.aearrelscongres.es\/\">AE Arrels Congr\u00e9s,<\/a> <a href=\"https:\/\/www.jocviu.cat\/inici\">Joc Viu<\/a> i <a href=\"https:\/\/www.instagram.com\/alzina_ae\/\">AE Alzina<\/a> i les gestiona l&#8217;AFA.<\/em><\/p>\n<p style=\"text-align: justify;\">\ud83d\udcc4<a href=\"https:\/\/drive.google.com\/file\/d\/1oSGeBu8VlniQvHqGoY4qN0ZpcdLoMGS1\/view?usp=sharing\" target=\"_blank\" rel=\"noopener noreferrer\">Preus<\/a><a href=\"https:\/\/drive.google.com\/file\/d\/1Vxu3ptBHa1CZmlNnxxxJKYswcnntL-FU\/view?usp=drive_link\"><em><span style=\"color: #ff0000;\">(PENDENT D&#8217;ACTUALITZAR)<\/span><\/em><\/a><\/p>\n<p><img loading=\"lazy\" decoding=\"async\" class=\"\" src=\"https:\/\/s.w.org\/images\/core\/emoji\/13.0.1\/svg\/1f4c4.svg\" alt=\"\ud83d\udcc4\" width=\"16\" height=\"16\" \/> <a href=\"https:\/\/drive.google.com\/file\/d\/1Vxu3ptBHa1CZmlNnxxxJKYswcnntL-FU\/view?usp=drive_link\">Informaci\u00f3<em><span style=\"color: #ff0000;\">(PENDENT D&#8217;ACTUALITZAR)<\/span><\/em><\/a><\/p>\n<p>\ud83d\udd04 <a href=\"http:\/\/agora.xtec.cat\/escferraniclua\/categoria\/afa-doctor-ferran-i-clua\/activitats-extraescolars\/\">Tota l&#8217;actualitat d&#8217;aquest servei<\/a><\/p>\n<hr \/>\n<h2 style=\"text-align: justify;\"><strong><a id=\"casal-estiu\"><\/a>Casal d&#8217;estiu<br \/>\n<\/strong><\/h2>\n<p style=\"text-align: justify;\">L&#8217;AFA organitza durant els mesos de juny (\u00faltima setmana) i juliol (mes sencer) el casal d&#8217;estiu a l&#8217;escola, homologat per l&#8217;Ajuntament de Barcelona i obert al barri (a partir de I3), un espai per compartir i gaudir junts d&#8217;una proposta alternativa durant les vacances.<\/p>\n<p style=\"text-align: justify;\">\ud83d\udd04 <a href=\"http:\/\/agora.xtec.cat\/escferraniclua\/categoria\/afa-doctor-ferran-i-clua\/casal-estiu\/\">Tota l&#8217;actualitat d&#8217;aquest servei<\/a><\/p>\n<hr \/>\n<h2 style=\"text-align: justify;\"><strong><a id=\"allargament-jornada\"><\/a>Allargament de jornada<br \/>\n<\/strong><\/h2>\n<p style=\"text-align: justify;\">Per a les fam\u00edlies que ho necessitin l&#8217;AFA ofereix un servei d&#8217;allargament de la jornada intensiva durant el mes de juny, conjuntament amb l&#8217;empresa de menjador, ampliant la jornada dels infants fins les 16:30h, amb activitats esportives i l\u00fadiques (per a tots els usuaris dels menjador).<\/p>\n<p style=\"text-align: justify;\">\ud83d\udd04 <a href=\"http:\/\/agora.xtec.cat\/escferraniclua\/categoria\/afa-doctor-ferran-i-clua\/allargament-de-jornada\/\">Tota l&#8217;actualitat d&#8217;aquest servei<\/a><\/p>\n<hr \/>\n<h2 style=\"text-align: justify;\"><strong><a id=\"monitoratge\"><\/a>Servei de monitoratge<br \/>\n<\/strong><\/h2>\n<p style=\"text-align: justify;\">Per a les fam\u00edlies que ho necessitin l&#8217;AFA ofereix un servei de monitoratge a les reunions de nivell de l\u2019escola.<\/p>\n<p style=\"text-align: justify;\">\ud83d\udd04 <a href=\"http:\/\/agora.xtec.cat\/escferraniclua\/categoria\/afa-doctor-ferran-i-clua\/servei-de-monitoratge\/\">Tota l&#8217;actualitat d&#8217;aquest servei<\/a><\/p>\n<hr \/>\n<h2 style=\"text-align: justify;\"><strong><a id=\"coordinacio-delegats\"><\/a>Coordinaci\u00f3 de fam\u00edlies delegades de classe<br \/>\n<\/strong><\/h2>\n<p style=\"text-align: justify;\">La figura del coordinador\/a de les fam\u00edlies delegades de classe serveix d&#8217;enlla\u00e7 entre l&#8217;escola, l&#8217;AFA i les fam\u00edlies.<\/p>\n<p style=\"text-align: justify;\">\ud83d\udd04 <a href=\"http:\/\/agora.xtec.cat\/escferraniclua\/categoria\/afa-doctor-ferran-i-clua\/coordinacio-delegades-i-delegats-de-classe\/\">Tota l&#8217;actualitat d&#8217;aquest servei<\/a><\/p>\n<hr \/>\n<h2 style=\"text-align: justify;\"><strong><a id=\"festes\"><\/a>Festes a l&#8217;escola<br \/>\n<\/strong><\/h2>\n<p style=\"text-align: justify;\">L&#8217;AFA organitza les festes que es fan durant el curs al pati de l&#8217;escola: castanyada a l&#8217;octubre, carnestoltes al febrer, Sant Jordi a l&#8217;abril i la festa de les fam\u00edlies s\u00f2cies al juny.<\/p>\n<p style=\"text-align: justify;\">\ud83d\udd04 <a href=\"http:\/\/agora.xtec.cat\/escferraniclua\/categoria\/afa-doctor-ferran-i-clua\/festes-escola\/\">Tota l&#8217;actualitat d&#8217;aquest servei<\/a><\/p>\n<hr \/>\n<h2 style=\"text-align: justify;\"><strong><a id=\"activitats-familia\"><\/a>Activitats en fam\u00edlia<br \/>\n<\/strong><\/h2>\n<p style=\"text-align: justify;\">L&#8217;AFA organitza activitats per poder gaudir-les en fam\u00edlia com l&#8217;activitat mensual de piscina al Centre Municipal Cotxeres Borb\u00f3.<\/p>\n<p style=\"text-align: justify;\">\ud83d\udd04 <a href=\"http:\/\/agora.xtec.cat\/escferraniclua\/categoria\/afa-doctor-ferran-i-clua\/activitats-en-familia\/\">Tota l&#8217;actualitat d&#8217;aquest servei<\/a><\/p>\n<hr \/>\n<h2 style=\"text-align: justify;\"><strong><a id=\"treball-xarxa\"><\/a>Treball en xarxa<br \/>\n<\/strong><\/h2>\n<p style=\"text-align: justify;\">Participem en activitats amb les entitats del barri i compartim propostes amb altres associacions de fam\u00edlies del Districte de Sant Andreu col\u00b7laborant en les millores per a l&#8217;escola.<\/p>\n<p style=\"text-align: justify;\">\ud83d\udd04 <a href=\"http:\/\/agora.xtec.cat\/escferraniclua\/categoria\/afa-doctor-ferran-i-clua\/treball-en-xarxa\/\">Tota l&#8217;actualitat d&#8217;aquest servei<\/a><\/p>\n","protected":false},"excerpt":{"rendered":"<p>A l&#8217;AFA Doctor Ferran i Clua organitzem i gestionem serveis i activitats que es duen a terme a la nostra escola que d&#8217;altre manera, at\u00e8s els recursos limitats de l&#8217;escola p\u00fablica, aquesta no podria oferir. En aquest sentit, volem agrair la seva ajuda a les&hellip;  <a href=\"https:\/\/agora.xtec.cat\/escferraniclua\/participacio\/afa-doctor-ferran-i-clua\/que-fem-afa\/\" title=\"Read Que fem a l&#8217;AFA\">Llegeix m\u00e9s\u00bb<\/a><\/p>\n","protected":false},"author":7,"featured_media":0,"parent":1383,"menu_order":1,"comment_status":"closed","ping_status":"closed","template":"","meta":{"_bbp_topic_count":0,"_bbp_reply_count":0,"_bbp_total_topic_count":0,"_bbp_total_reply_count":0,"_bbp_voice_count":0,"_bbp_anonymous_reply_count":0,"_bbp_topic_count_hidden":0,"_bbp_reply_count_hidden":0,"_bbp_forum_subforum_count":0,"footnotes":""},"class_list":["post-1413","page","type-page","status-publish","hentry"],"post_mailing_queue_ids":[],"_links":{"self":[{"href":"https:\/\/agora.xtec.cat\/escferraniclua\/wp-json\/wp\/v2\/pages\/1413","targetHints":{"allow":["GET"]}}],"collection":[{"href":"https:\/\/agora.xtec.cat\/escferraniclua\/wp-json\/wp\/v2\/pages"}],"about":[{"href":"https:\/\/agora.xtec.cat\/escferraniclua\/wp-json\/wp\/v2\/types\/page"}],"author":[{"embeddable":true,"href":"https:\/\/agora.xtec.cat\/escferraniclua\/wp-json\/wp\/v2\/users\/7"}],"replies":[{"embeddable":true,"href":"https:\/\/agora.xtec.cat\/escferraniclua\/wp-json\/wp\/v2\/comments?post=1413"}],"version-history":[{"count":6,"href":"https:\/\/agora.xtec.cat\/escferraniclua\/wp-json\/wp\/v2\/pages\/1413\/revisions"}],"predecessor-version":[{"id":4178,"href":"https:\/\/agora.xtec.cat\/escferraniclua\/wp-json\/wp\/v2\/pages\/1413\/revisions\/4178"}],"up":[{"embeddable":true,"href":"https:\/\/agora.xtec.cat\/escferraniclua\/wp-json\/wp\/v2\/pages\/1383"}],"wp:attachment":[{"href":"https:\/\/agora.xtec.cat\/escferraniclua\/wp-json\/wp\/v2\/media?parent=1413"}],"curies":[{"name":"wp","href":"https:\/\/api.w.org\/{rel}","templated":true}]}}