{"id":1383,"date":"2020-09-13T19:33:51","date_gmt":"2020-09-13T17:33:51","guid":{"rendered":"http:\/\/agora.xtec.cat\/escferraniclua\/?page_id=1383"},"modified":"2025-09-14T18:55:30","modified_gmt":"2025-09-14T16:55:30","slug":"afa-doctor-ferran-i-clua","status":"publish","type":"page","link":"https:\/\/agora.xtec.cat\/escferraniclua\/participacio\/afa-doctor-ferran-i-clua\/","title":{"rendered":"L&#8217;AFA Doctor Ferran i Clua"},"content":{"rendered":"<p style=\"text-align: justify;\">L&#8217;<strong>Associaci\u00f3 de Fam\u00edlies d&#8217;Alumnes (AFA)<\/strong> representa a totes les fam\u00edlies davant l&#8217;escola i les entitats amb les que col\u00b7labora. Vetllant i treballant, conjuntament amb l&#8217;equip professional de l&#8217;escola, pel bon funcionament del centre en tots els \u00e0mbits. <strong>L&#8217;escola sense les fam\u00edlies es queda coixa, l&#8217;AFA som tots! Participa!<\/strong><\/p>\n<div style=\"width: 640px;\" class=\"wp-video\"><!--[if lt IE 9]><script>document.createElement('video');<\/script><![endif]-->\n<video class=\"wp-video-shortcode\" id=\"video-1383-1\" width=\"640\" height=\"360\" poster=\"https:\/\/agora.xtec.cat\/escferraniclua\/wp-content\/uploads\/usu1879\/2021\/02\/frame-video-afa-ferran-i-clua.jpg\" autoplay=\"1\" preload=\"metadata\" controls=\"controls\"><source type=\"video\/mp4\" src=\"https:\/\/agora.xtec.cat\/escferraniclua\/wp-content\/uploads\/usu1879\/2021\/02\/video-promo-afa-ferran-i-clua-LQ.mp4?_=1\" \/><a href=\"https:\/\/agora.xtec.cat\/escferraniclua\/wp-content\/uploads\/usu1879\/2021\/02\/video-promo-afa-ferran-i-clua-LQ.mp4\">https:\/\/agora.xtec.cat\/escferraniclua\/wp-content\/uploads\/usu1879\/2021\/02\/video-promo-afa-ferran-i-clua-LQ.mp4<\/a><\/video><\/div>\n<hr \/>\n<p style=\"text-align: justify;\"><strong>\u2139 Per a m\u00e9s informaci\u00f3 sobre els serveis i activitats que oferim <a href=\"http:\/\/agora.xtec.cat\/escferraniclua\/participacio\/afa-doctor-ferran-i-clua\/que-fem-afa\/\">feu clic aqu\u00ed<\/a><\/strong><span style=\"color: #ff0000;\"><br \/>\n<\/span><\/p>\n<hr \/>\n<p style=\"text-align: justify;\"><img loading=\"lazy\" decoding=\"async\" class=\"alignnone wp-image-1387 size-full\" title=\"L'escola sense les fam\u00edlies es queda coixa\" src=\"https:\/\/agora.xtec.cat\/escferraniclua\/wp-content\/uploads\/usu1879\/2019\/12\/sense-families-afa-doctor-ferran-i-clua.jpg\" alt=\"L'escola sense les fam\u00edlies es queda coixa\" width=\"1200\" height=\"600\" srcset=\"https:\/\/agora.xtec.cat\/escferraniclua\/wp-content\/uploads\/usu1879\/2019\/12\/sense-families-afa-doctor-ferran-i-clua.jpg 1200w, https:\/\/agora.xtec.cat\/escferraniclua\/wp-content\/uploads\/usu1879\/2019\/12\/sense-families-afa-doctor-ferran-i-clua-300x150.jpg 300w, https:\/\/agora.xtec.cat\/escferraniclua\/wp-content\/uploads\/usu1879\/2019\/12\/sense-families-afa-doctor-ferran-i-clua-768x384.jpg 768w, https:\/\/agora.xtec.cat\/escferraniclua\/wp-content\/uploads\/usu1879\/2019\/12\/sense-families-afa-doctor-ferran-i-clua-1024x512.jpg 1024w\" sizes=\"auto, (max-width: 1200px) 100vw, 1200px\" \/><\/p>\n<h2 style=\"text-align: justify;\">L&#8217;ASSEMBLEA GENERAL<\/h2>\n<p style=\"text-align: justify;\"><strong>L&#8217;assemblea general de l&#8217;AFA Doctor Ferran i Clua \u00e9s l\u2019\u00f2rgan on es prenen tots els acords i es fixen les l\u00ednies de treball fonamentals de l\u2019associaci\u00f3<\/strong>. Actualment es celebren dues assemblees durant el curs, una al desembre i l\u2019altre al mes de juny. En aquestes assemblees poden participar totes les fam\u00edlies de ple dret, s\u00f2cies i no s\u00f2cies.<\/p>\n<p style=\"text-align: justify;\"><strong>Participa i vine a dir la teva! Entre totes fem una escola millor per als nostres filles i fills.<\/strong><\/p>\n<h2 style=\"text-align: justify;\">JUNTA DIRECTIVA<\/h2>\n<p style=\"text-align: justify;\">La Junta Directiva de l&#8217;AFA \u00e9s l&#8217;\u00f2rgan de govern, representaci\u00f3 i administraci\u00f3 de l&#8217;associaci\u00f3. La formen <strong>mares i pares<\/strong><strong>\u00a0voluntaris que es reuneixen mensualment per atendre el dia a dia de l\u2019AFA<\/strong>. Els c\u00e0rrecs es renoven cada dos anys, per\u00f2 els seus membres poden ser reelegits.<\/p>\n<p style=\"text-align: justify;\">Actualment la Junta Directiva la formen les seg\u00fcents persones:<\/p>\n<p><strong>Anna Puigdemasa<\/strong> (Presidenta i suport d&#8217;extraescolars i casal estiu)<br \/>\n<strong>Isabel Nogueiras<\/strong> (Secret\u00e0ria)<br \/>\n<strong>Carolina D\u00edez <\/strong>(Tresorera)<br \/>\n<strong>Anun Basalo<\/strong> (Vocal de Festes)<strong><br \/>\n<\/strong><strong>Clara Reillo<\/strong> (Vocal de Diversitat i Conviv\u00e8ncia)<br \/>\n<strong>Sandra Rosa<\/strong> (Vocal de Pati)<strong><br \/>\nMar<\/strong> <strong>Roca<\/strong> (Vocal d&#8217;Escola de Fam\u00edlies i suport relacions externes)<strong><br \/>\n<\/strong><strong>Cora Gallego<\/strong> (Vocal de Menjador)<br \/>\n<strong>Pilar<\/strong>\u00a0<strong>Calvo<\/strong> (Vocal d&#8217;Extraescolars)<br \/>\n<strong style=\"font-family: inherit; font-size: 1em;\">Anna Garcia<\/strong><span style=\"font-family: inherit; font-size: 1em;\"> (Vocal de Biblioteca)<br \/>\n<strong>Ignasi Gran\u00e9s <\/strong>(Vocal de Batucada)<br \/>\n<\/span><strong>Yolanda P\u00e9rez<\/strong> (Vocal de Comunicaci\u00f3)<\/p>\n<p><span style=\"font-family: inherit; font-size: 1em;\"><strong>Margarita Guti\u00e9rrez <\/strong>(Coordinadora de fam\u00edlies delegades)<\/span><\/p>\n<p style=\"text-align: justify;\">Tamb\u00e9 forma part de l&#8217;AFA:<\/p>\n<p style=\"text-align: justify;\"><strong>Marina Tabares<\/strong> (Administrativa i coordinadora de menjador)<\/p>\n<h2 style=\"text-align: justify;\">COMISSIONS<\/h2>\n<p style=\"text-align: justify;\">L&#8217;AFA esta organitzada en comissions de treball, activitats o projectes concrets. S\u00f3n essencials pel desenvolupament, seguiment i gesti\u00f3 d&#8217;activitats que, o b\u00e9 per horari o per localitzaci\u00f3, queden fora de l&#8217;\u00e0mbit de l&#8217;escola. Les comissions s\u00f3n un espai idoni per col\u00b7laborar, participar i implicar-se personalment en la educaci\u00f3 dels nostres fills i filles. Actualment tenim les comissions d&#8217;extraescolars, menjador, pati, comunicaci\u00f3, inclusi\u00f3, relacions externes, biblio-lectura, festes i fam\u00edlies.<\/p>\n<p style=\"text-align: justify;\"><strong>\u2139<\/strong> <a href=\"http:\/\/agora.xtec.cat\/escferraniclua\/participacio\/afa-doctor-ferran-i-clua\/comissions-afa\/\">M\u00e9s informaci\u00f3 aqu\u00ed<\/a><\/p>\n<h2 style=\"text-align: justify;\">FES-TE SOCI DE L&#8217;AFA!<\/h2>\n<p style=\"text-align: justify;\">L&#8217;AFA som tots! Participa i fes-te soci! Gaudeix de totes les avantatges que t&#8217;oferim: asseguran\u00e7a assistencial, participaci\u00f3 en la presa de decisions i participaci\u00f3 en l&#8217;escola.<\/p>\n<p style=\"text-align: justify;\">Et necessitem per imaginar, per buscar extraescolars i casals d&#8217;estiu, per passar bones estones, per revisar men\u00fas, per idear tallers, per penjar cartells, per recollir, per portar caixes i cartrons, per buscar millores vers l&#8217;escola&#8230;per gaudir entre tots!<\/p>\n<p style=\"text-align: justify;\"><span style=\"color: #ff0000;\"><strong>\u2139<\/strong> <a href=\"http:\/\/agora.xtec.cat\/escferraniclua\/participacio\/afa-doctor-ferran-i-clua\/fes-te-soci-afa\/\">M\u00e9s informaci\u00f3 aqu\u00ed<\/a><\/span><\/p>\n","protected":false},"excerpt":{"rendered":"<p>L&#8217;Associaci\u00f3 de Fam\u00edlies d&#8217;Alumnes (AFA) representa a totes les fam\u00edlies davant l&#8217;escola i les entitats amb les que col\u00b7labora. Vetllant i treballant, conjuntament amb l&#8217;equip professional de l&#8217;escola, pel bon funcionament del centre en tots els \u00e0mbits. L&#8217;escola sense les fam\u00edlies es queda coixa, l&#8217;AFA&hellip;  <a href=\"https:\/\/agora.xtec.cat\/escferraniclua\/participacio\/afa-doctor-ferran-i-clua\/\" title=\"Read L&#8217;AFA Doctor Ferran i Clua\">Llegeix m\u00e9s\u00bb<\/a><\/p>\n","protected":false},"author":7,"featured_media":0,"parent":508,"menu_order":0,"comment_status":"closed","ping_status":"closed","template":"","meta":{"_bbp_topic_count":0,"_bbp_reply_count":0,"_bbp_total_topic_count":0,"_bbp_total_reply_count":0,"_bbp_voice_count":0,"_bbp_anonymous_reply_count":0,"_bbp_topic_count_hidden":0,"_bbp_reply_count_hidden":0,"_bbp_forum_subforum_count":0,"footnotes":""},"class_list":["post-1383","page","type-page","status-publish","hentry"],"post_mailing_queue_ids":[],"_links":{"self":[{"href":"https:\/\/agora.xtec.cat\/escferraniclua\/wp-json\/wp\/v2\/pages\/1383","targetHints":{"allow":["GET"]}}],"collection":[{"href":"https:\/\/agora.xtec.cat\/escferraniclua\/wp-json\/wp\/v2\/pages"}],"about":[{"href":"https:\/\/agora.xtec.cat\/escferraniclua\/wp-json\/wp\/v2\/types\/page"}],"author":[{"embeddable":true,"href":"https:\/\/agora.xtec.cat\/escferraniclua\/wp-json\/wp\/v2\/users\/7"}],"replies":[{"embeddable":true,"href":"https:\/\/agora.xtec.cat\/escferraniclua\/wp-json\/wp\/v2\/comments?post=1383"}],"version-history":[{"count":6,"href":"https:\/\/agora.xtec.cat\/escferraniclua\/wp-json\/wp\/v2\/pages\/1383\/revisions"}],"predecessor-version":[{"id":4179,"href":"https:\/\/agora.xtec.cat\/escferraniclua\/wp-json\/wp\/v2\/pages\/1383\/revisions\/4179"}],"up":[{"embeddable":true,"href":"https:\/\/agora.xtec.cat\/escferraniclua\/wp-json\/wp\/v2\/pages\/508"}],"wp:attachment":[{"href":"https:\/\/agora.xtec.cat\/escferraniclua\/wp-json\/wp\/v2\/media?parent=1383"}],"curies":[{"name":"wp","href":"https:\/\/api.w.org\/{rel}","templated":true}]}}