{"id":18778,"date":"2025-10-22T13:19:15","date_gmt":"2025-10-22T11:19:15","guid":{"rendered":"https:\/\/agora.xtec.cat\/escfaust\/?page_id=18778"},"modified":"2026-04-14T13:06:30","modified_gmt":"2026-04-14T11:06:30","slug":"consellescolar","status":"publish","type":"page","link":"https:\/\/agora.xtec.cat\/escfaust\/escola\/consellescolar\/","title":{"rendered":"Consell escolar"},"content":{"rendered":"\n<div class=\"wp-block-media-text is-stacked-on-mobile\" style=\"grid-template-columns:31% auto\"><figure class=\"wp-block-media-text__media\"><img loading=\"lazy\" decoding=\"async\" width=\"1024\" height=\"1024\" src=\"https:\/\/agora.xtec.cat\/escfaust\/wp-content\/uploads\/usu1651\/2026\/04\/consell-escolar-1024x1024.png\" alt=\"\" class=\"wp-image-19207 size-full\" srcset=\"https:\/\/agora.xtec.cat\/escfaust\/wp-content\/uploads\/usu1651\/2026\/04\/consell-escolar-1024x1024.png 1024w, https:\/\/agora.xtec.cat\/escfaust\/wp-content\/uploads\/usu1651\/2026\/04\/consell-escolar-300x300.png 300w, https:\/\/agora.xtec.cat\/escfaust\/wp-content\/uploads\/usu1651\/2026\/04\/consell-escolar-150x150.png 150w, https:\/\/agora.xtec.cat\/escfaust\/wp-content\/uploads\/usu1651\/2026\/04\/consell-escolar-768x768.png 768w, https:\/\/agora.xtec.cat\/escfaust\/wp-content\/uploads\/usu1651\/2026\/04\/consell-escolar.png 1080w\" sizes=\"auto, (max-width: 1024px) 100vw, 1024px\" \/><\/figure><div class=\"wp-block-media-text__content\">\n<p>El&nbsp;Consell Escolar&nbsp;\u00e9s l\u2019\u00f2rgan de govern col\u00b7legiat de l\u2019escola, on es prenen decisions clau per al funcionament i la millora del centre. Aquest espai de trobada i debat t\u00e9 com a objectiu garantir la participaci\u00f3 activa de tots els sectors implicats en l\u2019educaci\u00f3 dels nostres alumnes. Entre les seves funcions hi ha l\u2019aprovaci\u00f3 del projecte educatiu, el seguiment de la gesti\u00f3 econ\u00f2mica i l\u2019organitzaci\u00f3 del centre, aix\u00ed com la proposta i valoraci\u00f3 d\u2019iniciatives per millorar la qualitat educativa.<\/p>\n\n\n\n<div class=\"wp-block-columns is-layout-flex wp-container-core-columns-is-layout-1 wp-block-columns-is-layout-flex\">\n<div class=\"wp-block-column is-layout-flow wp-block-column-is-layout-flow\">\n<div class=\"wp-block-getwid-icon-box has-text-center\"><div class=\"wp-block-getwid-icon-box__icon-container is-position-top\"><div class=\"wp-block-getwid-icon-box__icon-wrapper\"><i class=\"far fa-file-alt\"><\/i><\/div><\/div><div class=\"wp-block-getwid-icon-box__content\">\n<h6 class=\"wp-block-heading\">Funcions<\/h6>\n<\/div><\/div>\n<\/div>\n\n\n\n<div class=\"wp-block-column is-layout-flow wp-block-column-is-layout-flow\">\n<div class=\"wp-block-getwid-icon-box has-text-center\"><div class=\"wp-block-getwid-icon-box__icon-container is-position-top\"><div class=\"wp-block-getwid-icon-box__icon-wrapper\"><i class=\"far fa-handshake\"><\/i><\/div><\/div><div class=\"wp-block-getwid-icon-box__content\">\n<h6 class=\"wp-block-heading has-black-color has-text-color has-link-color wp-elements-685e7fa495b7f05a61603eda0c83811b\"><a href=\"https:\/\/agora.xtec.cat\/escfaust\/escola\/consellescolar\/acords\/\">Acords<\/a><\/h6>\n<\/div><\/div>\n<\/div>\n<\/div>\n<\/div><\/div>\n\n\n\n<div class=\"wp-block-getwid-advanced-spacer\" style=\"height:74px\" aria-hidden=\"true\"><\/div>\n\n\n\n<h3 class=\"wp-block-heading\">Representants<\/h3>\n\n\n\n<div class=\"wp-block-columns is-layout-flex wp-container-core-columns-is-layout-2 wp-block-columns-is-layout-flex\">\n<div class=\"wp-block-column is-layout-flow wp-block-column-is-layout-flow\">\n<h6 class=\"wp-block-heading\">Equip directiu<\/h6>\n\n\n\n<ul class=\"wp-block-list\">\n<li>Carles Mart\u00edn<\/li>\n\n\n\n<li>Roc\u00edo Rubira<\/li>\n\n\n\n<li>Laura Bosch<\/li>\n<\/ul>\n<\/div>\n\n\n\n<div class=\"wp-block-column is-layout-flow wp-block-column-is-layout-flow\">\n<h6 class=\"wp-block-heading\">AFA<\/h6>\n\n\n\n<ul class=\"wp-block-list\">\n<li>Laura D&#8217;Aprile<\/li>\n<\/ul>\n<\/div>\n\n\n\n<div class=\"wp-block-column is-layout-flow wp-block-column-is-layout-flow\">\n<h6 class=\"wp-block-heading\">Fam\u00edlies<\/h6>\n\n\n\n<ul class=\"wp-block-list\">\n<li>Numa Waggeh<\/li>\n\n\n\n<li>Alejandro Conesa<\/li>\n<\/ul>\n<\/div>\n<\/div>\n\n\n\n<div class=\"wp-block-columns is-layout-flex wp-container-core-columns-is-layout-3 wp-block-columns-is-layout-flex\">\n<div class=\"wp-block-column is-layout-flow wp-block-column-is-layout-flow\">\n<h6 class=\"wp-block-heading\">Mestres<\/h6>\n\n\n\n<ul class=\"wp-block-list\">\n<li>David Mena<\/li>\n\n\n\n<li>Marina Serra<\/li>\n\n\n\n<li>Noem\u00ed Claver<\/li>\n<\/ul>\n<\/div>\n\n\n\n<div class=\"wp-block-column is-layout-flow wp-block-column-is-layout-flow\">\n<h6 class=\"wp-block-heading\">PAS<\/h6>\n\n\n\n<ul class=\"wp-block-list\">\n<li>Francisco J. Sala<\/li>\n<\/ul>\n<\/div>\n\n\n\n<div class=\"wp-block-column is-layout-flow wp-block-column-is-layout-flow\">\n<h6 class=\"wp-block-heading\">Ajuntament<\/h6>\n\n\n\n<ul class=\"wp-block-list\">\n<li>Gloria Agudo<\/li>\n<\/ul>\n<\/div>\n<\/div>\n","protected":false},"excerpt":{"rendered":"<p>Representants Equip directiu AFA Fam\u00edlies Mestres PAS Ajuntament<\/p>\n","protected":false},"author":1,"featured_media":0,"parent":18730,"menu_order":0,"comment_status":"closed","ping_status":"close","template":"","meta":{"_bbp_topic_count":0,"_bbp_reply_count":0,"_bbp_total_topic_count":0,"_bbp_total_reply_count":0,"_bbp_voice_count":0,"_bbp_anonymous_reply_count":0,"_bbp_topic_count_hidden":0,"_bbp_reply_count_hidden":0,"_bbp_forum_subforum_count":0,"site-sidebar-layout":"default","site-content-layout":"","ast-site-content-layout":"default","site-content-style":"default","site-sidebar-style":"default","ast-global-header-display":"","ast-banner-title-visibility":"","ast-main-header-display":"","ast-hfb-above-header-display":"","ast-hfb-below-header-display":"","ast-hfb-mobile-header-display":"","site-post-title":"","ast-breadcrumbs-content":"","ast-featured-img":"","footer-sml-layout":"","theme-transparent-header-meta":"","adv-header-id-meta":"","stick-header-meta":"","header-above-stick-meta":"","header-main-stick-meta":"","header-below-stick-meta":"","astra-migrate-meta-layouts":"set","ast-page-background-enabled":"default","ast-page-background-meta":{"desktop":{"background-color":"var(--ast-global-color-4)","background-image":"","background-repeat":"repeat","background-position":"center center","background-size":"auto","background-attachment":"scroll","background-type":"","background-media":"","overlay-type":"","overlay-color":"","overlay-opacity":"","overlay-gradient":""},"tablet":{"background-color":"","background-image":"","background-repeat":"repeat","background-position":"center center","background-size":"auto","background-attachment":"scroll","background-type":"","background-media":"","overlay-type":"","overlay-color":"","overlay-opacity":"","overlay-gradient":""},"mobile":{"background-color":"","background-image":"","background-repeat":"repeat","background-position":"center center","background-size":"auto","background-attachment":"scroll","background-type":"","background-media":"","overlay-type":"","overlay-color":"","overlay-opacity":"","overlay-gradient":""}},"ast-content-background-meta":{"desktop":{"background-color":"var(--ast-global-color-5)","background-image":"","background-repeat":"repeat","background-position":"center center","background-size":"auto","background-attachment":"scroll","background-type":"","background-media":"","overlay-type":"","overlay-color":"","overlay-opacity":"","overlay-gradient":""},"tablet":{"background-color":"var(--ast-global-color-5)","background-image":"","background-repeat":"repeat","background-position":"center center","background-size":"auto","background-attachment":"scroll","background-type":"","background-media":"","overlay-type":"","overlay-color":"","overlay-opacity":"","overlay-gradient":""},"mobile":{"background-color":"var(--ast-global-color-5)","background-image":"","background-repeat":"repeat","background-position":"center center","background-size":"auto","background-attachment":"scroll","background-type":"","background-media":"","overlay-type":"","overlay-color":"","overlay-opacity":"","overlay-gradient":""}},"footnotes":""},"class_list":["post-18778","page","type-page","status-publish","hentry"],"post_mailing_queue_ids":[],"_links":{"self":[{"href":"https:\/\/agora.xtec.cat\/escfaust\/wp-json\/wp\/v2\/pages\/18778","targetHints":{"allow":["GET"]}}],"collection":[{"href":"https:\/\/agora.xtec.cat\/escfaust\/wp-json\/wp\/v2\/pages"}],"about":[{"href":"https:\/\/agora.xtec.cat\/escfaust\/wp-json\/wp\/v2\/types\/page"}],"author":[{"embeddable":true,"href":"https:\/\/agora.xtec.cat\/escfaust\/wp-json\/wp\/v2\/users\/1"}],"replies":[{"embeddable":true,"href":"https:\/\/agora.xtec.cat\/escfaust\/wp-json\/wp\/v2\/comments?post=18778"}],"version-history":[{"count":6,"href":"https:\/\/agora.xtec.cat\/escfaust\/wp-json\/wp\/v2\/pages\/18778\/revisions"}],"predecessor-version":[{"id":19212,"href":"https:\/\/agora.xtec.cat\/escfaust\/wp-json\/wp\/v2\/pages\/18778\/revisions\/19212"}],"up":[{"embeddable":true,"href":"https:\/\/agora.xtec.cat\/escfaust\/wp-json\/wp\/v2\/pages\/18730"}],"wp:attachment":[{"href":"https:\/\/agora.xtec.cat\/escfaust\/wp-json\/wp\/v2\/media?parent=18778"}],"curies":[{"name":"wp","href":"https:\/\/api.w.org\/{rel}","templated":true}]}}