{"id":73,"date":"2014-09-18T14:01:51","date_gmt":"2014-09-18T13:01:51","guid":{"rendered":"http:\/\/agora.xtec.cat\/escestel\/?page_id=73"},"modified":"2024-01-29T09:22:31","modified_gmt":"2024-01-29T08:22:31","slug":"menjador-escolar","status":"publish","type":"page","link":"https:\/\/agora.xtec.cat\/escestel\/serveis\/menjador-escolar\/","title":{"rendered":"Menjador escolar"},"content":{"rendered":"<ul>\n<li>El servei de menjador\u00a0 est\u00e0 \u00edntegrament gestionat per l&#8217;AFA de l&#8217;escola.<\/li>\n<li>Cuina pr\u00f2pia.<\/li>\n<li>Men\u00fas adaptats i supervisats per nutricionistes elaborats amb productes de proximitat i ecol\u00f2gics.<\/li>\n<li>El servei pot ser fix o espor\u00e0dic.<\/li>\n<\/ul>\n<h6>Normativa pel servei de menjador<\/h6>\n<ul>\n<li>Els men\u00fas s\u2019enviaran mensualment a les fam\u00edlies.<\/li>\n<li>Els nens i nenes que fan \u00fas fix del menjador, en cas de faltar algun dia, han d&#8217;avisar a la persona coordinadora, d&#8217;aquesta manera es descomptar\u00e0 la part del menjar del dia.<\/li>\n<li>Cal tamb\u00e9 que, si els vostres fills\/es es queden a dinar un dia espor\u00e0dic, o b\u00e9 es queden habitualment i un dia no ho fan, ho comuniqueu per <strong>escrit <\/strong>al tutor.<\/li>\n<li>Si algun infant ha de fer dieta per indisposici\u00f3, <strong>cal avisar <\/strong>al mat\u00ed, <strong>per Dinantia <\/strong>a la persona coordinadora de menjador, per qu\u00e8 se li pugui fer un menjar especial.<\/li>\n<li>En cas que hi hagi intoler\u00e0ncia a certs aliments o per una altra causa de salut caldr\u00e0 dur un certificat m\u00e8dic a principi de curs (s\u2019ha de renovar el certificat cada curs).<\/li>\n<li>Recordeu que per poder administrar medicaments cal seguir la normativa escolar.<\/li>\n<li>Els <strong>dies de sortides<\/strong>, l\u2019escola far\u00e0 el menjar dels nens i nenes que es queden habitualment a dinar. \u00c9s indispensable que aquells alumnes que NO vulguin fer \u00fas del servei de p\u00edcnic els dies de sortida omplin la butlleta REN\u00daNCIA P\u00cdCNIC a comen\u00e7ament de curs, i aix\u00f2 ser\u00e0 v\u00e0lid per tot el curs escolar. A mitjans de curs no es podr\u00e0 renunciar del servei de p\u00edcnic. No es descomptar\u00e0 el dinar d\u2019aquests dies, at\u00e8s que l\u2019escola continua mantenint el servei.<\/li>\n<li>L\u2019horari d\u2019atenci\u00f3 de la coordinadora de menjador a les fam\u00edlies \u00e9s de 9:00h a 9:45h.<strong><br \/>\n<\/strong><\/li>\n<\/ul>\n<ul>\n<li>Per concertar una entrevista amb qualsevol monitor s\u2019haur\u00e0 de trucar de 9:00h a 9:45.<\/li>\n<\/ul>\n<h6><strong>\u00a0Normativa i material espec\u00edfic per educaci\u00f3 infantil<\/strong><\/h6>\n<ul>\n<li><strong>Els infants d&#8217;Inf-3 <\/strong>hauran de portar <strong>5 pitets dins d\u2019una bossa de roba cada dilluns. <\/strong>Cada dia s\u2019emportaran el pitet i el divendres s\u2019emportaran l\u2019\u00faltim dins la bossa. Cal que tot estigui marcat amb el nom.<\/li>\n<li>Els infants de <strong>d&#8217;Inf-3<\/strong> fan migdiada. Cada infant haur\u00e0 de portar un llen\u00e7ol amb gomes el\u00e0stiques per a les gandules (mida aproximada 60&#215;120 cm). Per qui ho necessiti, el dia de la venda de llibres a l\u2019escola tamb\u00e9 podr\u00e0 comprar aquest llen\u00e7ol.<strong><br \/>\n<\/strong><\/li>\n<\/ul>\n<ul>\n<li>Els infants <strong>d&#8217;Inf-4 i Inf-5 <\/strong>hauran de portar <strong>dos tovallons <\/strong>(amb beta per penjar i marcat amb el nom) dins <strong>d\u2019una bossa de roba<\/strong> com les de berenar. Cada divendres els alumnes s\u2019enduran la bossa amb els tovallons per a poder-los rentar i tornar-los a portar el dilluns seg\u00fcent. Tamb\u00e9 hauran de portar un <strong>necesser<\/strong> amb el <strong>raspall i la pasta<\/strong> <strong>de dents<\/strong>. \u00c9s recomanable portar un necesser reixat o transpirable. El necesser es donar\u00e0 cada quinze dies als alumnes per a que es pugui reposar i netejar.<\/li>\n<\/ul>\n<h6><strong>Normativa i material espec\u00edfic per educaci\u00f3 prim\u00e0ria<\/strong><\/h6>\n<ul>\n<li>Els alumnes de <strong>Prim\u00e0ria <\/strong>han de dur el <strong>necesser<\/strong> amb el <strong>raspall i la pasta<\/strong> <strong>de dents<\/strong>. \u00c9s recomanable portar un necesser reixat o transpirable. El necesser es donar\u00e0 cada quinze dies als alumnes per a que es pugui reposar i netejar.<\/li>\n<\/ul>\n","protected":false},"excerpt":{"rendered":"<ul>\n<li>El servei de menjador\u00a0 est\u00e0 \u00edntegrament gestionat per l&#8217;AFA de l&#8217;escola.<\/li>\n<li>Cuina pr\u00f2pia.<\/li>\n<li>Men\u00fas adaptats i supervisats per nutricionistes elaborats amb productes de proximitat i ecol\u00f2gics.<\/li>\n<li>El servei pot ser fix o espor\u00e0dic.<\/li>\n<\/ul>\n<p>Normativa pel servei de menjador<\/p>\n<ul>\n<li>Els men\u00fas s\u2019enviaran mensualment a les fam\u00edlies.<\/li>\n<li>Els nens i nenes que fan&hellip;  <a href=\"https:\/\/agora.xtec.cat\/escestel\/serveis\/menjador-escolar\/\" title=\"Read Menjador escolar\">Llegeix m\u00e9s\u00bb<\/a><br \/>\n","protected":false},"author":1,"featured_media":0,"parent":66,"menu_order":30,"comment_status":"closed","ping_status":"closed","template":"page-templates\/side-menu.php","meta":{"_bbp_topic_count":0,"_bbp_reply_count":0,"_bbp_total_topic_count":0,"_bbp_total_reply_count":0,"_bbp_voice_count":0,"_bbp_anonymous_reply_count":0,"_bbp_topic_count_hidden":0,"_bbp_reply_count_hidden":0,"_bbp_forum_subforum_count":0,"footnotes":""},"class_list":["post-73","page","type-page","status-publish","hentry"],"post_mailing_queue_ids":[],"_links":{"self":[{"href":"https:\/\/agora.xtec.cat\/escestel\/wp-json\/wp\/v2\/pages\/73","targetHints":{"allow":["GET"]}}],"collection":[{"href":"https:\/\/agora.xtec.cat\/escestel\/wp-json\/wp\/v2\/pages"}],"about":[{"href":"https:\/\/agora.xtec.cat\/escestel\/wp-json\/wp\/v2\/types\/page"}],"author":[{"embeddable":true,"href":"https:\/\/agora.xtec.cat\/escestel\/wp-json\/wp\/v2\/users\/1"}],"replies":[{"embeddable":true,"href":"https:\/\/agora.xtec.cat\/escestel\/wp-json\/wp\/v2\/comments?post=73"}],"version-history":[{"count":6,"href":"https:\/\/agora.xtec.cat\/escestel\/wp-json\/wp\/v2\/pages\/73\/revisions"}],"predecessor-version":[{"id":17425,"href":"https:\/\/agora.xtec.cat\/escestel\/wp-json\/wp\/v2\/pages\/73\/revisions\/17425"}],"up":[{"embeddable":true,"href":"https:\/\/agora.xtec.cat\/escestel\/wp-json\/wp\/v2\/pages\/66"}],"wp:attachment":[{"href":"https:\/\/agora.xtec.cat\/escestel\/wp-json\/wp\/v2\/media?parent=73"}],"curies":[{"name":"wp","href":"https:\/\/api.w.org\/{rel}","templated":true}]}}