{"id":614,"date":"2018-01-17T16:12:22","date_gmt":"2018-01-17T15:12:22","guid":{"rendered":"http:\/\/agora.xtec.cat\/escestel\/?page_id=614"},"modified":"2024-01-12T15:52:10","modified_gmt":"2024-01-12T14:52:10","slug":"pla-de-lectura","status":"publish","type":"page","link":"https:\/\/agora.xtec.cat\/escestel\/projecte-educatiu\/els-nostres-projectes\/pla-de-lectura\/","title":{"rendered":"Temps per llegir"},"content":{"rendered":"<p>La lectura \u00e9s un dels aprenentatges m\u00e9s importants que els infants faran al llarg de la seva escolaritat i de la vida. Tenir una bona lectura esdev\u00e9 la gran bastida per aconseguir l&#8217;\u00e8xit en les diferents compet\u00e8ncies. Per aix\u00f2, a l&#8217;Estel duem a terme diferents actuacions amb l&#8217;objectiu de fomentar un bon h\u00e0bit lector que ajudi el nostre alumnat a descobrir, no nom\u00e9s, la necessitat de llegir per aprendre sin\u00f3, el llegir per plaer.<\/p>\n<h5>Bosses viatgeres<\/h5>\n<p>Amb aquest projecte i, comptant com sempre, amb l\u2019ajuda de les fam\u00edlies, volem endinsar els nens i nenes en el m\u00f3n de la literatura, l\u2019aventura i el plaer de llegir en companyia. Volem posar en valor l\u2019estona de lectura de les fam\u00edlies, pares, mares, avis, \u00e0vies, germans, germanes&#8230; per tal que tothom llegeixi, parli, comenti i somi\u00ef a trav\u00e9s de les hist\u00f2ries dels llibres!<br \/>\nCada infant tindr\u00e0 una setmana per descobrir, con\u00e8ixer i compartir les propostes lectores amb la fam\u00edlia, i despr\u00e9s, caldr\u00e0 que retorni la bossa de llibres el dia que toqui.<br \/>\nDins d\u2019aquestes bosses trobareu llibres diversos, revistes i una llibreta d\u2019impressions on hi podreu escriure tot all\u00f2 que us passi pel cap referent al contingut i a l\u2019experi\u00e8ncia lectora en fam\u00edlia.<br \/>\nEsperem que aquestes lectures us animin a continuar llegint a casa i a compartir un espai i un temps amb els vostres fills o filles.<br \/>\nI recordeu&#8230;La lectura \u00e9s cultura!<\/p>\n<h5>Apadrinament lector<\/h5>\n<p>L\u2019apadrinament lector \u00e9s una activitat cooperativa que es realitza entre els infants d&#8217;Inf-5 i 4t, 1r i 5\u00e8 i 2n i 6\u00e8. Els infants m\u00e9s petits fan de fillols i els grans de padrins. Padrins i fillols conviuran establint lligams afectius, treballant la cooperaci\u00f3 entre els diferents cicles i fomentant el gust per la lectura. Aquests seran els objectius principals d\u2019aquesta activitat.<br \/>\nAmb aquesta activitat treballem la lectura creant contextos significatius d\u2019aprenentatge: jo llegeixo perqu\u00e8 alg\u00fa m\u2019escolta, perqu\u00e8 alg\u00fa m\u2019ensenya&#8230;<br \/>\nEl padr\u00ed ajuda a aprendre a llegir el seu fillol, alhora que mira d\u2019encomanar-li el gust per la lectura tot engrescant-lo a llegir.<br \/>\nEs tracta de sessions mensuals on grans i petits gaudeixen fent diferents activitats relacionades amb la lectura: els grans ensenyen a llegir els petits, expliquen contes, comparteixen hist\u00f2ries&#8230;<\/p>\n<h5>Certamen Lectura en Veu Alta<\/h5>\n<p>A l\u2019escola tenim el convenciment que llegir en veu alta \u00e9s important i que el gust per la lectura comen\u00e7a per escoltar. Els infants necessiten hist\u00f2ries per\u00f2 tamb\u00e9 necessiten pares, mares, germans, germanes, avis, \u00e0vies, amics, amigues que els expliquin hist\u00f2ries. Les ganes de llegir es poden encomanar escoltant llegir una altra persona. \u00c9S per tot aix\u00f2 que participem en el Certamen de Lectura en Veu Alta que s\u2019organitza a nivell de tot Catalunya. Es tracta d\u2019una iniciativa de la Fundaci\u00f3 Enciclop\u00e8dia Catalana i el Departament d\u2019Educaci\u00f3 de la Generalitat amb l\u2019objectiu de promoure el gust per la literatura i la llengua per mitj\u00e0 de la lectura compartida en veu alta.<br \/>\nEn aquest Certamen participen els alumnes de 4t i 5\u00e8 de prim\u00e0ria en les categories de grumets vermells i grumets verds. A totes les categories es participa de manera individual.<br \/>\nTot i ser una participaci\u00f3 individual, \u00e9s un certamen concebut per a ser treballat col\u2022lectivament i no pret\u00e9n de cap manera fomentar la competitivitat, per\u00f2 s\u00ed l\u2019afany de superaci\u00f3 i autoexig\u00e8ncia dels nostres infants.<br \/>\nEntre tota la classe i despr\u00e9s de fer diferents activitats s\u2019escull la nena o el nen que representar\u00e0 la classe en aquell certamen.<\/p>\n<h5>Lectures col\u00b7lectives<\/h5>\n<p>A partir de 2n de prim\u00e0ria es fa un treball de lectura col\u00b7lectiva en les diferents lleng\u00fces per tal de fomentar, no nom\u00e9s l&#8217;h\u00e0bit lector sin\u00f3 tamb\u00e9 l&#8217;esperit cr\u00edtic i la comprensi\u00f3 lectora. Oferim els infants llibres que els motivin i els convidin a endinsar-se en el fant\u00e0stic m\u00f3n literari.<\/p>\n","protected":false},"excerpt":{"rendered":"<p>La lectura \u00e9s un dels aprenentatges m\u00e9s importants que els infants faran al llarg de la seva escolaritat i de la vida. Tenir una bona lectura esdev\u00e9 la gran bastida per aconseguir l&#8217;\u00e8xit en les diferents compet\u00e8ncies. Per aix\u00f2, a l&#8217;Estel duem a terme diferents&hellip;  <a href=\"https:\/\/agora.xtec.cat\/escestel\/projecte-educatiu\/els-nostres-projectes\/pla-de-lectura\/\" title=\"Read Temps per llegir\">Llegeix m\u00e9s\u00bb<\/a><\/p>\n","protected":false},"author":1,"featured_media":0,"parent":16870,"menu_order":1,"comment_status":"closed","ping_status":"closed","template":"page-templates\/side-menu.php","meta":{"_bbp_topic_count":0,"_bbp_reply_count":0,"_bbp_total_topic_count":0,"_bbp_total_reply_count":0,"_bbp_voice_count":0,"_bbp_anonymous_reply_count":0,"_bbp_topic_count_hidden":0,"_bbp_reply_count_hidden":0,"_bbp_forum_subforum_count":0,"footnotes":""},"class_list":["post-614","page","type-page","status-publish","hentry"],"post_mailing_queue_ids":[],"_links":{"self":[{"href":"https:\/\/agora.xtec.cat\/escestel\/wp-json\/wp\/v2\/pages\/614","targetHints":{"allow":["GET"]}}],"collection":[{"href":"https:\/\/agora.xtec.cat\/escestel\/wp-json\/wp\/v2\/pages"}],"about":[{"href":"https:\/\/agora.xtec.cat\/escestel\/wp-json\/wp\/v2\/types\/page"}],"author":[{"embeddable":true,"href":"https:\/\/agora.xtec.cat\/escestel\/wp-json\/wp\/v2\/users\/1"}],"replies":[{"embeddable":true,"href":"https:\/\/agora.xtec.cat\/escestel\/wp-json\/wp\/v2\/comments?post=614"}],"version-history":[{"count":4,"href":"https:\/\/agora.xtec.cat\/escestel\/wp-json\/wp\/v2\/pages\/614\/revisions"}],"predecessor-version":[{"id":17410,"href":"https:\/\/agora.xtec.cat\/escestel\/wp-json\/wp\/v2\/pages\/614\/revisions\/17410"}],"up":[{"embeddable":true,"href":"https:\/\/agora.xtec.cat\/escestel\/wp-json\/wp\/v2\/pages\/16870"}],"wp:attachment":[{"href":"https:\/\/agora.xtec.cat\/escestel\/wp-json\/wp\/v2\/media?parent=614"}],"curies":[{"name":"wp","href":"https:\/\/api.w.org\/{rel}","templated":true}]}}