{"id":15873,"date":"2020-05-08T11:45:10","date_gmt":"2020-05-08T09:45:10","guid":{"rendered":"http:\/\/agora.xtec.cat\/escestel\/?page_id=15873"},"modified":"2026-03-04T12:43:41","modified_gmt":"2026-03-04T11:43:41","slug":"preinscripcio-2020-2021","status":"publish","type":"page","link":"https:\/\/agora.xtec.cat\/escestel\/preinscripcio-2020-2021\/","title":{"rendered":"Preinscripci\u00f3 2026-2027"},"content":{"rendered":"<p>El Departament d&#8217;Educaci\u00f3 i Formaci\u00f3 Professional ha publicat les dates de presentaci\u00f3 de sol\u00b7licituds per a la <strong>preinscripci\u00f3 escolar 2026-2027.<\/strong><\/p>\n<ul>\n<li>educaci\u00f3 infantil (3-6 anys) i prim\u00e0ria,\u00a0<strong>del 4 al 18 de mar\u00e7<\/strong><\/li>\n<\/ul>\n<p>Pots trobar tota la informaci\u00f3 relacionada amb el proc\u00e9s, navegant pel men\u00fa de l&#8217;esquerra.<\/p>\n<p><a href=\"https:\/\/preinscripcio.gencat.cat\/ca\/inici\/\" target=\"_blank\" rel=\"noopener\">Web Departament d&#8217;Educaci\u00f3 i Formaci\u00f3 Professional<\/a><\/p>\n","protected":false},"excerpt":{"rendered":"<p>El Departament d&#8217;Educaci\u00f3 i Formaci\u00f3 Professional ha publicat les dates de presentaci\u00f3 de sol\u00b7licituds per a la preinscripci\u00f3 escolar 2026-2027.<\/p>\n<ul>\n<li>educaci\u00f3 infantil (3-6 anys) i prim\u00e0ria,\u00a0del 4 al 18 de mar\u00e7<\/li>\n<\/ul>\n<p>Pots trobar tota la informaci\u00f3 relacionada amb el proc\u00e9s, navegant pel men\u00fa de l&#8217;esquerra.<br \/>\n<a href=\"https:\/\/preinscripcio.gencat.cat\/ca\/inici\/\" target=\"_blank\"&hellip;  <a href=\"https:\/\/agora.xtec.cat\/escestel\/preinscripcio-2020-2021\/\" title=\"Read Preinscripci\u00f3 2026-2027\">Llegeix m\u00e9s\u00bb<\/a><\/p>\n","protected":false},"author":1,"featured_media":0,"parent":0,"menu_order":1,"comment_status":"closed","ping_status":"closed","template":"page-templates\/side-menu.php","meta":{"_bbp_topic_count":0,"_bbp_reply_count":0,"_bbp_total_topic_count":0,"_bbp_total_reply_count":0,"_bbp_voice_count":0,"_bbp_anonymous_reply_count":0,"_bbp_topic_count_hidden":0,"_bbp_reply_count_hidden":0,"_bbp_forum_subforum_count":0,"footnotes":""},"class_list":["post-15873","page","type-page","status-publish","hentry"],"post_mailing_queue_ids":[],"_links":{"self":[{"href":"https:\/\/agora.xtec.cat\/escestel\/wp-json\/wp\/v2\/pages\/15873","targetHints":{"allow":["GET"]}}],"collection":[{"href":"https:\/\/agora.xtec.cat\/escestel\/wp-json\/wp\/v2\/pages"}],"about":[{"href":"https:\/\/agora.xtec.cat\/escestel\/wp-json\/wp\/v2\/types\/page"}],"author":[{"embeddable":true,"href":"https:\/\/agora.xtec.cat\/escestel\/wp-json\/wp\/v2\/users\/1"}],"replies":[{"embeddable":true,"href":"https:\/\/agora.xtec.cat\/escestel\/wp-json\/wp\/v2\/comments?post=15873"}],"version-history":[{"count":6,"href":"https:\/\/agora.xtec.cat\/escestel\/wp-json\/wp\/v2\/pages\/15873\/revisions"}],"predecessor-version":[{"id":18152,"href":"https:\/\/agora.xtec.cat\/escestel\/wp-json\/wp\/v2\/pages\/15873\/revisions\/18152"}],"wp:attachment":[{"href":"https:\/\/agora.xtec.cat\/escestel\/wp-json\/wp\/v2\/media?parent=15873"}],"curies":[{"name":"wp","href":"https:\/\/api.w.org\/{rel}","templated":true}]}}