{"id":2312,"date":"2023-02-23T10:29:57","date_gmt":"2023-02-23T09:29:57","guid":{"rendered":"https:\/\/agora.xtec.cat\/escesperanza\/?page_id=2312"},"modified":"2024-11-11T12:15:19","modified_gmt":"2024-11-11T11:15:19","slug":"fem-caixa","status":"publish","type":"page","link":"https:\/\/agora.xtec.cat\/escesperanza\/projectes-apsc\/fem-caixa\/","title":{"rendered":"Fem caixa"},"content":{"rendered":"<p><span style=\"font-size: 20px; line-height: 1.5em;\">El projecte consisteix en fer participar l&#8217;alumnat de major edat (grup A) en la gesti\u00f3 de la petita despesa quotidiana del centre.<\/span><\/p>\n<div style=\"width: 100%;\">\n<div class=\"foto1\"><iframe loading=\"lazy\" src=\"https:\/\/drive.google.com\/file\/d\/1pNEpe4qZjU05K4k_ggfklvuae5_sRzwC\/preview\" width=\"620\" height=\"350\"><span data-mce-type=\"bookmark\" style=\"display: inline-block; width: 0px; overflow: hidden; line-height: 0;\" class=\"mce_SELRES_start\">\ufeff<\/span><span data-mce-type=\"bookmark\" style=\"display: inline-block; width: 0px; overflow: hidden; line-height: 0;\" class=\"mce_SELRES_start\">\ufeff<\/span><span data-mce-type=\"bookmark\" style=\"display: inline-block; width: 0px; overflow: hidden; line-height: 0;\" class=\"mce_SELRES_start\">\ufeff<\/span><\/iframe><\/div>\n<div class=\"foto1\"><iframe loading=\"lazy\" src=\"https:\/\/drive.google.com\/file\/d\/1pi6lo0fNyb8TdkH_kNOtlOH3ZIBHFgBD\/preview\" width=\"620\" height=\"350\"><span data-mce-type=\"bookmark\" style=\"display: inline-block; width: 0px; overflow: hidden; line-height: 0;\" class=\"mce_SELRES_start\">\ufeff<\/span><span data-mce-type=\"bookmark\" style=\"display: inline-block; width: 0px; overflow: hidden; line-height: 0;\" class=\"mce_SELRES_start\">\ufeff<\/span><span data-mce-type=\"bookmark\" style=\"display: inline-block; width: 0px; overflow: hidden; line-height: 0;\" class=\"mce_SELRES_start\">\ufeff<\/span><span data-mce-type=\"bookmark\" style=\"display: inline-block; width: 0px; overflow: hidden; line-height: 0;\" class=\"mce_SELRES_start\">\ufeff<\/span><\/iframe><\/div>\n<\/div>\n<p><span style=\"font-size: 20px; line-height: 1.5em; display: block;\">A la nostra escola de vegades cal disposar de material i la seva compra no es pot planificar: aliments per al taller de cuina, llavors o planter per a l\u2019hort, targetes multiviatge per a les sortides en transport p\u00fablic, \u2026. En aquests casos els professors fan les compres necess\u00e0ries i despr\u00e9s entreguen els justificants i se&#8217;ls abona els diners gastats. Cal portar un control d&#8217;aquestes despeses.<\/span><\/p>\n<p><span style=\"font-size: 20px; line-height: 1.5em;\">En un principi aquesta feina es feia al despatx d&#8217;administraci\u00f3 d&#8217;ASSA, despr\u00e9s la va asumir el director, per\u00f2 amb el temps ens vam plantejar la possibilitat de convertir-ho en una\u00a0 oportunitat d&#8217;impicar l&#8217;alumnat i vam crear el projecte Fem Caixa.<\/span><\/p>\n<p><span style=\"font-size: 20px; line-height: 1.5em;\">L&#8217;activitat consisteix a:<\/span><\/p>\n<ul style=\"font-size: 20px; line-height: 1.5em;\">\n<li>Recollir els tiquets de compra i les factures de cada professor.<\/li>\n<li>Registrar-los en el llibre de registre anual.<\/li>\n<li>Endre\u00e7ar-los per mesos.<\/li>\n<li>Classificar-los per cap\u00edtols de despesa.<\/li>\n<li>Comptabilitzar-los.<\/li>\n<li>Arxivar-los.<\/li>\n<li>Fer el pagament en efectiu als professors i<\/li>\n<li>Fer un resum econ\u00f2mic anual que s&#8217;entrega al gerent d&#8217;ASSA.<\/li>\n<\/ul>\n<div class=\"foto2\"><iframe loading=\"lazy\" src=\"https:\/\/drive.google.com\/file\/d\/1DaOAtaEhp2w5OxEPJuE_Qex7sHdtv8-p\/preview\" width=\"620\" height=\"350\"><span data-mce-type=\"bookmark\" style=\"display: inline-block; width: 0px; overflow: hidden; line-height: 0;\" class=\"mce_SELRES_start\">\ufeff<\/span><\/iframe><\/div>\n<div class=\"foto2\"><iframe loading=\"lazy\" src=\"https:\/\/drive.google.com\/file\/d\/1gE4JCOY7xc32b_GT_dbNIju3OS4-rnS_\/preview\" width=\"620\" height=\"350\"><span data-mce-type=\"bookmark\" style=\"display: inline-block; width: 0px; overflow: hidden; line-height: 0;\" class=\"mce_SELRES_start\">\ufeff<\/span><\/iframe><\/div>\n<p>&nbsp;<\/p>\n<p><span style=\"font-size: 20px; line-height: 1.5em;\">Tota aquesta feina es fa dins la mat\u00e8ria de Consum responsable de l&#8217;\u00e0mbit Comunitari a ra\u00f3 d&#8217;una hora setmanal durant tot el curs.<\/span><\/p>\n<p><span style=\"font-size: 20px; line-height: 1.5em;\">L&#8217;alumnat apr\u00e9n i posa en pr\u00e0ctica diferents habilitats com la lectura i interpretaci\u00f3 dels tiquets de compra i les factures, l&#8217;ordre cronol\u00f2gic, sistema d&#8217;arxiu,\u00a0 les operacions amb nombres decimals, o l&#8217;utilitzaci\u00f3 d&#8217;eines i aplicacions digitals. i un cop a l&#8217;any (al mes de mar\u00e7) es fa entrega a ASSA de l&#8217;arxiu i el resum contable de l&#8217;any.<\/span><\/p>\n","protected":false},"excerpt":{"rendered":"<p>El projecte consisteix en fer participar l&#8217;alumnat de major edat (grup A) en la gesti\u00f3 de la petita despesa quotidiana del centre. \ufeff\ufeff\ufeff \ufeff\ufeff\ufeff\ufeff A la nostra escola de vegades cal disposar de material i la seva compra no es pot planificar: aliments per al taller de cuina, llavors o planter per a l\u2019hort, targetes [&hellip;]<\/p>\n","protected":false},"author":1,"featured_media":0,"parent":2139,"menu_order":0,"comment_status":"closed","ping_status":"closed","template":"page-templates\/side-menu.php","meta":{"_bbp_topic_count":0,"_bbp_reply_count":0,"_bbp_total_topic_count":0,"_bbp_total_reply_count":0,"_bbp_voice_count":0,"_bbp_anonymous_reply_count":0,"_bbp_topic_count_hidden":0,"_bbp_reply_count_hidden":0,"_bbp_forum_subforum_count":0,"site-sidebar-layout":"default","site-content-layout":"","ast-site-content-layout":"","site-content-style":"default","site-sidebar-style":"default","ast-global-header-display":"","ast-banner-title-visibility":"","ast-main-header-display":"","ast-hfb-above-header-display":"","ast-hfb-below-header-display":"","ast-hfb-mobile-header-display":"","site-post-title":"","ast-breadcrumbs-content":"","ast-featured-img":"","footer-sml-layout":"","theme-transparent-header-meta":"","adv-header-id-meta":"","stick-header-meta":"","header-above-stick-meta":"","header-main-stick-meta":"","header-below-stick-meta":"","astra-migrate-meta-layouts":"default","ast-page-background-enabled":"default","ast-page-background-meta":{"desktop":{"background-color":"var(--ast-global-color-4)","background-image":"","background-repeat":"repeat","background-position":"center center","background-size":"auto","background-attachment":"scroll","background-type":"","background-media":"","overlay-type":"","overlay-color":"","overlay-opacity":"","overlay-gradient":""},"tablet":{"background-color":"","background-image":"","background-repeat":"repeat","background-position":"center center","background-size":"auto","background-attachment":"scroll","background-type":"","background-media":"","overlay-type":"","overlay-color":"","overlay-opacity":"","overlay-gradient":""},"mobile":{"background-color":"","background-image":"","background-repeat":"repeat","background-position":"center center","background-size":"auto","background-attachment":"scroll","background-type":"","background-media":"","overlay-type":"","overlay-color":"","overlay-opacity":"","overlay-gradient":""}},"ast-content-background-meta":{"desktop":{"background-color":"var(--ast-global-color-5)","background-image":"","background-repeat":"repeat","background-position":"center center","background-size":"auto","background-attachment":"scroll","background-type":"","background-media":"","overlay-type":"","overlay-color":"","overlay-opacity":"","overlay-gradient":""},"tablet":{"background-color":"var(--ast-global-color-5)","background-image":"","background-repeat":"repeat","background-position":"center center","background-size":"auto","background-attachment":"scroll","background-type":"","background-media":"","overlay-type":"","overlay-color":"","overlay-opacity":"","overlay-gradient":""},"mobile":{"background-color":"var(--ast-global-color-5)","background-image":"","background-repeat":"repeat","background-position":"center center","background-size":"auto","background-attachment":"scroll","background-type":"","background-media":"","overlay-type":"","overlay-color":"","overlay-opacity":"","overlay-gradient":""}},"footnotes":""},"class_list":["post-2312","page","type-page","status-publish","hentry"],"post_mailing_queue_ids":[],"_links":{"self":[{"href":"https:\/\/agora.xtec.cat\/escesperanza\/wp-json\/wp\/v2\/pages\/2312","targetHints":{"allow":["GET"]}}],"collection":[{"href":"https:\/\/agora.xtec.cat\/escesperanza\/wp-json\/wp\/v2\/pages"}],"about":[{"href":"https:\/\/agora.xtec.cat\/escesperanza\/wp-json\/wp\/v2\/types\/page"}],"author":[{"embeddable":true,"href":"https:\/\/agora.xtec.cat\/escesperanza\/wp-json\/wp\/v2\/users\/1"}],"replies":[{"embeddable":true,"href":"https:\/\/agora.xtec.cat\/escesperanza\/wp-json\/wp\/v2\/comments?post=2312"}],"version-history":[{"count":4,"href":"https:\/\/agora.xtec.cat\/escesperanza\/wp-json\/wp\/v2\/pages\/2312\/revisions"}],"predecessor-version":[{"id":3363,"href":"https:\/\/agora.xtec.cat\/escesperanza\/wp-json\/wp\/v2\/pages\/2312\/revisions\/3363"}],"up":[{"embeddable":true,"href":"https:\/\/agora.xtec.cat\/escesperanza\/wp-json\/wp\/v2\/pages\/2139"}],"wp:attachment":[{"href":"https:\/\/agora.xtec.cat\/escesperanza\/wp-json\/wp\/v2\/media?parent=2312"}],"curies":[{"name":"wp","href":"https:\/\/api.w.org\/{rel}","templated":true}]}}