{"id":2139,"date":"2023-02-20T19:42:39","date_gmt":"2023-02-20T18:42:39","guid":{"rendered":"https:\/\/agora.xtec.cat\/escesperanza\/?page_id=2139"},"modified":"2024-11-22T12:12:27","modified_gmt":"2024-11-22T11:12:27","slug":"projectes-apsc","status":"publish","type":"page","link":"https:\/\/agora.xtec.cat\/escesperanza\/projectes-apsc\/","title":{"rendered":"Servei Comunitari"},"content":{"rendered":"<div class=\"container\">\n<span style=\"font-size: 20px; line-height: 1.5em;\">El Servei Comunitari \u00e9s una proposta educativa que combina processos d&#8217;aprenentatge i de servei a la comunitat en un sol projecte ben articulat. Els participants es formen tot treballant sobre necessitats reals de l&#8217;entorn. Les principals caracter\u00edstiques d&#8217;aquesta proposta educativa s\u00f3n:<\/span><\/p>\n<ul style=\"list-style-type: disc; font-size: 20px; line-height: 1.5em;\">\n<li>El servei \u00e9s una resposta a les necessitats reals i sentides de la comunitat i permet posar en pr\u00e0ctica els aprenentatges realitzats.<\/li>\n<li>Beneficia tant a les persones que presten el servei com als seus destinataris.<\/li>\n<li>\u00c9s una metodologia activa, centrada en l&#8217;alumne i basada en:\n<ul style=\"list-style-type: square;\">\n<li>l&#8217;experi\u00e8ncia i la participaci\u00f3 activa: S&#8217;apr\u00e8n fent.<\/li>\n<li>la cooperaci\u00f3: els alumnes treballen en equip a la classe, cooperen amb les entitats socials i amb les persones destinat\u00e0ries del servei<\/li>\n<li>la reflexi\u00f3 sobre el que s&#8217;apr\u00e8n i el que es fa, cosa que dona sentit a l&#8217;experi\u00e8ncia.<\/li>\n<\/ul>\n<\/li>\n<\/ul>\n<p><span style=\"font-size: 20px;\">Aquesta manera d&#8217;aprendre permet assolir coneixements i compet\u00e8ncies per a la vida que impliquen diferents aspectes de la formaci\u00f3 humana:<\/span><\/p>\n<ul style=\"font-size: 20px; line-height: 1.5em;\">\n<li>Incideix en l&#8217;aprenentatge de continguts intel\u00b7lectuals, afectius i de comportament<\/li>\n<li>Desenvolupa compet\u00e8ncies aplicables a diversos \u00e0mbits vitals<\/li>\n<li>Fomenta el pensament cr\u00edtic i la responsabilitat c\u00edvica<\/li>\n<li>Transmet valors i virtuts que contribueixen al desenvolupament personal i la ciutadania<\/li>\n<li>Contribueix a millorar l&#8217;entorn social, aix\u00ed com les institucions implicades en el projecte.<\/li>\n<\/ul>\n<\/div>\n","protected":false},"excerpt":{"rendered":"<p>El Servei Comunitari \u00e9s una proposta educativa que combina processos d&#8217;aprenentatge i de servei a la comunitat en un sol projecte ben articulat. Els participants es formen tot treballant sobre necessitats reals de l&#8217;entorn. Les principals caracter\u00edstiques d&#8217;aquesta proposta educativa s\u00f3n: El servei \u00e9s una resposta a les necessitats reals i sentides de la comunitat [&hellip;]<\/p>\n","protected":false},"author":1,"featured_media":0,"parent":0,"menu_order":0,"comment_status":"closed","ping_status":"closed","template":"","meta":{"_bbp_topic_count":0,"_bbp_reply_count":0,"_bbp_total_topic_count":0,"_bbp_total_reply_count":0,"_bbp_voice_count":0,"_bbp_anonymous_reply_count":0,"_bbp_topic_count_hidden":0,"_bbp_reply_count_hidden":0,"_bbp_forum_subforum_count":0,"site-sidebar-layout":"default","site-content-layout":"","ast-site-content-layout":"","site-content-style":"default","site-sidebar-style":"default","ast-global-header-display":"","ast-banner-title-visibility":"","ast-main-header-display":"","ast-hfb-above-header-display":"","ast-hfb-below-header-display":"","ast-hfb-mobile-header-display":"","site-post-title":"","ast-breadcrumbs-content":"","ast-featured-img":"","footer-sml-layout":"","theme-transparent-header-meta":"","adv-header-id-meta":"","stick-header-meta":"","header-above-stick-meta":"","header-main-stick-meta":"","header-below-stick-meta":"","astra-migrate-meta-layouts":"default","ast-page-background-enabled":"default","ast-page-background-meta":{"desktop":{"background-color":"var(--ast-global-color-4)","background-image":"","background-repeat":"repeat","background-position":"center center","background-size":"auto","background-attachment":"scroll","background-type":"","background-media":"","overlay-type":"","overlay-color":"","overlay-opacity":"","overlay-gradient":""},"tablet":{"background-color":"","background-image":"","background-repeat":"repeat","background-position":"center center","background-size":"auto","background-attachment":"scroll","background-type":"","background-media":"","overlay-type":"","overlay-color":"","overlay-opacity":"","overlay-gradient":""},"mobile":{"background-color":"","background-image":"","background-repeat":"repeat","background-position":"center center","background-size":"auto","background-attachment":"scroll","background-type":"","background-media":"","overlay-type":"","overlay-color":"","overlay-opacity":"","overlay-gradient":""}},"ast-content-background-meta":{"desktop":{"background-color":"var(--ast-global-color-5)","background-image":"","background-repeat":"repeat","background-position":"center center","background-size":"auto","background-attachment":"scroll","background-type":"","background-media":"","overlay-type":"","overlay-color":"","overlay-opacity":"","overlay-gradient":""},"tablet":{"background-color":"var(--ast-global-color-5)","background-image":"","background-repeat":"repeat","background-position":"center center","background-size":"auto","background-attachment":"scroll","background-type":"","background-media":"","overlay-type":"","overlay-color":"","overlay-opacity":"","overlay-gradient":""},"mobile":{"background-color":"var(--ast-global-color-5)","background-image":"","background-repeat":"repeat","background-position":"center center","background-size":"auto","background-attachment":"scroll","background-type":"","background-media":"","overlay-type":"","overlay-color":"","overlay-opacity":"","overlay-gradient":""}},"footnotes":""},"class_list":["post-2139","page","type-page","status-publish","hentry"],"post_mailing_queue_ids":[],"_links":{"self":[{"href":"https:\/\/agora.xtec.cat\/escesperanza\/wp-json\/wp\/v2\/pages\/2139","targetHints":{"allow":["GET"]}}],"collection":[{"href":"https:\/\/agora.xtec.cat\/escesperanza\/wp-json\/wp\/v2\/pages"}],"about":[{"href":"https:\/\/agora.xtec.cat\/escesperanza\/wp-json\/wp\/v2\/types\/page"}],"author":[{"embeddable":true,"href":"https:\/\/agora.xtec.cat\/escesperanza\/wp-json\/wp\/v2\/users\/1"}],"replies":[{"embeddable":true,"href":"https:\/\/agora.xtec.cat\/escesperanza\/wp-json\/wp\/v2\/comments?post=2139"}],"version-history":[{"count":2,"href":"https:\/\/agora.xtec.cat\/escesperanza\/wp-json\/wp\/v2\/pages\/2139\/revisions"}],"predecessor-version":[{"id":2536,"href":"https:\/\/agora.xtec.cat\/escesperanza\/wp-json\/wp\/v2\/pages\/2139\/revisions\/2536"}],"wp:attachment":[{"href":"https:\/\/agora.xtec.cat\/escesperanza\/wp-json\/wp\/v2\/media?parent=2139"}],"curies":[{"name":"wp","href":"https:\/\/api.w.org\/{rel}","templated":true}]}}