{"id":2086,"date":"2023-02-20T11:17:19","date_gmt":"2023-02-20T10:17:19","guid":{"rendered":"https:\/\/agora.xtec.cat\/escesperanza\/?page_id=2086"},"modified":"2024-11-25T09:48:35","modified_gmt":"2024-11-25T08:48:35","slug":"una-mica-dhistoria","status":"publish","type":"page","link":"https:\/\/agora.xtec.cat\/escesperanza\/el-centre-2\/una-mica-dhistoria\/","title":{"rendered":"Una mica d&#8217;hist\u00f2ria"},"content":{"rendered":"<style>\n<\/style>\n<div class=\"historia\">\n<p><span style=\"color: #000000; font-size: 20px; line-height: 1.5em;\">El centre es va crear en l&#8217;any 1970 per\u00a0<a style=\"color: #000000;\" href=\"https:\/\/assa-santadria.cat\/\">ASSA\u00a0 <\/a>(Associaci\u00f3 Discapacitats Ps\u00edquics Sant Adri\u00e0<span style=\"font-family: inherit; font-size: 1em;\">) <\/span><span style=\"font-family: inherit; font-size: 1em;\">en uns locals cedits per la parr\u00f2quia de Sant Adri\u00e0 Nord al carrer Andreu Vidal n\u00ba 34.<\/span><\/span><\/p>\n<p><span style=\"color: #000000; font-size: 20px; line-height: 1.5em;\">A l\u2019any 2002\u00a0 ens vam traslladar a la Via Trajana n\u00ba 1, on som actualment. Aquesta ubicaci\u00f3 \u00e9s provisional fins a\u00a0la construcci\u00f3 d\u2019un nou edifici que est\u00e0 projectat molt a prop, en aquest mateix carrer.<\/span><\/p>\n<\/div>\n","protected":false},"excerpt":{"rendered":"<p>El centre es va crear en l&#8217;any 1970 per\u00a0ASSA\u00a0 (Associaci\u00f3 Discapacitats Ps\u00edquics Sant Adri\u00e0) en uns locals cedits per la parr\u00f2quia de Sant Adri\u00e0 Nord al carrer Andreu Vidal n\u00ba 34. A l\u2019any 2002\u00a0 ens vam traslladar a la Via Trajana n\u00ba 1, on som actualment. Aquesta ubicaci\u00f3 \u00e9s provisional fins a\u00a0la construcci\u00f3 d\u2019un nou [&hellip;]<\/p>\n","protected":false},"author":1,"featured_media":0,"parent":533,"menu_order":7,"comment_status":"closed","ping_status":"closed","template":"","meta":{"_bbp_topic_count":0,"_bbp_reply_count":0,"_bbp_total_topic_count":0,"_bbp_total_reply_count":0,"_bbp_voice_count":0,"_bbp_anonymous_reply_count":0,"_bbp_topic_count_hidden":0,"_bbp_reply_count_hidden":0,"_bbp_forum_subforum_count":0,"site-sidebar-layout":"default","site-content-layout":"","ast-site-content-layout":"","site-content-style":"default","site-sidebar-style":"default","ast-global-header-display":"","ast-banner-title-visibility":"","ast-main-header-display":"","ast-hfb-above-header-display":"","ast-hfb-below-header-display":"","ast-hfb-mobile-header-display":"","site-post-title":"","ast-breadcrumbs-content":"","ast-featured-img":"","footer-sml-layout":"","theme-transparent-header-meta":"","adv-header-id-meta":"","stick-header-meta":"","header-above-stick-meta":"","header-main-stick-meta":"","header-below-stick-meta":"","astra-migrate-meta-layouts":"default","ast-page-background-enabled":"default","ast-page-background-meta":{"desktop":{"background-color":"var(--ast-global-color-4)","background-image":"","background-repeat":"repeat","background-position":"center center","background-size":"auto","background-attachment":"scroll","background-type":"","background-media":"","overlay-type":"","overlay-color":"","overlay-opacity":"","overlay-gradient":""},"tablet":{"background-color":"","background-image":"","background-repeat":"repeat","background-position":"center center","background-size":"auto","background-attachment":"scroll","background-type":"","background-media":"","overlay-type":"","overlay-color":"","overlay-opacity":"","overlay-gradient":""},"mobile":{"background-color":"","background-image":"","background-repeat":"repeat","background-position":"center center","background-size":"auto","background-attachment":"scroll","background-type":"","background-media":"","overlay-type":"","overlay-color":"","overlay-opacity":"","overlay-gradient":""}},"ast-content-background-meta":{"desktop":{"background-color":"var(--ast-global-color-5)","background-image":"","background-repeat":"repeat","background-position":"center center","background-size":"auto","background-attachment":"scroll","background-type":"","background-media":"","overlay-type":"","overlay-color":"","overlay-opacity":"","overlay-gradient":""},"tablet":{"background-color":"var(--ast-global-color-5)","background-image":"","background-repeat":"repeat","background-position":"center center","background-size":"auto","background-attachment":"scroll","background-type":"","background-media":"","overlay-type":"","overlay-color":"","overlay-opacity":"","overlay-gradient":""},"mobile":{"background-color":"var(--ast-global-color-5)","background-image":"","background-repeat":"repeat","background-position":"center center","background-size":"auto","background-attachment":"scroll","background-type":"","background-media":"","overlay-type":"","overlay-color":"","overlay-opacity":"","overlay-gradient":""}},"footnotes":""},"class_list":["post-2086","page","type-page","status-publish","hentry"],"post_mailing_queue_ids":[],"_links":{"self":[{"href":"https:\/\/agora.xtec.cat\/escesperanza\/wp-json\/wp\/v2\/pages\/2086","targetHints":{"allow":["GET"]}}],"collection":[{"href":"https:\/\/agora.xtec.cat\/escesperanza\/wp-json\/wp\/v2\/pages"}],"about":[{"href":"https:\/\/agora.xtec.cat\/escesperanza\/wp-json\/wp\/v2\/types\/page"}],"author":[{"embeddable":true,"href":"https:\/\/agora.xtec.cat\/escesperanza\/wp-json\/wp\/v2\/users\/1"}],"replies":[{"embeddable":true,"href":"https:\/\/agora.xtec.cat\/escesperanza\/wp-json\/wp\/v2\/comments?post=2086"}],"version-history":[{"count":3,"href":"https:\/\/agora.xtec.cat\/escesperanza\/wp-json\/wp\/v2\/pages\/2086\/revisions"}],"predecessor-version":[{"id":3005,"href":"https:\/\/agora.xtec.cat\/escesperanza\/wp-json\/wp\/v2\/pages\/2086\/revisions\/3005"}],"up":[{"embeddable":true,"href":"https:\/\/agora.xtec.cat\/escesperanza\/wp-json\/wp\/v2\/pages\/533"}],"wp:attachment":[{"href":"https:\/\/agora.xtec.cat\/escesperanza\/wp-json\/wp\/v2\/media?parent=2086"}],"curies":[{"name":"wp","href":"https:\/\/api.w.org\/{rel}","templated":true}]}}