{"id":550,"date":"2016-12-15T15:54:28","date_gmt":"2016-12-15T14:54:28","guid":{"rendered":"http:\/\/agora.xtec.cat\/escelspinetons\/?page_id=550"},"modified":"2019-02-20T15:59:25","modified_gmt":"2019-02-20T14:59:25","slug":"projecte-solidaritat","status":"publish","type":"page","link":"https:\/\/agora.xtec.cat\/escelspinetons\/documents-2\/projecte-escola\/projecte-solidaritat\/","title":{"rendered":"Projecte Solidaritat"},"content":{"rendered":"<h1 class=\"entry-title\">Projecte solidaritat<\/h1>\n<div class=\"entry-content\">\n<p><strong>1. EL D.E.N.I.P \u00a0 \u00a0 \u00a0 \u00a0 \u00a0 \u00a0 \u00a0Dia Escolar de la No viol\u00e8ncia i la Pau<\/strong><\/p>\n<p>L\u2019objectiu d\u2019aquest projecte \u00e9s promoure l\u2019educaci\u00f3 per la solidaritat i la pau en els nostres alumnes. Es treballa de forma continuada al llarg de tot el curs, per\u00f2 pren una especial forma cap a finals de gener quan celebrem el DENIP.<\/p>\n<p>DENIP \u00a0significa \u00a0Dia Escolar de la No Viol\u00e8ncia i la Pau. Es celebra el dia 30 de gener que \u00e9s quan va morir en Mahatma Gandhi.<\/p>\n<p><a href=\"http:\/\/agora.xtec.cat\/escelspinetons\/wp-content\/uploads\/usu1587\/2016\/12\/denip1.jpg\"><img loading=\"lazy\" decoding=\"async\" class=\"size-full wp-image-551 aligncenter\" src=\"http:\/\/agora.xtec.cat\/escelspinetons\/wp-content\/uploads\/usu1587\/2016\/12\/denip1.jpg\" alt=\"denip1\" width=\"300\" height=\"225\" srcset=\"https:\/\/agora.xtec.cat\/escelspinetons\/wp-content\/uploads\/usu1587\/2016\/12\/denip1.jpg 300w, https:\/\/agora.xtec.cat\/escelspinetons\/wp-content\/uploads\/usu1587\/2016\/12\/denip1-200x150.jpg 200w\" sizes=\"auto, (max-width: 300px) 100vw, 300px\" \/><\/a><\/p>\n<p>&nbsp;<\/p>\n<p style=\"text-align: center;\">Sorteig de la llumineta<\/p>\n<p>El dia del DENIP fem una recollida de diners mitjan\u00e7ant un sorteig \u201cLa Llumineta\u201d, els alumnes trien un o dos n\u00fameros i si surten guanyadors s\u2019emporten algun obsequi. Tots els diners recollits en aquest sorteig s\u2019envien integrament al Projecte Solidari que s\u2019hagi treballat\u00a0 durant el curs escolar.<\/p>\n<p><strong>ACCIONS SOLIDARIES QUE HA FET L\u2019ESCOLA AL LLARG DELS ANYS:<\/strong><\/p>\n<p>Tradicionalment, la nostra escola, havia destinat els diners recollits a la construcci\u00f3 d\u2019una escola a Chiapas (M\u00e8xic). Hav\u00edem treballat el Comer\u00e7 Just, l\u2019Educaci\u00f3 en Valors, la Pau, etc. Hi varem tenir una gran vinculaci\u00f3 ja que algun mestre de l\u2019escola va visitar la zona i\u00a0 ens hi vam sentir molt implicats.<\/p>\n<p>En finalitzar aquesta col\u00b7laboraci\u00f3, l\u2019escola va optar per col\u00b7laborar amb una ONG diferent cada any, intentant que estigui sempre relacionada amb el m\u00f3n educatiu i la inf\u00e0ncia per aix\u00ed acostar aquest projecte a l\u2019edat dels nostres alumnes.<\/p>\n<p><strong>El curs 2010-11<\/strong> varem col\u00b7laborar amb ACT Fundaci\u00f3 que treballa amb l\u2019organitzaci\u00f3 local India COPE Trust (Children Oriented Progressive Education Trust) amb l\u2019objectiu de millorar les condicions de vida i l\u2019educaci\u00f3 de nens i nenes de la regi\u00f3 de Manaparai Union. Va ser molt interessant la visita a l\u2019escola del pare Jesu i M.A.P.\u00a0Rani, ens van explicar com viuen els nens en aquesta zona de la \u00cdndia i van estar molt agra\u00efts de la nostra col.laboraci\u00f3.<\/p>\n<p style=\"text-align: center;\"><a href=\"http:\/\/agora.xtec.cat\/escelspinetons\/wp-content\/uploads\/usu1587\/2016\/12\/denip3.jpg\"><img loading=\"lazy\" decoding=\"async\" class=\"alignnone size-full wp-image-553\" src=\"http:\/\/agora.xtec.cat\/escelspinetons\/wp-content\/uploads\/usu1587\/2016\/12\/denip3.jpg\" alt=\"denip3\" width=\"300\" height=\"246\" \/><\/a><\/p>\n<p>&nbsp;<\/p>\n<p>&nbsp;<\/p>\n<p>Si voleu m\u00e9s informaci\u00f3 sobre aquesta ONG, podeu clicar a:<\/p>\n<p><a href=\"http:\/\/www.actfundacio.org\/index_cast.php\">http:\/\/www.actfundacio.org\/index_cast.php<\/a><\/p>\n<p><strong>El curs 2011-12<\/strong> col\u00b7laborarem amb una ONG que t\u00e9 tamb\u00e9 com objectiu contribuir a una educaci\u00f3 digna dels joves de la zona de\u00a0 Cabrousse de Djembereng al Senegal. Va venir una cooperant que va estar al Senegal un llarg per\u00edode de temps, ens va fer diferents xerrades amb moltes imatges. Els diners aportats per la nostra escola van servir per ajudar a construir una escola en aquest poble.<\/p>\n<p>Si voleu m\u00e9s informaci\u00f3 sobre aquesta ONG, podeu clicar a:<\/p>\n<p><a href=\"http:\/\/www.kasamuaku.org\/\">http:\/\/www.kasamuaku.org\/<\/a><\/p>\n<p><strong>A partir del 2012. <\/strong>Aquests darrers anys hem col\u00b7laborat aportant menjar roba i diners amb Caritas La Garriga. Ha sigut molt enriquidor les conferencies sobre aquesta organitzaci\u00f3 tan propera a nosaltres, les visites a la seu de Caritas del poble, el lliurament del menjar, etc.<\/p>\n<p><strong>La solidaritat dels nostres alumnes i de les seves fam\u00edlies queda demostrada amb la gran participaci\u00f3 que fan anualment en tots els projectes.<\/strong><\/p>\n<p><a href=\"http:\/\/agora.xtec.cat\/escelspinetons\/wp-content\/uploads\/usu1587\/2016\/12\/denip4.jpg\"><img loading=\"lazy\" decoding=\"async\" class=\"alignnone size-large wp-image-554\" src=\"http:\/\/agora.xtec.cat\/escelspinetons\/wp-content\/uploads\/usu1587\/2016\/12\/denip4-1024x768.jpg\" alt=\"denip4\" width=\"1024\" height=\"768\" srcset=\"https:\/\/agora.xtec.cat\/escelspinetons\/wp-content\/uploads\/usu1587\/2016\/12\/denip4.jpg 1024w, https:\/\/agora.xtec.cat\/escelspinetons\/wp-content\/uploads\/usu1587\/2016\/12\/denip4-300x225.jpg 300w, https:\/\/agora.xtec.cat\/escelspinetons\/wp-content\/uploads\/usu1587\/2016\/12\/denip4-768x576.jpg 768w, https:\/\/agora.xtec.cat\/escelspinetons\/wp-content\/uploads\/usu1587\/2016\/12\/denip4-200x150.jpg 200w\" sizes=\"auto, (max-width: 1024px) 100vw, 1024px\" \/><\/a><\/p>\n<div id=\"attachment_574\" class=\"wp-caption aligncenter\"><a href=\"http:\/\/blocs.xtec.cat\/escolaelspinetons\/files\/2015\/02\/20150130_162615.jpg\"><br \/>\n<\/a><\/p>\n<p class=\"wp-caption-text\">Acte de lliurament de la roba, els aliments i els diners recaptats al DENIP 20015, a la Llu\u00efsa Cobos, representant de C\u00e1ritas La Garriga.<\/p>\n<p>Aquest any 2019 el nostre DENIP ha girat entorn de les dones importants de la hist\u00f2ria, si cliqueu sobre la foto anireu a l&#8217;enlla\u00e7 de la not\u00edcia.<\/p>\n<\/div>\n<p><a href=\"https:\/\/agora.xtec.cat\/escelspinetons\/general\/denip-2019\/\" target=\"_blank\" rel=\"noopener\"><img loading=\"lazy\" decoding=\"async\" class=\"alignleft wp-image-1457 size-full\" src=\"https:\/\/agora.xtec.cat\/escelspinetons\/wp-content\/uploads\/usu1587\/2019\/02\/20190130_145604.jpg\" alt=\"\" width=\"1019\" height=\"764\" srcset=\"https:\/\/agora.xtec.cat\/escelspinetons\/wp-content\/uploads\/usu1587\/2019\/02\/20190130_145604.jpg 1019w, https:\/\/agora.xtec.cat\/escelspinetons\/wp-content\/uploads\/usu1587\/2019\/02\/20190130_145604-300x225.jpg 300w, https:\/\/agora.xtec.cat\/escelspinetons\/wp-content\/uploads\/usu1587\/2019\/02\/20190130_145604-768x576.jpg 768w, https:\/\/agora.xtec.cat\/escelspinetons\/wp-content\/uploads\/usu1587\/2019\/02\/20190130_145604-200x150.jpg 200w\" sizes=\"auto, (max-width: 1019px) 100vw, 1019px\" \/><\/a><\/p>\n<\/div>\n<p>&nbsp;<\/p>\n<p>&nbsp;<\/p>\n<p>&nbsp;<\/p>\n<p>&nbsp;<\/p>\n<p>&nbsp;<\/p>\n<p>&nbsp;<\/p>\n<p>&nbsp;<\/p>\n<p>&nbsp;<\/p>\n<p>&nbsp;<\/p>\n<p>&nbsp;<\/p>\n<p>&nbsp;<\/p>\n<p>&nbsp;<\/p>\n<p>&nbsp;<\/p>\n<p>&nbsp;<\/p>\n<p>&nbsp;<\/p>\n<p>&nbsp;<\/p>\n<p>&nbsp;<\/p>\n<p>&nbsp;<\/p>\n<p><strong>CROS SOLIDARI<\/strong><\/p>\n<p>A l&#8217;escola celebrem un cros solidari per recollir fons per diferents associacions clicant sobre la foto podeu veure el recull d&#8217;aquest any.<\/p>\n<p><a href=\"https:\/\/agora.xtec.cat\/escelspinetons\/general\/cros-solidari\/\"><img loading=\"lazy\" decoding=\"async\" class=\"alignleft wp-image-1360 size-large\" src=\"https:\/\/agora.xtec.cat\/escelspinetons\/wp-content\/uploads\/usu1587\/2018\/12\/foto-portada-1024x680.jpg\" alt=\"\" width=\"1024\" height=\"680\" srcset=\"https:\/\/agora.xtec.cat\/escelspinetons\/wp-content\/uploads\/usu1587\/2018\/12\/foto-portada-1024x680.jpg 1024w, https:\/\/agora.xtec.cat\/escelspinetons\/wp-content\/uploads\/usu1587\/2018\/12\/foto-portada-300x199.jpg 300w, https:\/\/agora.xtec.cat\/escelspinetons\/wp-content\/uploads\/usu1587\/2018\/12\/foto-portada-768x510.jpg 768w\" sizes=\"auto, (max-width: 1024px) 100vw, 1024px\" \/><\/a><\/p>\n","protected":false},"excerpt":{"rendered":"<p>Projecte solidaritat 1. EL D.E.N.I.P \u00a0 \u00a0 \u00a0 \u00a0 \u00a0 \u00a0 \u00a0Dia Escolar de la No viol\u00e8ncia i la Pau L\u2019objectiu d\u2019aquest projecte \u00e9s promoure l\u2019educaci\u00f3 per la solidaritat i la pau en els nostres alumnes. Es treballa de forma continuada al llarg de tot el curs, per\u00f2 pren una especial forma cap a finals [&hellip;]<\/p>\n","protected":false},"author":1,"featured_media":0,"parent":64,"menu_order":30,"comment_status":"closed","ping_status":"closed","template":"page-templates\/side-menu.php","meta":{"_bbp_topic_count":0,"_bbp_reply_count":0,"_bbp_total_topic_count":0,"_bbp_total_reply_count":0,"_bbp_voice_count":0,"_bbp_anonymous_reply_count":0,"_bbp_topic_count_hidden":0,"_bbp_reply_count_hidden":0,"_bbp_forum_subforum_count":0,"site-sidebar-layout":"default","site-content-layout":"","ast-site-content-layout":"","site-content-style":"default","site-sidebar-style":"default","ast-global-header-display":"","ast-banner-title-visibility":"","ast-main-header-display":"","ast-hfb-above-header-display":"","ast-hfb-below-header-display":"","ast-hfb-mobile-header-display":"","site-post-title":"","ast-breadcrumbs-content":"","ast-featured-img":"","footer-sml-layout":"","theme-transparent-header-meta":"","adv-header-id-meta":"","stick-header-meta":"","header-above-stick-meta":"","header-main-stick-meta":"","header-below-stick-meta":"","astra-migrate-meta-layouts":"default","ast-page-background-enabled":"default","ast-page-background-meta":{"desktop":{"background-color":"var(--ast-global-color-4)","background-image":"","background-repeat":"repeat","background-position":"center center","background-size":"auto","background-attachment":"scroll","background-type":"","background-media":"","overlay-type":"","overlay-color":"","overlay-opacity":"","overlay-gradient":""},"tablet":{"background-color":"","background-image":"","background-repeat":"repeat","background-position":"center center","background-size":"auto","background-attachment":"scroll","background-type":"","background-media":"","overlay-type":"","overlay-color":"","overlay-opacity":"","overlay-gradient":""},"mobile":{"background-color":"","background-image":"","background-repeat":"repeat","background-position":"center center","background-size":"auto","background-attachment":"scroll","background-type":"","background-media":"","overlay-type":"","overlay-color":"","overlay-opacity":"","overlay-gradient":""}},"ast-content-background-meta":{"desktop":{"background-color":"var(--ast-global-color-5)","background-image":"","background-repeat":"repeat","background-position":"center center","background-size":"auto","background-attachment":"scroll","background-type":"","background-media":"","overlay-type":"","overlay-color":"","overlay-opacity":"","overlay-gradient":""},"tablet":{"background-color":"var(--ast-global-color-5)","background-image":"","background-repeat":"repeat","background-position":"center center","background-size":"auto","background-attachment":"scroll","background-type":"","background-media":"","overlay-type":"","overlay-color":"","overlay-opacity":"","overlay-gradient":""},"mobile":{"background-color":"var(--ast-global-color-5)","background-image":"","background-repeat":"repeat","background-position":"center center","background-size":"auto","background-attachment":"scroll","background-type":"","background-media":"","overlay-type":"","overlay-color":"","overlay-opacity":"","overlay-gradient":""}},"footnotes":""},"class_list":["post-550","page","type-page","status-publish","hentry"],"post_mailing_queue_ids":[],"_links":{"self":[{"href":"https:\/\/agora.xtec.cat\/escelspinetons\/wp-json\/wp\/v2\/pages\/550","targetHints":{"allow":["GET"]}}],"collection":[{"href":"https:\/\/agora.xtec.cat\/escelspinetons\/wp-json\/wp\/v2\/pages"}],"about":[{"href":"https:\/\/agora.xtec.cat\/escelspinetons\/wp-json\/wp\/v2\/types\/page"}],"author":[{"embeddable":true,"href":"https:\/\/agora.xtec.cat\/escelspinetons\/wp-json\/wp\/v2\/users\/1"}],"replies":[{"embeddable":true,"href":"https:\/\/agora.xtec.cat\/escelspinetons\/wp-json\/wp\/v2\/comments?post=550"}],"version-history":[{"count":3,"href":"https:\/\/agora.xtec.cat\/escelspinetons\/wp-json\/wp\/v2\/pages\/550\/revisions"}],"predecessor-version":[{"id":1460,"href":"https:\/\/agora.xtec.cat\/escelspinetons\/wp-json\/wp\/v2\/pages\/550\/revisions\/1460"}],"up":[{"embeddable":true,"href":"https:\/\/agora.xtec.cat\/escelspinetons\/wp-json\/wp\/v2\/pages\/64"}],"wp:attachment":[{"href":"https:\/\/agora.xtec.cat\/escelspinetons\/wp-json\/wp\/v2\/media?parent=550"}],"curies":[{"name":"wp","href":"https:\/\/api.w.org\/{rel}","templated":true}]}}