{"id":3979,"date":"2021-07-13T15:07:14","date_gmt":"2021-07-13T13:07:14","guid":{"rendered":"http:\/\/agora.xtec.cat\/escelspinetons\/?page_id=3979"},"modified":"2021-12-18T15:36:46","modified_gmt":"2021-12-18T14:36:46","slug":"tutorials-per-a-les-families-classroom","status":"publish","type":"page","link":"https:\/\/agora.xtec.cat\/escelspinetons\/recursos-per-a-les-families\/tutorials-per-a-les-families-classroom\/","title":{"rendered":"Tutorials per a les fam\u00edlies: Classroom"},"content":{"rendered":"<p><a href=\"https:\/\/drive.google.com\/file\/d\/1OCkjk4HDbydlvQKbTICcQI8Vo-5yTZym\/view?usp=sharing\" target=\"_blank\" rel=\"noopener noreferrer\">VIDEOTUTORIAL ENTRAR CLASSROOM ALUMNES PRIM\u00c0RIA<\/a><\/p>\n<p><a href=\"https:\/\/drive.google.com\/file\/d\/1YZkhvR4-6DKf-3dZsnvxl51iS0mg6yXg\/view?usp=sharing\" target=\"_blank\" rel=\"noopener noreferrer\">VIDEOTUTORIAL ACCEDIR AL CORREU ESCOLA EDUCACI\u00d3 INFANTIL<\/a><\/p>\n<p><a href=\"https:\/\/drive.google.com\/file\/d\/1f71yYHPVSSxp_CqwBlsLX9Z6Aoe0f4Z9\/view\" target=\"_blank\" rel=\"noopener noreferrer\">VIDEOTUTORIAL 1 FUNCIONAMENT CLASSROOM (Fet pel Miquel P\u00e9rez de l&#8217;escola els Vinyals)<\/a><\/p>\n<p><a href=\"https:\/\/drive.google.com\/file\/d\/1yX4ZSIAAagw_mMV1cLZcYyWciyJlYpWL\/view\" target=\"_blank\" rel=\"noopener noreferrer\">VIDEOTUTORIAL 2 FUNCIONAMENT CLASSROOM (Fet per Miquel P\u00e9rez de l&#8217;escola els Vinyals)<\/a><\/p>\n<p><a href=\"https:\/\/drive.google.com\/file\/d\/1d1ElrfPb0NvnCMjfGzWg8fiVUEFSP0to\/view\" target=\"_blank\" rel=\"noopener noreferrer\">VIDEOTUTORIAL 3 FUNCIONAMENT CLASSROOM (Fet per Miquel P\u00e9rez de l&#8217;escola els Vinyals)<\/a><\/p>\n","protected":false},"excerpt":{"rendered":"<p>VIDEOTUTORIAL ENTRAR CLASSROOM ALUMNES PRIM\u00c0RIA VIDEOTUTORIAL ACCEDIR AL CORREU ESCOLA EDUCACI\u00d3 INFANTIL VIDEOTUTORIAL 1 FUNCIONAMENT CLASSROOM (Fet pel Miquel P\u00e9rez de l&#8217;escola els Vinyals) VIDEOTUTORIAL 2 FUNCIONAMENT CLASSROOM (Fet per Miquel P\u00e9rez de l&#8217;escola els Vinyals) VIDEOTUTORIAL 3 FUNCIONAMENT CLASSROOM (Fet per Miquel P\u00e9rez de l&#8217;escola els Vinyals)<\/p>\n","protected":false},"author":1,"featured_media":0,"parent":4352,"menu_order":5,"comment_status":"closed","ping_status":"closed","template":"page-templates\/side-menu.php","meta":{"_bbp_topic_count":0,"_bbp_reply_count":0,"_bbp_total_topic_count":0,"_bbp_total_reply_count":0,"_bbp_voice_count":0,"_bbp_anonymous_reply_count":0,"_bbp_topic_count_hidden":0,"_bbp_reply_count_hidden":0,"_bbp_forum_subforum_count":0,"site-sidebar-layout":"default","site-content-layout":"","ast-site-content-layout":"","site-content-style":"default","site-sidebar-style":"default","ast-global-header-display":"","ast-banner-title-visibility":"","ast-main-header-display":"","ast-hfb-above-header-display":"","ast-hfb-below-header-display":"","ast-hfb-mobile-header-display":"","site-post-title":"","ast-breadcrumbs-content":"","ast-featured-img":"","footer-sml-layout":"","theme-transparent-header-meta":"","adv-header-id-meta":"","stick-header-meta":"","header-above-stick-meta":"","header-main-stick-meta":"","header-below-stick-meta":"","astra-migrate-meta-layouts":"default","ast-page-background-enabled":"default","ast-page-background-meta":{"desktop":{"background-color":"var(--ast-global-color-4)","background-image":"","background-repeat":"repeat","background-position":"center center","background-size":"auto","background-attachment":"scroll","background-type":"","background-media":"","overlay-type":"","overlay-color":"","overlay-opacity":"","overlay-gradient":""},"tablet":{"background-color":"","background-image":"","background-repeat":"repeat","background-position":"center center","background-size":"auto","background-attachment":"scroll","background-type":"","background-media":"","overlay-type":"","overlay-color":"","overlay-opacity":"","overlay-gradient":""},"mobile":{"background-color":"","background-image":"","background-repeat":"repeat","background-position":"center center","background-size":"auto","background-attachment":"scroll","background-type":"","background-media":"","overlay-type":"","overlay-color":"","overlay-opacity":"","overlay-gradient":""}},"ast-content-background-meta":{"desktop":{"background-color":"var(--ast-global-color-5)","background-image":"","background-repeat":"repeat","background-position":"center center","background-size":"auto","background-attachment":"scroll","background-type":"","background-media":"","overlay-type":"","overlay-color":"","overlay-opacity":"","overlay-gradient":""},"tablet":{"background-color":"var(--ast-global-color-5)","background-image":"","background-repeat":"repeat","background-position":"center center","background-size":"auto","background-attachment":"scroll","background-type":"","background-media":"","overlay-type":"","overlay-color":"","overlay-opacity":"","overlay-gradient":""},"mobile":{"background-color":"var(--ast-global-color-5)","background-image":"","background-repeat":"repeat","background-position":"center center","background-size":"auto","background-attachment":"scroll","background-type":"","background-media":"","overlay-type":"","overlay-color":"","overlay-opacity":"","overlay-gradient":""}},"footnotes":""},"class_list":["post-3979","page","type-page","status-publish","hentry"],"post_mailing_queue_ids":[],"_links":{"self":[{"href":"https:\/\/agora.xtec.cat\/escelspinetons\/wp-json\/wp\/v2\/pages\/3979","targetHints":{"allow":["GET"]}}],"collection":[{"href":"https:\/\/agora.xtec.cat\/escelspinetons\/wp-json\/wp\/v2\/pages"}],"about":[{"href":"https:\/\/agora.xtec.cat\/escelspinetons\/wp-json\/wp\/v2\/types\/page"}],"author":[{"embeddable":true,"href":"https:\/\/agora.xtec.cat\/escelspinetons\/wp-json\/wp\/v2\/users\/1"}],"replies":[{"embeddable":true,"href":"https:\/\/agora.xtec.cat\/escelspinetons\/wp-json\/wp\/v2\/comments?post=3979"}],"version-history":[{"count":1,"href":"https:\/\/agora.xtec.cat\/escelspinetons\/wp-json\/wp\/v2\/pages\/3979\/revisions"}],"predecessor-version":[{"id":3980,"href":"https:\/\/agora.xtec.cat\/escelspinetons\/wp-json\/wp\/v2\/pages\/3979\/revisions\/3980"}],"up":[{"embeddable":true,"href":"https:\/\/agora.xtec.cat\/escelspinetons\/wp-json\/wp\/v2\/pages\/4352"}],"wp:attachment":[{"href":"https:\/\/agora.xtec.cat\/escelspinetons\/wp-json\/wp\/v2\/media?parent=3979"}],"curies":[{"name":"wp","href":"https:\/\/api.w.org\/{rel}","templated":true}]}}