{"id":2540,"date":"2020-07-17T14:35:58","date_gmt":"2020-07-17T12:35:58","guid":{"rendered":"http:\/\/agora.xtec.cat\/escelspinetons\/?page_id=2540"},"modified":"2026-03-02T13:08:48","modified_gmt":"2026-03-02T12:08:48","slug":"consell-escolar","status":"publish","type":"page","link":"https:\/\/agora.xtec.cat\/escelspinetons\/comunitat-educativa\/consell-escolar\/","title":{"rendered":"Consell Escolar"},"content":{"rendered":"<p>El consell escolar del centre \u00e9s l&#8217;<strong>\u00f2rgan col\u00b7legiat de participaci\u00f3<\/strong>\u00a0de la comunitat escolar en el govern del centre. En el consell escolar hi ha representats tots els col\u00b7lectius que intervenen en la comunitat educativa: director, professorat, alumnat, personal d&#8217;administraci\u00f3 i serveis, etc.<\/p>\n<p>En els centres p\u00fablics, la funci\u00f3 principal del consell escolar \u00e9s participar en la presa de decisions en relaci\u00f3 amb aquells temes importants per al funcionament i l&#8217;organitzaci\u00f3 del centre: el projecte educatiu, la programaci\u00f3 general, la gesti\u00f3 econ\u00f2mica, etc.<\/p>\n<p>Els membres del consell escolar s\u00f3n elegits per un per\u00edode de quatre anys i es renoven per meitats cada dos anys.<\/p>\n<p>Els <strong>membres <\/strong>del Consell Escolar actual s\u00f3n:<\/p>\n<table style=\"width: 100%; height: 1020px;\">\n<tbody>\n<tr style=\"height: 163px;\">\n<td style=\"width: 28.7501%; height: 211px;\" width=\"262\">Equip Directiu<\/td>\n<td style=\"width: 70.2189%; height: 211px;\" width=\"313\">Directora: Montse Valois<\/p>\n<p>Cap d\u2019estudis: N\u00faria Rosell<\/p>\n<p>Secret\u00e0ria: Elisabet Jorba<\/td>\n<\/tr>\n<tr style=\"height: 286px;\">\n<td style=\"width: 28.7501%; height: 309px;\" width=\"262\">Representants de mestres<\/td>\n<td style=\"width: 70.2189%; height: 309px;\" width=\"313\">Anna LlavinaToni Garc\u00eda<\/p>\n<p>Marta Capdevila<\/p>\n<p>Mireia Ramon<\/p>\n<p>\u00cdngrid Terricabras<\/p>\n<p>Anna Hern\u00e0ndez<\/td>\n<\/tr>\n<tr style=\"height: 323px;\">\n<td style=\"width: 28.7501%; height: 337px;\" width=\"262\">Representants de fam\u00edlies<\/td>\n<td style=\"width: 70.2189%; height: 337px;\" width=\"313\">Alexandra Cass\u00e0<\/p>\n<p>Laia Catal\u00e0<\/p>\n<p>Patr\u00edcia Pe\u00f1arroya<\/p>\n<p>Vane Becerra<\/p>\n<p>N\u00faria Lores<\/td>\n<\/tr>\n<tr style=\"height: 53px;\">\n<td style=\"width: 28.7501%; height: 53px;\" width=\"262\">Representant de l\u2019AMPA<\/td>\n<td style=\"width: 70.2189%; height: 53px;\" width=\"313\">Natalia Gonz\u00e1lez<\/td>\n<\/tr>\n<tr style=\"height: 53px;\">\n<td style=\"width: 28.7501%; height: 53px;\" width=\"262\">Representant de l\u2019Ajuntament<\/td>\n<td style=\"width: 70.2189%; height: 53px;\" width=\"313\">Sonia Afuera<\/td>\n<\/tr>\n<tr style=\"height: 57px;\">\n<td style=\"width: 28.7501%; height: 57px;\" width=\"262\">Representant de Personal no docent<\/td>\n<td style=\"width: 70.2189%; height: 57px;\" width=\"313\">Marian Guti\u00e9rrez<\/td>\n<\/tr>\n<\/tbody>\n<\/table>\n<p>RESUM ACTES DEL CONSELL ESCOLAR:<\/p>\n<p><a href=\"https:\/\/drive.google.com\/file\/d\/1j6ViKbCBM-4gIBpKrFdi4kUrFtjXPHAW\/view?usp=drive_link\" target=\"_blank\" rel=\"noopener\">Consell escolar 18 de desembre de 2023<\/a><\/p>\n<p><a href=\"https:\/\/drive.google.com\/file\/d\/1hbN6eQ8Hc0QEA21Y0_B86wVrH3DzQok2\/view?usp=sharing\">Consell escolar 22 de gener de 2024<\/a><\/p>\n<p><a href=\"https:\/\/drive.google.com\/file\/d\/1lDxNr1aY5yWgPptH6y7UmYVuoLNgvg4j\/view?usp=drive_link\" target=\"_blank\" rel=\"noopener\">Consell escolar 27 de gener de 2025<\/a><\/p>\n","protected":false},"excerpt":{"rendered":"<p>El consell escolar del centre \u00e9s l&#8217;\u00f2rgan col\u00b7legiat de participaci\u00f3\u00a0de la comunitat escolar en el govern del centre. En el consell escolar hi ha representats tots els col\u00b7lectius que intervenen en la comunitat educativa: director, professorat, alumnat, personal d&#8217;administraci\u00f3 i serveis, etc. En els centres p\u00fablics, la funci\u00f3 principal del consell escolar \u00e9s participar en [&hellip;]<\/p>\n","protected":false},"author":1,"featured_media":0,"parent":2535,"menu_order":5,"comment_status":"closed","ping_status":"closed","template":"","meta":{"_bbp_topic_count":0,"_bbp_reply_count":0,"_bbp_total_topic_count":0,"_bbp_total_reply_count":0,"_bbp_voice_count":0,"_bbp_anonymous_reply_count":0,"_bbp_topic_count_hidden":0,"_bbp_reply_count_hidden":0,"_bbp_forum_subforum_count":0,"site-sidebar-layout":"default","site-content-layout":"","ast-site-content-layout":"default","site-content-style":"default","site-sidebar-style":"default","ast-global-header-display":"","ast-banner-title-visibility":"","ast-main-header-display":"","ast-hfb-above-header-display":"","ast-hfb-below-header-display":"","ast-hfb-mobile-header-display":"","site-post-title":"","ast-breadcrumbs-content":"","ast-featured-img":"","footer-sml-layout":"","theme-transparent-header-meta":"","adv-header-id-meta":"","stick-header-meta":"","header-above-stick-meta":"","header-main-stick-meta":"","header-below-stick-meta":"","astra-migrate-meta-layouts":"set","ast-page-background-enabled":"default","ast-page-background-meta":{"desktop":{"background-color":"var(--ast-global-color-4)","background-image":"","background-repeat":"repeat","background-position":"center center","background-size":"auto","background-attachment":"scroll","background-type":"","background-media":"","overlay-type":"","overlay-color":"","overlay-opacity":"","overlay-gradient":""},"tablet":{"background-color":"","background-image":"","background-repeat":"repeat","background-position":"center center","background-size":"auto","background-attachment":"scroll","background-type":"","background-media":"","overlay-type":"","overlay-color":"","overlay-opacity":"","overlay-gradient":""},"mobile":{"background-color":"","background-image":"","background-repeat":"repeat","background-position":"center center","background-size":"auto","background-attachment":"scroll","background-type":"","background-media":"","overlay-type":"","overlay-color":"","overlay-opacity":"","overlay-gradient":""}},"ast-content-background-meta":{"desktop":{"background-color":"var(--ast-global-color-5)","background-image":"","background-repeat":"repeat","background-position":"center center","background-size":"auto","background-attachment":"scroll","background-type":"","background-media":"","overlay-type":"","overlay-color":"","overlay-opacity":"","overlay-gradient":""},"tablet":{"background-color":"var(--ast-global-color-5)","background-image":"","background-repeat":"repeat","background-position":"center center","background-size":"auto","background-attachment":"scroll","background-type":"","background-media":"","overlay-type":"","overlay-color":"","overlay-opacity":"","overlay-gradient":""},"mobile":{"background-color":"var(--ast-global-color-5)","background-image":"","background-repeat":"repeat","background-position":"center center","background-size":"auto","background-attachment":"scroll","background-type":"","background-media":"","overlay-type":"","overlay-color":"","overlay-opacity":"","overlay-gradient":""}},"footnotes":""},"class_list":["post-2540","page","type-page","status-publish","hentry"],"post_mailing_queue_ids":[],"_links":{"self":[{"href":"https:\/\/agora.xtec.cat\/escelspinetons\/wp-json\/wp\/v2\/pages\/2540","targetHints":{"allow":["GET"]}}],"collection":[{"href":"https:\/\/agora.xtec.cat\/escelspinetons\/wp-json\/wp\/v2\/pages"}],"about":[{"href":"https:\/\/agora.xtec.cat\/escelspinetons\/wp-json\/wp\/v2\/types\/page"}],"author":[{"embeddable":true,"href":"https:\/\/agora.xtec.cat\/escelspinetons\/wp-json\/wp\/v2\/users\/1"}],"replies":[{"embeddable":true,"href":"https:\/\/agora.xtec.cat\/escelspinetons\/wp-json\/wp\/v2\/comments?post=2540"}],"version-history":[{"count":6,"href":"https:\/\/agora.xtec.cat\/escelspinetons\/wp-json\/wp\/v2\/pages\/2540\/revisions"}],"predecessor-version":[{"id":7606,"href":"https:\/\/agora.xtec.cat\/escelspinetons\/wp-json\/wp\/v2\/pages\/2540\/revisions\/7606"}],"up":[{"embeddable":true,"href":"https:\/\/agora.xtec.cat\/escelspinetons\/wp-json\/wp\/v2\/pages\/2535"}],"wp:attachment":[{"href":"https:\/\/agora.xtec.cat\/escelspinetons\/wp-json\/wp\/v2\/media?parent=2540"}],"curies":[{"name":"wp","href":"https:\/\/api.w.org\/{rel}","templated":true}]}}