{"id":1430,"date":"2019-02-19T15:37:41","date_gmt":"2019-02-19T14:37:41","guid":{"rendered":"http:\/\/agora.xtec.cat\/escelspinetons\/?page_id=1430"},"modified":"2022-11-15T10:18:11","modified_gmt":"2022-11-15T09:18:11","slug":"documents-2","status":"publish","type":"page","link":"https:\/\/agora.xtec.cat\/escelspinetons\/documents-2\/","title":{"rendered":"Documents de Centre"},"content":{"rendered":"<p><strong>1-PROJECTE EDUCATIU DE CENTRE- PEC<\/strong><\/p>\n<p><strong>2-NORMES D&#8217;ORGANITZACI\u00d3 I FUNCIONAMENT DEL CENTRE- NOFC<\/strong><\/p>\n<p><strong>3-PROJECTE LING\u00dc\u00cdSTIC DE CENTRE- PLC<\/strong><\/p>\n<p><strong>4-PROJECTE NOVES TECNOLOGIES- PLA TAC<\/strong><\/p>\n<p><strong>5-DOSSIER INFORMATIU\u00a0<\/strong><\/p>\n<p><strong>6- CARTA DE COMPROM\u00cdS<\/strong><\/p>\n<p><strong>7-PROJECTE DE CONVIV\u00c8NCIA<\/strong><\/p>\n<p><strong>8-<\/strong><strong>PROJECTES ESCOLA<\/strong><\/p>\n<p>8.1-FEM PINYA PEL PATI NOU<\/p>\n<p>8.2- ESCOLA VERDA<\/p>\n<p>8.3- PROJECTE SOLIDARITAT<\/p>\n<p>8.4- APADRINAMENT LECTOR<\/p>\n<p>8.5- CANT\u00c0NIA<\/p>\n<p>8.6- LA R\u00c0DIO<\/p>\n<p>8.7- TU I JO SOM ESTRELLES<\/p>\n<p>8.8- DEIXEM EMPREMTA<\/p>\n<p>8.9- SOMIEM EL M\u00d3N DEL LLIBRES<\/p>\n<p>8.10-HIMNE DE L&#8217;ESCOLA<\/p>\n<p><strong>9- AUTORITZACIONS, COMUNICATS I ALTRES DOCUMENTS<\/strong><\/p>\n<p>9.1- AUTORITZACI\u00d3 MEDICAMENTS<\/p>\n<p>9.2- AUTORITZACI\u00d3 RECOLLIDA EN HORARI ESCOLAR<\/p>\n<p>9.3- AUTORITZACI\u00d3 DE RECOLLIDA D&#8217;ALUMNES PEL GERM\u00c0 GRAN.<\/p>\n<p>9.4- AUTORITZACI\u00d3 RECOLLIDA PER UN ALTRA PERSONA.<\/p>\n<p>10.5- CALENDARI, ENTRADES I SORTIDES<\/p>\n<p>11. LLIBRES DE TEXT<\/p>\n<p>&nbsp;<\/p>\n","protected":false},"excerpt":{"rendered":"<p>1-PROJECTE EDUCATIU DE CENTRE- PEC 2-NORMES D&#8217;ORGANITZACI\u00d3 I FUNCIONAMENT DEL CENTRE- NOFC 3-PROJECTE LING\u00dc\u00cdSTIC DE CENTRE- PLC 4-PROJECTE NOVES TECNOLOGIES- PLA TAC 5-DOSSIER INFORMATIU\u00a0 6- CARTA DE COMPROM\u00cdS 7-PROJECTE DE CONVIV\u00c8NCIA 8-PROJECTES ESCOLA 8.1-FEM PINYA PEL PATI NOU 8.2- ESCOLA VERDA 8.3- PROJECTE SOLIDARITAT 8.4- APADRINAMENT LECTOR 8.5- CANT\u00c0NIA 8.6- LA R\u00c0DIO 8.7- TU I [&hellip;]<\/p>\n","protected":false},"author":1,"featured_media":0,"parent":0,"menu_order":0,"comment_status":"closed","ping_status":"closed","template":"page-templates\/side-menu.php","meta":{"_bbp_topic_count":0,"_bbp_reply_count":0,"_bbp_total_topic_count":0,"_bbp_total_reply_count":0,"_bbp_voice_count":0,"_bbp_anonymous_reply_count":0,"_bbp_topic_count_hidden":0,"_bbp_reply_count_hidden":0,"_bbp_forum_subforum_count":0,"site-sidebar-layout":"default","site-content-layout":"","ast-site-content-layout":"","site-content-style":"default","site-sidebar-style":"default","ast-global-header-display":"","ast-banner-title-visibility":"","ast-main-header-display":"","ast-hfb-above-header-display":"","ast-hfb-below-header-display":"","ast-hfb-mobile-header-display":"","site-post-title":"","ast-breadcrumbs-content":"","ast-featured-img":"","footer-sml-layout":"","theme-transparent-header-meta":"","adv-header-id-meta":"","stick-header-meta":"","header-above-stick-meta":"","header-main-stick-meta":"","header-below-stick-meta":"","astra-migrate-meta-layouts":"default","ast-page-background-enabled":"default","ast-page-background-meta":{"desktop":{"background-color":"var(--ast-global-color-4)","background-image":"","background-repeat":"repeat","background-position":"center center","background-size":"auto","background-attachment":"scroll","background-type":"","background-media":"","overlay-type":"","overlay-color":"","overlay-opacity":"","overlay-gradient":""},"tablet":{"background-color":"","background-image":"","background-repeat":"repeat","background-position":"center center","background-size":"auto","background-attachment":"scroll","background-type":"","background-media":"","overlay-type":"","overlay-color":"","overlay-opacity":"","overlay-gradient":""},"mobile":{"background-color":"","background-image":"","background-repeat":"repeat","background-position":"center center","background-size":"auto","background-attachment":"scroll","background-type":"","background-media":"","overlay-type":"","overlay-color":"","overlay-opacity":"","overlay-gradient":""}},"ast-content-background-meta":{"desktop":{"background-color":"var(--ast-global-color-5)","background-image":"","background-repeat":"repeat","background-position":"center center","background-size":"auto","background-attachment":"scroll","background-type":"","background-media":"","overlay-type":"","overlay-color":"","overlay-opacity":"","overlay-gradient":""},"tablet":{"background-color":"var(--ast-global-color-5)","background-image":"","background-repeat":"repeat","background-position":"center center","background-size":"auto","background-attachment":"scroll","background-type":"","background-media":"","overlay-type":"","overlay-color":"","overlay-opacity":"","overlay-gradient":""},"mobile":{"background-color":"var(--ast-global-color-5)","background-image":"","background-repeat":"repeat","background-position":"center center","background-size":"auto","background-attachment":"scroll","background-type":"","background-media":"","overlay-type":"","overlay-color":"","overlay-opacity":"","overlay-gradient":""}},"footnotes":""},"class_list":["post-1430","page","type-page","status-publish","hentry"],"post_mailing_queue_ids":[],"_links":{"self":[{"href":"https:\/\/agora.xtec.cat\/escelspinetons\/wp-json\/wp\/v2\/pages\/1430","targetHints":{"allow":["GET"]}}],"collection":[{"href":"https:\/\/agora.xtec.cat\/escelspinetons\/wp-json\/wp\/v2\/pages"}],"about":[{"href":"https:\/\/agora.xtec.cat\/escelspinetons\/wp-json\/wp\/v2\/types\/page"}],"author":[{"embeddable":true,"href":"https:\/\/agora.xtec.cat\/escelspinetons\/wp-json\/wp\/v2\/users\/1"}],"replies":[{"embeddable":true,"href":"https:\/\/agora.xtec.cat\/escelspinetons\/wp-json\/wp\/v2\/comments?post=1430"}],"version-history":[{"count":3,"href":"https:\/\/agora.xtec.cat\/escelspinetons\/wp-json\/wp\/v2\/pages\/1430\/revisions"}],"predecessor-version":[{"id":5118,"href":"https:\/\/agora.xtec.cat\/escelspinetons\/wp-json\/wp\/v2\/pages\/1430\/revisions\/5118"}],"wp:attachment":[{"href":"https:\/\/agora.xtec.cat\/escelspinetons\/wp-json\/wp\/v2\/media?parent=1430"}],"curies":[{"name":"wp","href":"https:\/\/api.w.org\/{rel}","templated":true}]}}