{"id":4458,"date":"2023-06-29T10:11:52","date_gmt":"2023-06-29T08:11:52","guid":{"rendered":"https:\/\/agora.xtec.cat\/escelscossetans\/?page_id=4458"},"modified":"2024-09-12T12:29:01","modified_gmt":"2024-09-12T10:29:01","slug":"acords-consell-escolar-2023-24","status":"publish","type":"page","link":"https:\/\/agora.xtec.cat\/escelscossetans\/lescola\/consell-escolar\/acords-consell-escolar-2023-24\/","title":{"rendered":"Acords Consell Escolar 2023\/24"},"content":{"rendered":"<p>&nbsp;<\/p>\n<p>CONSELL ESCOLAR 20\/09\/2023<\/p>\n<div><b>1- Aprovaci\u00f3 Programaci\u00f3 General Anual curs 2023-24.<\/b><\/div>\n<p>&nbsp;<\/p>\n<div><b>2- Aprovaci\u00f3 Mem\u00f2ria Anual curs 2022-23.<\/b><\/div>\n<div><\/div>\n<div><\/div>\n<div><\/div>\n<div><\/div>\n<div><\/div>\n<div><\/div>\n<div><\/div>\n<p>&nbsp;<\/p>\n<div>CONSELL ESCOLAR 13\/12\/2023<\/div>\n<div><\/div>\n<div><\/div>\n<div><\/div>\n<div><\/div>\n<div><\/div>\n<div><strong>1. Constituci\u00f3 del Consell Escolar.<\/strong><\/div>\n<p>&nbsp;<\/p>\n<div><\/div>\n<div>\n<p>Els\/les representants dels diferents sectors s\u00f3n:<\/p>\n<ul>\n<li>Mestres: Isabel G\u00f3mez Lara.<\/li>\n<li>Personal PAS i PAE: Montserrat Escalante de Pablo.<\/li>\n<li>Fam\u00edlies: Chantal \u00c1lvarez Arotcarena i N\u00faria Rodr\u00edguez Cadenas<strong>.<\/strong><\/li>\n<li>Responsable de coeducaci\u00f3: Isabel G\u00f3mez.<\/li>\n<li>Comissi\u00f3 Permanent: per l\u2019Eli (directora), N\u00faria (mare) i Isabel (mestra).<\/li>\n<li>Consell Municipal: Isabel, Chantal, Montserrat, Mari Carmen i Eli.<\/li>\n<\/ul>\n<\/div>\n<p>&nbsp;<\/p>\n<p>CONSELL ESCOLAR 29\/01\/2024<\/p>\n<ol>\n<li><strong>Sortida I5. <\/strong>Degut al baix \u00edndex de participaci\u00f3 arran del primer pagament, tal i com marca a les NOFC del centre, en no arribar al 50% de la classe, s\u2019han hagut de cancel\u00b7lar. Per aix\u00f2, el grup d\u2019I5 podr\u00e0 fer la sortida del 3r trimestre juntament amb els altres grups d\u2019infantil. S\u2019aprova la sortida per al dia 17 d\u2019abril de 2024 al Pinar, Canyelles.<\/li>\n<\/ol>\n<p><strong>2. Aprovaci\u00f3 del tancament de l\u2019exercici del 2023 i de les modificacions.\u00a0<\/strong><\/p>\n<p><strong>3. Aprovaci\u00f3 de l\u2019exercici del 2024.\u00a0<\/strong><\/p>\n<p><strong>4. Torn obert de paraula. <\/strong>Es parla sobre el servei de manteniment i neteja dels carrers i es busquen idees per fomentar la bona gesti\u00f3 dels residus.<\/p>\n<p>&nbsp;<\/p>\n<p>CONSELL ESCOLAR 29\/01\/2024<\/p>\n<ol>\n<li><strong>Aprovaci\u00f3\u00a0 del pla de funcionament del transport escolar.<\/strong><\/li>\n<\/ol>\n<p>&nbsp;<\/p>\n<p>CONSELL ESCOLAR 17\/05\/2024<\/p>\n<p><strong>1<\/strong>&#8211;\u00a0<strong>Aprovaci\u00f3 de la data de\u00a0Port Aventura dels nens i nens de 6\u00e8.\u00a0<\/strong><\/p>\n<p><strong>2- Aprovaci\u00f3 del Pla de Comunicaci\u00f3 Digital.<\/strong><\/p>\n<p><strong>3-\u00a0<\/strong><strong>Aprovaci\u00f3 de la col\u00b7locaci\u00f3 d\u2019unes lletres corporatives a\u00a0l\u2019entrada\u00a0de\u00a0l\u2019escola<\/strong> (a c\u00e0rrec de l&#8217;AMPA).<\/p>\n<p><strong>4- Actualitzaci\u00f3 de les NOFC i el PEC.<\/strong><\/p>\n<p>&nbsp;<\/p>\n<p>&nbsp;<\/p>\n<p>CONSELL ESCOLAR 12\/06\/24<\/p>\n<ol>\n<li><strong>Aprovaci\u00f3 sortida Toc\u00e0nia. <\/strong>La directora explica que el dia 14 de juny, les classes de 3r aniran al Teatre Joan colet de Calafell a fer el concert de la Toc\u00e0nia juntament amb les escoles del municipi i d\u2019altres \u00a0escoles dels municipis ve\u00efns. Ser\u00e0 com una sortida de tot el dia amb esmorzar i dinar i finalitzar\u00e0 a les 15h. Aprovada.<\/li>\n<\/ol>\n<p>&nbsp;<\/p>\n","protected":false},"excerpt":{"rendered":"<p>&nbsp; CONSELL ESCOLAR 20\/09\/2023 1- Aprovaci\u00f3 Programaci\u00f3 General Anual curs 2023-24. &nbsp; 2- Aprovaci\u00f3 Mem\u00f2ria Anual curs 2022-23. &nbsp; CONSELL ESCOLAR 13\/12\/2023 1. Constituci\u00f3 del Consell Escolar. &nbsp; Els\/les representants dels diferents sectors s\u00f3n: Mestres: Isabel G\u00f3mez Lara. Personal PAS i PAE: Montserrat Escalante de Pablo. Fam\u00edlies: Chantal \u00c1lvarez Arotcarena i N\u00faria Rodr\u00edguez Cadenas. Responsable [&hellip;]<\/p>\n","protected":false},"author":1,"featured_media":0,"parent":2697,"menu_order":20,"comment_status":"closed","ping_status":"closed","template":"page-templates\/side-menu.php","meta":{"_bbp_topic_count":0,"_bbp_reply_count":0,"_bbp_total_topic_count":0,"_bbp_total_reply_count":0,"_bbp_voice_count":0,"_bbp_anonymous_reply_count":0,"_bbp_topic_count_hidden":0,"_bbp_reply_count_hidden":0,"_bbp_forum_subforum_count":0,"site-sidebar-layout":"default","site-content-layout":"","ast-site-content-layout":"","site-content-style":"default","site-sidebar-style":"default","ast-global-header-display":"","ast-banner-title-visibility":"","ast-main-header-display":"","ast-hfb-above-header-display":"","ast-hfb-below-header-display":"","ast-hfb-mobile-header-display":"","site-post-title":"","ast-breadcrumbs-content":"","ast-featured-img":"","footer-sml-layout":"","theme-transparent-header-meta":"","adv-header-id-meta":"","stick-header-meta":"","header-above-stick-meta":"","header-main-stick-meta":"","header-below-stick-meta":"","astra-migrate-meta-layouts":"default","ast-page-background-enabled":"default","ast-page-background-meta":{"desktop":{"background-color":"var(--ast-global-color-4)","background-image":"","background-repeat":"repeat","background-position":"center center","background-size":"auto","background-attachment":"scroll","background-type":"","background-media":"","overlay-type":"","overlay-color":"","overlay-opacity":"","overlay-gradient":""},"tablet":{"background-color":"","background-image":"","background-repeat":"repeat","background-position":"center center","background-size":"auto","background-attachment":"scroll","background-type":"","background-media":"","overlay-type":"","overlay-color":"","overlay-opacity":"","overlay-gradient":""},"mobile":{"background-color":"","background-image":"","background-repeat":"repeat","background-position":"center center","background-size":"auto","background-attachment":"scroll","background-type":"","background-media":"","overlay-type":"","overlay-color":"","overlay-opacity":"","overlay-gradient":""}},"ast-content-background-meta":{"desktop":{"background-color":"var(--ast-global-color-5)","background-image":"","background-repeat":"repeat","background-position":"center center","background-size":"auto","background-attachment":"scroll","background-type":"","background-media":"","overlay-type":"","overlay-color":"","overlay-opacity":"","overlay-gradient":""},"tablet":{"background-color":"var(--ast-global-color-5)","background-image":"","background-repeat":"repeat","background-position":"center center","background-size":"auto","background-attachment":"scroll","background-type":"","background-media":"","overlay-type":"","overlay-color":"","overlay-opacity":"","overlay-gradient":""},"mobile":{"background-color":"var(--ast-global-color-5)","background-image":"","background-repeat":"repeat","background-position":"center center","background-size":"auto","background-attachment":"scroll","background-type":"","background-media":"","overlay-type":"","overlay-color":"","overlay-opacity":"","overlay-gradient":""}},"footnotes":""},"class_list":["post-4458","page","type-page","status-publish","hentry"],"post_mailing_queue_ids":[],"_links":{"self":[{"href":"https:\/\/agora.xtec.cat\/escelscossetans\/wp-json\/wp\/v2\/pages\/4458","targetHints":{"allow":["GET"]}}],"collection":[{"href":"https:\/\/agora.xtec.cat\/escelscossetans\/wp-json\/wp\/v2\/pages"}],"about":[{"href":"https:\/\/agora.xtec.cat\/escelscossetans\/wp-json\/wp\/v2\/types\/page"}],"author":[{"embeddable":true,"href":"https:\/\/agora.xtec.cat\/escelscossetans\/wp-json\/wp\/v2\/users\/1"}],"replies":[{"embeddable":true,"href":"https:\/\/agora.xtec.cat\/escelscossetans\/wp-json\/wp\/v2\/comments?post=4458"}],"version-history":[{"count":7,"href":"https:\/\/agora.xtec.cat\/escelscossetans\/wp-json\/wp\/v2\/pages\/4458\/revisions"}],"predecessor-version":[{"id":5770,"href":"https:\/\/agora.xtec.cat\/escelscossetans\/wp-json\/wp\/v2\/pages\/4458\/revisions\/5770"}],"up":[{"embeddable":true,"href":"https:\/\/agora.xtec.cat\/escelscossetans\/wp-json\/wp\/v2\/pages\/2697"}],"wp:attachment":[{"href":"https:\/\/agora.xtec.cat\/escelscossetans\/wp-json\/wp\/v2\/media?parent=4458"}],"curies":[{"name":"wp","href":"https:\/\/api.w.org\/{rel}","templated":true}]}}