{"id":3037,"date":"2022-02-09T09:51:59","date_gmt":"2022-02-09T08:51:59","guid":{"rendered":"https:\/\/agora.xtec.cat\/escelscossetans\/?page_id=3037"},"modified":"2024-10-10T15:37:12","modified_gmt":"2024-10-10T13:37:12","slug":"eix-moodle","status":"publish","type":"page","link":"https:\/\/agora.xtec.cat\/escelscossetans\/estrategia-digital-de-centre\/cultura-digital\/eix-moodle\/","title":{"rendered":"Eix-Moodle"},"content":{"rendered":"<p>&nbsp;<\/p>\n<h3><em>Acc\u00e9s al Portal Eix-Moodle de l&#8217;escola Els Cossetans i tutorial sobre el seu funcionament<\/em><\/h3>\n<p>&nbsp;<\/p>\n<p>Com ja sabeu, aquest curs comencem a treballar la Compet\u00e8ncia Digital a trav\u00e9s del Portal Eix &#8211; Moodle de l&#8217;escola Els Cossetans. El Moodle \u00e9s una plataforma educativa, un conjunt de programari que possibilita la creaci\u00f3 d\u2019aules virtuals, espais de trobada i comunicaci\u00f3 a Internet orientats a l\u2019ensenyament i l\u2019aprenentatge.<\/p>\n<p>\u00c9s per aix\u00f2 que a continuaci\u00f3 trobareu l&#8217;enlla\u00e7 que us portar\u00e0 directament a aquest portal i un tutorial on us expliquem els passos a seguir en cas d&#8217;haver-lo d&#8217;utilitzar des de casa.<\/p>\n<p>L&#8217;enlla\u00e7 \u00e9s el seg\u00fcent: <a href=\"https:\/\/educaciodigital.cat\/escelscossetans\/moodle\/\" target=\"_blank\" rel=\"noopener noreferrer\">https:\/\/educaciodigital.cat\/escelscossetans\/moodle\/<\/a><\/p>\n<p>En aquest v\u00eddeo podeu visualitzar els passos a seguir per poder-hi accedir i l&#8217;exemple d&#8217;una activitat perqu\u00e8 mireu com es fa.<\/p>\n<p>&nbsp;<\/p>\n<div class=\"ast-oembed-container \" style=\"height: 100%;\"><iframe loading=\"lazy\" title=\"Tutorial fami\u0301lies Moodle\" width=\"500\" height=\"375\" src=\"https:\/\/www.youtube.com\/embed\/lee88Bika8Y?feature=oembed\" frameborder=\"0\" allow=\"accelerometer; autoplay; clipboard-write; encrypted-media; gyroscope; picture-in-picture; web-share\" referrerpolicy=\"strict-origin-when-cross-origin\" allowfullscreen><\/iframe><\/div>\n","protected":false},"excerpt":{"rendered":"<p>&nbsp; Acc\u00e9s al Portal Eix-Moodle de l&#8217;escola Els Cossetans i tutorial sobre el seu funcionament &nbsp; Com ja sabeu, aquest curs comencem a treballar la Compet\u00e8ncia Digital a trav\u00e9s del Portal Eix &#8211; Moodle de l&#8217;escola Els Cossetans. El Moodle \u00e9s una plataforma educativa, un conjunt de programari que possibilita la creaci\u00f3 d\u2019aules virtuals, espais [&hellip;]<\/p>\n","protected":false},"author":1,"featured_media":0,"parent":3163,"menu_order":70,"comment_status":"closed","ping_status":"closed","template":"page-templates\/side-menu.php","meta":{"_bbp_topic_count":0,"_bbp_reply_count":0,"_bbp_total_topic_count":0,"_bbp_total_reply_count":0,"_bbp_voice_count":0,"_bbp_anonymous_reply_count":0,"_bbp_topic_count_hidden":0,"_bbp_reply_count_hidden":0,"_bbp_forum_subforum_count":0,"site-sidebar-layout":"default","site-content-layout":"","ast-site-content-layout":"","site-content-style":"default","site-sidebar-style":"default","ast-global-header-display":"","ast-banner-title-visibility":"","ast-main-header-display":"","ast-hfb-above-header-display":"","ast-hfb-below-header-display":"","ast-hfb-mobile-header-display":"","site-post-title":"","ast-breadcrumbs-content":"","ast-featured-img":"","footer-sml-layout":"","theme-transparent-header-meta":"","adv-header-id-meta":"","stick-header-meta":"","header-above-stick-meta":"","header-main-stick-meta":"","header-below-stick-meta":"","astra-migrate-meta-layouts":"default","ast-page-background-enabled":"default","ast-page-background-meta":{"desktop":{"background-color":"var(--ast-global-color-4)","background-image":"","background-repeat":"repeat","background-position":"center center","background-size":"auto","background-attachment":"scroll","background-type":"","background-media":"","overlay-type":"","overlay-color":"","overlay-opacity":"","overlay-gradient":""},"tablet":{"background-color":"","background-image":"","background-repeat":"repeat","background-position":"center center","background-size":"auto","background-attachment":"scroll","background-type":"","background-media":"","overlay-type":"","overlay-color":"","overlay-opacity":"","overlay-gradient":""},"mobile":{"background-color":"","background-image":"","background-repeat":"repeat","background-position":"center center","background-size":"auto","background-attachment":"scroll","background-type":"","background-media":"","overlay-type":"","overlay-color":"","overlay-opacity":"","overlay-gradient":""}},"ast-content-background-meta":{"desktop":{"background-color":"var(--ast-global-color-5)","background-image":"","background-repeat":"repeat","background-position":"center center","background-size":"auto","background-attachment":"scroll","background-type":"","background-media":"","overlay-type":"","overlay-color":"","overlay-opacity":"","overlay-gradient":""},"tablet":{"background-color":"var(--ast-global-color-5)","background-image":"","background-repeat":"repeat","background-position":"center center","background-size":"auto","background-attachment":"scroll","background-type":"","background-media":"","overlay-type":"","overlay-color":"","overlay-opacity":"","overlay-gradient":""},"mobile":{"background-color":"var(--ast-global-color-5)","background-image":"","background-repeat":"repeat","background-position":"center center","background-size":"auto","background-attachment":"scroll","background-type":"","background-media":"","overlay-type":"","overlay-color":"","overlay-opacity":"","overlay-gradient":""}},"footnotes":""},"class_list":["post-3037","page","type-page","status-publish","hentry"],"post_mailing_queue_ids":[],"_links":{"self":[{"href":"https:\/\/agora.xtec.cat\/escelscossetans\/wp-json\/wp\/v2\/pages\/3037","targetHints":{"allow":["GET"]}}],"collection":[{"href":"https:\/\/agora.xtec.cat\/escelscossetans\/wp-json\/wp\/v2\/pages"}],"about":[{"href":"https:\/\/agora.xtec.cat\/escelscossetans\/wp-json\/wp\/v2\/types\/page"}],"author":[{"embeddable":true,"href":"https:\/\/agora.xtec.cat\/escelscossetans\/wp-json\/wp\/v2\/users\/1"}],"replies":[{"embeddable":true,"href":"https:\/\/agora.xtec.cat\/escelscossetans\/wp-json\/wp\/v2\/comments?post=3037"}],"version-history":[{"count":3,"href":"https:\/\/agora.xtec.cat\/escelscossetans\/wp-json\/wp\/v2\/pages\/3037\/revisions"}],"predecessor-version":[{"id":4251,"href":"https:\/\/agora.xtec.cat\/escelscossetans\/wp-json\/wp\/v2\/pages\/3037\/revisions\/4251"}],"up":[{"embeddable":true,"href":"https:\/\/agora.xtec.cat\/escelscossetans\/wp-json\/wp\/v2\/pages\/3163"}],"wp:attachment":[{"href":"https:\/\/agora.xtec.cat\/escelscossetans\/wp-json\/wp\/v2\/media?parent=3037"}],"curies":[{"name":"wp","href":"https:\/\/api.w.org\/{rel}","templated":true}]}}