{"id":1945,"date":"2023-01-30T11:21:39","date_gmt":"2023-01-30T10:21:39","guid":{"rendered":"https:\/\/agora.xtec.cat\/esceduardtoda\/?page_id=1945"},"modified":"2023-04-24T12:13:56","modified_gmt":"2023-04-24T10:13:56","slug":"part-estrategica","status":"publish","type":"page","link":"https:\/\/agora.xtec.cat\/esceduardtoda\/estrategia-digital-de-centre\/part-estrategica\/","title":{"rendered":"Part estrat\u00e8gica"},"content":{"rendered":"<p dir=\"ltr\">Seguint les indicacions del document de definici\u00f3 de l&#8217;Estrat\u00e8gia Digital de Centre, la part estrat\u00e8gica l&#8217;hem estructurat en 4 fases:<\/p>\n<p><a href=\"https:\/\/agora.xtec.cat\/esceduardtoda\/wp-content\/uploads\/usu2096\/2023\/04\/3_Fases-de-lEDC_v3.pdf.png\"><img loading=\"lazy\" decoding=\"async\" class=\"alignnone size-large wp-image-2041\" src=\"https:\/\/agora.xtec.cat\/esceduardtoda\/wp-content\/uploads\/usu2096\/2023\/04\/3_Fases-de-lEDC_v3.pdf-1024x724.png\" alt=\"\" width=\"1024\" height=\"724\" srcset=\"https:\/\/agora.xtec.cat\/esceduardtoda\/wp-content\/uploads\/usu2096\/2023\/04\/3_Fases-de-lEDC_v3.pdf-1024x724.png 1024w, https:\/\/agora.xtec.cat\/esceduardtoda\/wp-content\/uploads\/usu2096\/2023\/04\/3_Fases-de-lEDC_v3.pdf-300x212.png 300w, https:\/\/agora.xtec.cat\/esceduardtoda\/wp-content\/uploads\/usu2096\/2023\/04\/3_Fases-de-lEDC_v3.pdf-768x543.png 768w, https:\/\/agora.xtec.cat\/esceduardtoda\/wp-content\/uploads\/usu2096\/2023\/04\/3_Fases-de-lEDC_v3.pdf-1536x1086.png 1536w, https:\/\/agora.xtec.cat\/esceduardtoda\/wp-content\/uploads\/usu2096\/2023\/04\/3_Fases-de-lEDC_v3.pdf.png 2000w\" sizes=\"auto, (max-width: 1024px) 100vw, 1024px\" \/><\/a><\/p>\n","protected":false},"excerpt":{"rendered":"<p>Seguint les indicacions del document de definici\u00f3 de l&#8217;Estrat\u00e8gia Digital de Centre, la part estrat\u00e8gica l&#8217;hem estructurat en 4 fases:<\/p>\n","protected":false},"author":1,"featured_media":0,"parent":1941,"menu_order":0,"comment_status":"closed","ping_status":"closed","template":"page-templates\/side-menu.php","meta":{"_bbp_topic_count":0,"_bbp_reply_count":0,"_bbp_total_topic_count":0,"_bbp_total_reply_count":0,"_bbp_voice_count":0,"_bbp_anonymous_reply_count":0,"_bbp_topic_count_hidden":0,"_bbp_reply_count_hidden":0,"_bbp_forum_subforum_count":0,"site-sidebar-layout":"default","site-content-layout":"","ast-site-content-layout":"","site-content-style":"default","site-sidebar-style":"default","ast-global-header-display":"","ast-banner-title-visibility":"","ast-main-header-display":"","ast-hfb-above-header-display":"","ast-hfb-below-header-display":"","ast-hfb-mobile-header-display":"","site-post-title":"","ast-breadcrumbs-content":"","ast-featured-img":"","footer-sml-layout":"","theme-transparent-header-meta":"","adv-header-id-meta":"","stick-header-meta":"","header-above-stick-meta":"","header-main-stick-meta":"","header-below-stick-meta":"","astra-migrate-meta-layouts":"default","ast-page-background-enabled":"default","ast-page-background-meta":{"desktop":{"background-color":"var(--ast-global-color-4)","background-image":"","background-repeat":"repeat","background-position":"center center","background-size":"auto","background-attachment":"scroll","background-type":"","background-media":"","overlay-type":"","overlay-color":"","overlay-opacity":"","overlay-gradient":""},"tablet":{"background-color":"","background-image":"","background-repeat":"repeat","background-position":"center center","background-size":"auto","background-attachment":"scroll","background-type":"","background-media":"","overlay-type":"","overlay-color":"","overlay-opacity":"","overlay-gradient":""},"mobile":{"background-color":"","background-image":"","background-repeat":"repeat","background-position":"center center","background-size":"auto","background-attachment":"scroll","background-type":"","background-media":"","overlay-type":"","overlay-color":"","overlay-opacity":"","overlay-gradient":""}},"ast-content-background-meta":{"desktop":{"background-color":"var(--ast-global-color-5)","background-image":"","background-repeat":"repeat","background-position":"center center","background-size":"auto","background-attachment":"scroll","background-type":"","background-media":"","overlay-type":"","overlay-color":"","overlay-opacity":"","overlay-gradient":""},"tablet":{"background-color":"var(--ast-global-color-5)","background-image":"","background-repeat":"repeat","background-position":"center center","background-size":"auto","background-attachment":"scroll","background-type":"","background-media":"","overlay-type":"","overlay-color":"","overlay-opacity":"","overlay-gradient":""},"mobile":{"background-color":"var(--ast-global-color-5)","background-image":"","background-repeat":"repeat","background-position":"center center","background-size":"auto","background-attachment":"scroll","background-type":"","background-media":"","overlay-type":"","overlay-color":"","overlay-opacity":"","overlay-gradient":""}},"footnotes":""},"class_list":["post-1945","page","type-page","status-publish","hentry"],"post_mailing_queue_ids":[],"_links":{"self":[{"href":"https:\/\/agora.xtec.cat\/esceduardtoda\/wp-json\/wp\/v2\/pages\/1945","targetHints":{"allow":["GET"]}}],"collection":[{"href":"https:\/\/agora.xtec.cat\/esceduardtoda\/wp-json\/wp\/v2\/pages"}],"about":[{"href":"https:\/\/agora.xtec.cat\/esceduardtoda\/wp-json\/wp\/v2\/types\/page"}],"author":[{"embeddable":true,"href":"https:\/\/agora.xtec.cat\/esceduardtoda\/wp-json\/wp\/v2\/users\/1"}],"replies":[{"embeddable":true,"href":"https:\/\/agora.xtec.cat\/esceduardtoda\/wp-json\/wp\/v2\/comments?post=1945"}],"version-history":[{"count":4,"href":"https:\/\/agora.xtec.cat\/esceduardtoda\/wp-json\/wp\/v2\/pages\/1945\/revisions"}],"predecessor-version":[{"id":2043,"href":"https:\/\/agora.xtec.cat\/esceduardtoda\/wp-json\/wp\/v2\/pages\/1945\/revisions\/2043"}],"up":[{"embeddable":true,"href":"https:\/\/agora.xtec.cat\/esceduardtoda\/wp-json\/wp\/v2\/pages\/1941"}],"wp:attachment":[{"href":"https:\/\/agora.xtec.cat\/esceduardtoda\/wp-json\/wp\/v2\/media?parent=1945"}],"curies":[{"name":"wp","href":"https:\/\/api.w.org\/{rel}","templated":true}]}}