{"id":64,"date":"2014-09-18T12:39:08","date_gmt":"2014-09-18T11:39:08","guid":{"rendered":"http:\/\/agora.xtec.cat\/escdelplademanlleu\/?page_id=64"},"modified":"2024-05-31T09:12:25","modified_gmt":"2024-05-31T07:12:25","slug":"documents-de-centre","status":"publish","type":"page","link":"https:\/\/agora.xtec.cat\/escdelplademanlleu\/documents-de-centre\/","title":{"rendered":"Documents de centre"},"content":{"rendered":"<p>En aquest espai trobareu el projecte educatiu que defineix el car\u00e0cter propi del centre i\u00a0\u00a0altres documents d&#8217;organitzaci\u00f3 i gesti\u00f3.<\/p>\n<p>Trobareu l&#8217;enlla\u00e7 als documents sota aquestes l\u00ednies i a la p\u00e0gina desplegable del men\u00fa principal.<\/p>\n<ul class=\"sub-menu menu-even sub-sub-menu menu-depth-2\">\n<li id=\"nav-menu-item-2384\" class=\"sub-menu-item sub-sub-menu-item menu-item-even menu-item-depth-2 menu-item menu-item-type-post_type menu-item-object-bp_doc\"><a class=\"menu-link sub-menu-link\" href=\"https:\/\/agora.xtec.cat\/escdelplademanlleu\/docs\/projecte-de-direccio\/\">Projecte de direcci\u00f3<\/a><\/li>\n<li id=\"nav-menu-item-2285\" class=\"sub-menu-item sub-sub-menu-item menu-item-even menu-item-depth-2 menu-item menu-item-type-post_type menu-item-object-bp_doc\"><a class=\"menu-link sub-menu-link\" href=\"https:\/\/agora.xtec.cat\/escdelplademanlleu\/docs\/projecte-educatiu-de-centre\/\">Projecte educatiu de centre<\/a><\/li>\n<li id=\"nav-menu-item-2374\" class=\"sub-menu-item sub-sub-menu-item menu-item-even menu-item-depth-2 menu-item menu-item-type-post_type menu-item-object-bp_doc\"><a class=\"menu-link sub-menu-link\" href=\"https:\/\/agora.xtec.cat\/escdelplademanlleu\/docs\/competencies-basiques\/\">Pla general anual<\/a><\/li>\n<li id=\"nav-menu-item-3085\" class=\"sub-menu-item sub-sub-menu-item menu-item-even menu-item-depth-2 menu-item menu-item-type-post_type menu-item-object-bp_doc\"><a class=\"menu-link sub-menu-link\" href=\"https:\/\/agora.xtec.cat\/escdelplademanlleu\/docs\/projecte-linguistic-de-centre\/\">Projecte ling\u00fc\u00edstic de centre<\/a><\/li>\n<li id=\"nav-menu-item-3471\" class=\"sub-menu-item sub-sub-menu-item menu-item-even menu-item-depth-2 menu-item menu-item-type-post_type menu-item-object-bp_doc\"><a class=\"menu-link sub-menu-link\" href=\"https:\/\/agora.xtec.cat\/escdelplademanlleu\/docs\/projecte-de-convivencia\/\">Projecte de conviv\u00e8ncia<\/a><\/li>\n<li id=\"nav-menu-item-2287\" class=\"sub-menu-item sub-sub-menu-item menu-item-even menu-item-depth-2 menu-item menu-item-type-post_type menu-item-object-bp_doc\"><a class=\"menu-link sub-menu-link\" href=\"https:\/\/agora.xtec.cat\/escdelplademanlleu\/docs\/pla-dacollida\/\">NOFC<\/a><\/li>\n<li id=\"nav-menu-item-2390\" class=\"sub-menu-item sub-sub-menu-item menu-item-even menu-item-depth-2 menu-item menu-item-type-post_type menu-item-object-bp_doc\"><a class=\"menu-link sub-menu-link\" href=\"https:\/\/agora.xtec.cat\/escdelplademanlleu\/docs\/pla-dacollida-2\/\">Pla d\u2019acollida<\/a><\/li>\n<li class=\"sub-menu-item sub-sub-menu-item menu-item-even menu-item-depth-2 menu-item menu-item-type-post_type menu-item-object-bp_doc\"><a href=\"https:\/\/agora.xtec.cat\/escdelplademanlleu\/docs\/consell-escolar\/\">Consell escolar de centre<\/a><\/li>\n<li class=\"sub-menu-item sub-sub-menu-item menu-item-even menu-item-depth-2 menu-item menu-item-type-post_type menu-item-object-bp_doc\"><a href=\"https:\/\/agora.xtec.cat\/escdelplademanlleu\/estrategia-digital-de-centre\/\">Estrat\u00e8gia digital de centre<\/a><\/li>\n<\/ul>\n","protected":false},"excerpt":{"rendered":"<p>En aquest espai trobareu el projecte educatiu que defineix el car\u00e0cter propi del centre i\u00a0\u00a0altres documents d&#8217;organitzaci\u00f3 i gesti\u00f3.<br \/>\nTrobareu l&#8217;enlla\u00e7 als documents sota aquestes l\u00ednies i a la p\u00e0gina desplegable del men\u00fa principal.<\/p>\n<ul class=\"sub-menu menu-even sub-sub-menu menu-depth-2\">\n<li id=\"nav-menu-item-2384\" class=\"sub-menu-item sub-sub-menu-item menu-item-even menu-item-depth-2 menu-item menu-item-type-post_type menu-item-object-bp_doc\"><a&hellip;  <a href=\"https:\/\/agora.xtec.cat\/escdelplademanlleu\/documents-de-centre\/\" title=\"Read Documents de centre\">Llegeix m\u00e9s\u00bb<\/a><br \/>\n","protected":false},"author":1,"featured_media":0,"parent":0,"menu_order":0,"comment_status":"closed","ping_status":"closed","template":"page-templates\/side-menu.php","meta":{"_bbp_topic_count":0,"_bbp_reply_count":0,"_bbp_total_topic_count":0,"_bbp_total_reply_count":0,"_bbp_voice_count":0,"_bbp_anonymous_reply_count":0,"_bbp_topic_count_hidden":0,"_bbp_reply_count_hidden":0,"_bbp_forum_subforum_count":0,"footnotes":""},"class_list":["post-64","page","type-page","status-publish","hentry"],"post_mailing_queue_ids":[],"_links":{"self":[{"href":"https:\/\/agora.xtec.cat\/escdelplademanlleu\/wp-json\/wp\/v2\/pages\/64","targetHints":{"allow":["GET"]}}],"collection":[{"href":"https:\/\/agora.xtec.cat\/escdelplademanlleu\/wp-json\/wp\/v2\/pages"}],"about":[{"href":"https:\/\/agora.xtec.cat\/escdelplademanlleu\/wp-json\/wp\/v2\/types\/page"}],"author":[{"embeddable":true,"href":"https:\/\/agora.xtec.cat\/escdelplademanlleu\/wp-json\/wp\/v2\/users\/1"}],"replies":[{"embeddable":true,"href":"https:\/\/agora.xtec.cat\/escdelplademanlleu\/wp-json\/wp\/v2\/comments?post=64"}],"version-history":[{"count":6,"href":"https:\/\/agora.xtec.cat\/escdelplademanlleu\/wp-json\/wp\/v2\/pages\/64\/revisions"}],"predecessor-version":[{"id":4991,"href":"https:\/\/agora.xtec.cat\/escdelplademanlleu\/wp-json\/wp\/v2\/pages\/64\/revisions\/4991"}],"wp:attachment":[{"href":"https:\/\/agora.xtec.cat\/escdelplademanlleu\/wp-json\/wp\/v2\/media?parent=64"}],"curies":[{"name":"wp","href":"https:\/\/api.w.org\/{rel}","templated":true}]}}