{"id":2701,"date":"2025-07-16T02:07:12","date_gmt":"2025-07-16T00:07:12","guid":{"rendered":"https:\/\/agora.xtec.cat\/escdelavila\/?page_id=2701"},"modified":"2025-07-16T02:21:56","modified_gmt":"2025-07-16T00:21:56","slug":"copia-estrategia-digital-centre","status":"publish","type":"page","link":"https:\/\/agora.xtec.cat\/escdelavila\/copia-estrategia-digital-centre\/","title":{"rendered":"ESTRAT\u00c8GIA DIGITAL CENTRE"},"content":{"rendered":"\n<p>L&#8217;<a href=\"https:\/\/sites.google.com\/xtec.cat\/espaiedc-lavila\/inici\">estrat\u00e8gia digital de centre (EDC)<\/a> defineix i concreta les l\u00ednies d&#8217;actuaci\u00f3 d&#8217;un centre que fan possible que docents, alumnat i centre assoleixin la compet\u00e8ncia digital. Per aconseguir aquesta compet\u00e8ncia digital, l&#8217;EDC compr\u00e8n tots els \u00e0mbits del centre: organitzatius, metodol\u00f2gics, curriculars i comunicatius, els quals s&#8217;han de veure necess\u00e0riament implicats i, si escau, transformats, des d\u2019una perspectiva d&#8217;innovaci\u00f3 i de millora cont\u00ednua.<\/p>\n\n\n\n<p>Els objectius de l&#8217;EDC es poden agrupar en cinc \u00e0mbits, que tenen com a fita el m\u00e0xim assoliment de la compet\u00e8ncia digital de l\u2019alumnat, del professorat i del centre:<\/p>\n\n\n\n<ul class=\"wp-block-list\">\n<li>\n<ul class=\"wp-block-list\">\n<li>Assoliment de la compet\u00e8ncia digital<\/li>\n\n\n\n<li>Planificaci\u00f3 estrat\u00e8gica i organitzaci\u00f3<\/li>\n\n\n\n<li>Metodologies did\u00e0ctiques i innovaci\u00f3<\/li>\n\n\n\n<li>Inclusi\u00f3 digital i de g\u00e8nere<\/li>\n\n\n\n<li>Seguretat i protecci\u00f3 de dades<\/li>\n<\/ul>\n<\/li>\n<\/ul>\n\n\n<div class=\"wp-block-image\">\n<figure class=\"aligncenter\"><a href=\"https:\/\/sites.google.com\/xtec.cat\/espaiedc-lavila\/inici\"><img loading=\"lazy\" decoding=\"async\" width=\"268\" height=\"377\" src=\"https:\/\/agora.xtec.cat\/escdelavila\/wp-content\/uploads\/usu2350\/2023\/01\/edc-268x378.jpg_2026732490.jpg\" alt=\"\" class=\"wp-image-634\" srcset=\"https:\/\/agora.xtec.cat\/escdelavila\/wp-content\/uploads\/usu2350\/2023\/01\/edc-268x378.jpg_2026732490.jpg 268w, https:\/\/agora.xtec.cat\/escdelavila\/wp-content\/uploads\/usu2350\/2023\/01\/edc-268x378.jpg_2026732490-213x300.jpg 213w\" sizes=\"auto, (max-width: 268px) 100vw, 268px\" \/><\/a><\/figure><\/div>\n\n\n<p><em>Cliqueu dins de la imatge per enlla\u00e7ar al<\/em> <strong>Sites de l&#8217;Estrat\u00e8gia Digital de Centre<\/strong><\/p>\n\n\n\n<p><\/p>\n","protected":false},"excerpt":{"rendered":"<p>L&#8217;<a href=\"https:\/\/sites.google.com\/xtec.cat\/espaiedc-lavila\/inici\">estrat\u00e8gia digital de centre (EDC)<\/a> defineix i concreta les l\u00ednies d&#8217;actuaci\u00f3 d&#8217;un centre que fan possible que docents, alumnat i centre assoleixin la compet\u00e8ncia digital. Per aconseguir aquesta compet\u00e8ncia digital, l&#8217;EDC compr\u00e8n tots els \u00e0mbits del centre: organitzatius, metodol\u00f2gics, curriculars i comunicatius, els quals&hellip;  <a href=\"https:\/\/agora.xtec.cat\/escdelavila\/copia-estrategia-digital-centre\/\" title=\"Read ESTRAT\u00c8GIA DIGITAL CENTRE\">Llegeix m\u00e9s\u00bb<\/a><\/p>\n","protected":false},"author":1,"featured_media":0,"parent":0,"menu_order":0,"comment_status":"closed","ping_status":"close","template":"","meta":{"_bbp_topic_count":0,"_bbp_reply_count":0,"_bbp_total_topic_count":0,"_bbp_total_reply_count":0,"_bbp_voice_count":0,"_bbp_anonymous_reply_count":0,"_bbp_topic_count_hidden":0,"_bbp_reply_count_hidden":0,"_bbp_forum_subforum_count":0,"footnotes":""},"class_list":["post-2701","page","type-page","status-publish","hentry"],"post_mailing_queue_ids":[],"_links":{"self":[{"href":"https:\/\/agora.xtec.cat\/escdelavila\/wp-json\/wp\/v2\/pages\/2701","targetHints":{"allow":["GET"]}}],"collection":[{"href":"https:\/\/agora.xtec.cat\/escdelavila\/wp-json\/wp\/v2\/pages"}],"about":[{"href":"https:\/\/agora.xtec.cat\/escdelavila\/wp-json\/wp\/v2\/types\/page"}],"author":[{"embeddable":true,"href":"https:\/\/agora.xtec.cat\/escdelavila\/wp-json\/wp\/v2\/users\/1"}],"replies":[{"embeddable":true,"href":"https:\/\/agora.xtec.cat\/escdelavila\/wp-json\/wp\/v2\/comments?post=2701"}],"version-history":[{"count":3,"href":"https:\/\/agora.xtec.cat\/escdelavila\/wp-json\/wp\/v2\/pages\/2701\/revisions"}],"predecessor-version":[{"id":2730,"href":"https:\/\/agora.xtec.cat\/escdelavila\/wp-json\/wp\/v2\/pages\/2701\/revisions\/2730"}],"wp:attachment":[{"href":"https:\/\/agora.xtec.cat\/escdelavila\/wp-json\/wp\/v2\/media?parent=2701"}],"curies":[{"name":"wp","href":"https:\/\/api.w.org\/{rel}","templated":true}]}}

ESTRATÈGIA DIGITAL CENTRE

<p>L&#8217;<a href="https://sites.google.com/xtec.cat/espaiedc-lavila/inici">estratègia digital de centre (EDC)</a> defineix i concreta les línies d&#8217;actuació d&#8217;un centre que fan possible que docents, alumnat i centre assoleixin la competència digital. Per aconseguir aquesta competència digital, l&#8217;EDC comprèn tots els àmbits del centre: organitzatius, metodològics, curriculars i comunicatius, els quals s&#8217;han de veure necessàriament implicats i, si escau, transformats, des d’una perspectiva d&#8217;innovació i de millora contínua.</p>



<p>Els objectius de l&#8217;EDC es poden agrupar en cinc àmbits, que tenen com a fita el màxim assoliment de la competència digital de l’alumnat, del professorat i del centre:</p>



<ul class="wp-block-list">
<li>
<ul class="wp-block-list">
<li>Assoliment de la competència digital</li>



<li>Planificació estratègica i organització</li>



<li>Metodologies didàctiques i innovació</li>



<li>Inclusió digital i de gènere</li>



<li>Seguretat i protecció de dades</li>
</ul>
</li>
</ul>


<div class="wp-block-image">
<figure class="aligncenter"><a href="https://sites.google.com/xtec.cat/espaiedc-lavila/inici"><img loading="lazy" decoding="async" width="268" height="377" src="https://agora.xtec.cat/escdelavila/wp-content/uploads/usu2350/2023/01/edc-268x378.jpg_2026732490.jpg" alt="" class="wp-image-634" srcset="https://agora.xtec.cat/escdelavila/wp-content/uploads/usu2350/2023/01/edc-268x378.jpg_2026732490.jpg 268w, https://agora.xtec.cat/escdelavila/wp-content/uploads/usu2350/2023/01/edc-268x378.jpg_2026732490-213x300.jpg 213w" sizes="auto, (max-width: 268px) 100vw, 268px" /></a></figure></div>


<p><em>Cliqueu dins de la imatge per enllaçar al</em> <strong>Sites de l&#8217;Estratègia Digital de Centre</strong></p>



<p></p>

<p>L&#8217;<a href="https://sites.google.com/xtec.cat/espaiedc-lavila/inici">estratègia digital de centre (EDC)</a> defineix i concreta les línies d&#8217;actuació d&#8217;un centre que fan possible que docents, alumnat i centre assoleixin la competència digital. Per aconseguir aquesta competència digital, l&#8217;EDC comprèn tots els àmbits del centre: organitzatius, metodològics, curriculars i comunicatius, els quals&hellip;  <a href="https://agora.xtec.cat/escdelavila/copia-estrategia-digital-centre/" title="Read ESTRATÈGIA DIGITAL CENTRE">Llegeix més»</a></p>
