{"id":2692,"date":"2025-07-16T01:56:53","date_gmt":"2025-07-15T23:56:53","guid":{"rendered":"https:\/\/agora.xtec.cat\/escdelavila\/?page_id=2692"},"modified":"2025-07-17T12:41:32","modified_gmt":"2025-07-17T10:41:32","slug":"copia-projecte-de-convivencia","status":"publish","type":"page","link":"https:\/\/agora.xtec.cat\/escdelavila\/copia-projecte-de-convivencia\/","title":{"rendered":"PROJECTE DE CONVIV\u00c8NCIA"},"content":{"rendered":"\n<p>L\u2019<strong>enfocament restauratiu<\/strong>&nbsp;a l\u2019escola ofereix un marc relacional que es fonamenta en els valors del respecte, la inclusi\u00f3, la participaci\u00f3, la no-viol\u00e8ncia, l\u2019honestedat, la difer\u00e8ncia, la col\u00b7laboraci\u00f3, la responsabilitzaci\u00f3 i la reparaci\u00f3, i s\u2019orienta cap a les necessitats.<\/p>\n\n\n\n<p><span style=\"font-size: revert; color: initial;\">Des de l&#8217;escola estem treballant activament en v\u00e0ries iniciatives a favor d&#8217;una conviv\u00e8ncia respectuosa, inclusiva i harm\u00f2nica dins la nostra comunitat escolar.&nbsp;<\/span><\/p>\n\n\n\n<p>La seg\u00fcent infograf\u00eda detalla algunes de les actuacions per la millora del benestar al centre, fent-vos part\u00edcips. A part de la informaci\u00f3 general, podreu accedir de manera m\u00e9s detallada clicant a cadascuna de les actuacions.&nbsp;<\/p>\n\n\n\n<div><span style=\"color: #000000;\">\u00a0<\/span><\/div>\n\n\n<div class=\"wp-block-image\">\n<figure class=\"aligncenter is-resized\"><a href=\"https:\/\/drive.google.com\/file\/d\/1hLVbxT7u6j5297sQ6twtWvOs1wk8WkCJ\/view?usp=sharing\"><img loading=\"lazy\" decoding=\"async\" width=\"358\" height=\"881\" src=\"https:\/\/agora.xtec.cat\/escdelavila\/wp-content\/uploads\/usu2350\/2025\/02\/Captura-de-pantalla-2025-02-25-235545.png\" alt=\"\" class=\"wp-image-2156\" style=\"width:217px;height:auto\" srcset=\"https:\/\/agora.xtec.cat\/escdelavila\/wp-content\/uploads\/usu2350\/2025\/02\/Captura-de-pantalla-2025-02-25-235545.png 358w, https:\/\/agora.xtec.cat\/escdelavila\/wp-content\/uploads\/usu2350\/2025\/02\/Captura-de-pantalla-2025-02-25-235545-122x300.png 122w\" sizes=\"auto, (max-width: 358px) 100vw, 358px\" \/><\/a><\/figure><\/div>\n\n\n<p><\/p>\n\n\n\n<p><\/p>\n\n\n<div class=\"wp-block-image\">\n<figure class=\"alignleft size-full is-resized\"><a href=\"https:\/\/drive.google.com\/file\/d\/1Xs6kSYOPYXm0u_ocSg1rSzAucVk6tWP0\/view?usp=drive_link\"><img loading=\"lazy\" decoding=\"async\" width=\"955\" height=\"718\" src=\"https:\/\/agora.xtec.cat\/escdelavila\/wp-content\/uploads\/usu2350\/2025\/03\/PARLEM-1.png\" alt=\"\" class=\"wp-image-2283\" style=\"width:334px;height:auto\" srcset=\"https:\/\/agora.xtec.cat\/escdelavila\/wp-content\/uploads\/usu2350\/2025\/03\/PARLEM-1.png 955w, https:\/\/agora.xtec.cat\/escdelavila\/wp-content\/uploads\/usu2350\/2025\/03\/PARLEM-1-300x226.png 300w, https:\/\/agora.xtec.cat\/escdelavila\/wp-content\/uploads\/usu2350\/2025\/03\/PARLEM-1-768x577.png 768w, https:\/\/agora.xtec.cat\/escdelavila\/wp-content\/uploads\/usu2350\/2025\/03\/PARLEM-1-200x150.png 200w\" sizes=\"auto, (max-width: 955px) 100vw, 955px\" \/><\/a><\/figure><\/div>\n\n\n<p><\/p>\n\n\n\n<div class=\"wp-block-columns is-layout-flex wp-container-core-columns-is-layout-1 wp-block-columns-is-layout-flex\">\n<div class=\"wp-block-column is-layout-flow wp-block-column-is-layout-flow\" style=\"flex-basis:100%\"><div class=\"wp-block-image\">\n<figure class=\"alignright size-full is-resized\"><a href=\"https:\/\/drive.google.com\/file\/d\/1Blt3UTVSr6mqZthXqlLkbEQyR8FOKvQG\/view?usp=sharing\"><img loading=\"lazy\" decoding=\"async\" width=\"949\" height=\"384\" src=\"https:\/\/agora.xtec.cat\/escdelavila\/wp-content\/uploads\/usu2350\/2025\/03\/TEMPS-DE-CERCLE-1.png\" alt=\"\" class=\"wp-image-2284\" style=\"width:400px;height:auto\" srcset=\"https:\/\/agora.xtec.cat\/escdelavila\/wp-content\/uploads\/usu2350\/2025\/03\/TEMPS-DE-CERCLE-1.png 949w, https:\/\/agora.xtec.cat\/escdelavila\/wp-content\/uploads\/usu2350\/2025\/03\/TEMPS-DE-CERCLE-1-300x121.png 300w, https:\/\/agora.xtec.cat\/escdelavila\/wp-content\/uploads\/usu2350\/2025\/03\/TEMPS-DE-CERCLE-1-768x311.png 768w\" sizes=\"auto, (max-width: 949px) 100vw, 949px\" \/><\/a><\/figure><\/div><\/div>\n<\/div>\n\n\n<div class=\"wp-block-image\">\n<figure class=\"aligncenter size-full is-resized\"><a href=\"https:\/\/drive.google.com\/file\/d\/1zJ_lUXcrEt4IOXAjXY1XyVijYkWZ0xdp\/view?usp=drive_link\"><img loading=\"lazy\" decoding=\"async\" width=\"480\" height=\"357\" src=\"https:\/\/agora.xtec.cat\/escdelavila\/wp-content\/uploads\/usu2350\/2025\/03\/Captura-de-pantalla-2025-03-07-235404.png\" alt=\"\" class=\"wp-image-2293\" style=\"width:333px;height:auto\" srcset=\"https:\/\/agora.xtec.cat\/escdelavila\/wp-content\/uploads\/usu2350\/2025\/03\/Captura-de-pantalla-2025-03-07-235404.png 480w, https:\/\/agora.xtec.cat\/escdelavila\/wp-content\/uploads\/usu2350\/2025\/03\/Captura-de-pantalla-2025-03-07-235404-300x223.png 300w, https:\/\/agora.xtec.cat\/escdelavila\/wp-content\/uploads\/usu2350\/2025\/03\/Captura-de-pantalla-2025-03-07-235404-200x150.png 200w\" sizes=\"auto, (max-width: 480px) 100vw, 480px\" \/><\/a><\/figure><\/div>\n\n\n<figure class=\"wp-block-table\"><table class=\"has-fixed-layout\"><tbody><tr><td class=\"has-text-align-center\" data-align=\"center\"><strong>AULA IMMERSIVA<\/strong><\/td><td class=\"has-text-align-center\" data-align=\"center\"><a href=\"https:\/\/drive.google.com\/file\/d\/1Rqk7o7NnO-7STkOj_LEk8SIfg6cxFugS\/view?usp=sharing\"><img loading=\"lazy\" decoding=\"async\" width=\"50\" height=\"58\" src=\"https:\/\/agora.xtec.cat\/escdelavila\/wp-content\/uploads\/usu2350\/2023\/02\/LOGO-PDF-150x150.png\" alt=\"\"><\/a><\/td><\/tr><tr><td class=\"has-text-align-center\" data-align=\"center\"><strong>BATUCADA<\/strong><\/td><td class=\"has-text-align-center\" data-align=\"center\"><a href=\"https:\/\/drive.google.com\/file\/d\/1Hx3KjyFKT4Tyi92v_1ZBqq0A0fFFXuTm\/view?usp=sharing\"><img loading=\"lazy\" decoding=\"async\" width=\"50\" height=\"58\" src=\"https:\/\/agora.xtec.cat\/escdelavila\/wp-content\/uploads\/usu2350\/2023\/02\/LOGO-PDF-150x150.png\" alt=\"\"><\/a><\/td><\/tr><tr><td class=\"has-text-align-center\" data-align=\"center\"><strong>CONSELL D&#8217;INFANTS<\/strong><\/td><td class=\"has-text-align-center\" data-align=\"center\"><a href=\"https:\/\/drive.google.com\/file\/d\/1d1N0_JtajoWNA6eEk7Q9sT25Xr7Th-Vf\/view?usp=sharing\"><img loading=\"lazy\" decoding=\"async\" width=\"50\" height=\"58\" src=\"https:\/\/agora.xtec.cat\/escdelavila\/wp-content\/uploads\/usu2350\/2023\/02\/LOGO-PDF-150x150.png\" alt=\"\"><\/a><\/td><\/tr><tr><td class=\"has-text-align-center\" data-align=\"center\"><strong>CONVIV\u00c8NCIA AL CENTRE (INFOGRAFIA)<\/strong><\/td><td class=\"has-text-align-center\" data-align=\"center\"><a href=\"https:\/\/drive.google.com\/file\/d\/1uquyh4OoRALQFg3M8ud7rkHDbIEDVK9z\/view?usp=sharing\"><img loading=\"lazy\" decoding=\"async\" width=\"50\" height=\"58\" src=\"https:\/\/agora.xtec.cat\/escdelavila\/wp-content\/uploads\/usu2350\/2023\/02\/LOGO-PDF-150x150.png\" alt=\"\"><\/a><\/td><\/tr><tr><td class=\"has-text-align-center\" data-align=\"center\"><strong>PARLEM (INFOGRAFIA)<\/strong><\/td><td class=\"has-text-align-center\" data-align=\"center\"><a href=\"https:\/\/drive.google.com\/file\/d\/1J5u-zXRXhBLaKzMcGWpdqH3nTV5PETP1\/view?usp=sharing\"><img loading=\"lazy\" decoding=\"async\" width=\"50\" height=\"58\" src=\"https:\/\/agora.xtec.cat\/escdelavila\/wp-content\/uploads\/usu2350\/2023\/02\/LOGO-PDF-150x150.png\" alt=\"\"><\/a><\/td><\/tr><tr><td class=\"has-text-align-center\" data-align=\"center\"><strong>PROJECTE PATIS<\/strong><\/td><td class=\"has-text-align-center\" data-align=\"center\"><a href=\"https:\/\/drive.google.com\/file\/d\/1WD7UkKfhq3FBWNfO7HnZkTfvujKxSgmj\/view?usp=sharing\"><img loading=\"lazy\" decoding=\"async\" width=\"50\" height=\"58\" src=\"https:\/\/agora.xtec.cat\/escdelavila\/wp-content\/uploads\/usu2350\/2023\/02\/LOGO-PDF-150x150.png\" alt=\"\"><\/a><\/td><\/tr><tr><td class=\"has-text-align-center\" data-align=\"center\"><strong>TEMPS DE CERCLE<\/strong><\/td><td class=\"has-text-align-center\" data-align=\"center\"><a href=\"https:\/\/drive.google.com\/file\/d\/1hEqaDc8_X0NrJ9Xl9btg5aBq_rRfGAhj\/view?usp=sharing\"><img loading=\"lazy\" decoding=\"async\" width=\"50\" height=\"58\" src=\"https:\/\/agora.xtec.cat\/escdelavila\/wp-content\/uploads\/usu2350\/2023\/02\/LOGO-PDF-150x150.png\" alt=\"\"><\/a><\/td><\/tr><\/tbody><\/table><\/figure>\n\n\n\n<p><\/p>\n","protected":false},"excerpt":{"rendered":"<p>L\u2019enfocament restauratiu&nbsp;a l\u2019escola ofereix un marc relacional que es fonamenta en els valors del respecte, la inclusi\u00f3, la participaci\u00f3, la no-viol\u00e8ncia, l\u2019honestedat, la difer\u00e8ncia, la col\u00b7laboraci\u00f3, la responsabilitzaci\u00f3 i la reparaci\u00f3, i s\u2019orienta cap a les necessitats.<\/p>\n<p>Des de l&#8217;escola estem treballant activament en v\u00e0ries iniciatives&hellip;  <a href=\"https:\/\/agora.xtec.cat\/escdelavila\/copia-projecte-de-convivencia\/\" title=\"Read PROJECTE DE CONVIV\u00c8NCIA\">Llegeix m\u00e9s\u00bb<\/a><\/p>\n","protected":false},"author":1,"featured_media":0,"parent":0,"menu_order":0,"comment_status":"closed","ping_status":"close","template":"","meta":{"_bbp_topic_count":0,"_bbp_reply_count":0,"_bbp_total_topic_count":0,"_bbp_total_reply_count":0,"_bbp_voice_count":0,"_bbp_anonymous_reply_count":0,"_bbp_topic_count_hidden":0,"_bbp_reply_count_hidden":0,"_bbp_forum_subforum_count":0,"footnotes":""},"class_list":["post-2692","page","type-page","status-publish","hentry"],"post_mailing_queue_ids":[],"_links":{"self":[{"href":"https:\/\/agora.xtec.cat\/escdelavila\/wp-json\/wp\/v2\/pages\/2692","targetHints":{"allow":["GET"]}}],"collection":[{"href":"https:\/\/agora.xtec.cat\/escdelavila\/wp-json\/wp\/v2\/pages"}],"about":[{"href":"https:\/\/agora.xtec.cat\/escdelavila\/wp-json\/wp\/v2\/types\/page"}],"author":[{"embeddable":true,"href":"https:\/\/agora.xtec.cat\/escdelavila\/wp-json\/wp\/v2\/users\/1"}],"replies":[{"embeddable":true,"href":"https:\/\/agora.xtec.cat\/escdelavila\/wp-json\/wp\/v2\/comments?post=2692"}],"version-history":[{"count":3,"href":"https:\/\/agora.xtec.cat\/escdelavila\/wp-json\/wp\/v2\/pages\/2692\/revisions"}],"predecessor-version":[{"id":2765,"href":"https:\/\/agora.xtec.cat\/escdelavila\/wp-json\/wp\/v2\/pages\/2692\/revisions\/2765"}],"wp:attachment":[{"href":"https:\/\/agora.xtec.cat\/escdelavila\/wp-json\/wp\/v2\/media?parent=2692"}],"curies":[{"name":"wp","href":"https:\/\/api.w.org\/{rel}","templated":true}]}}

PROJECTE DE CONVIVÈNCIA

<p>L’<strong>enfocament restauratiu</strong>&nbsp;a l’escola ofereix un marc relacional que es fonamenta en els valors del respecte, la inclusió, la participació, la no-violència, l’honestedat, la diferència, la col·laboració, la responsabilització i la reparació, i s’orienta cap a les necessitats.</p>



<p><span style="font-size: revert; color: initial;">Des de l&#8217;escola estem treballant activament en vàries iniciatives a favor d&#8217;una convivència respectuosa, inclusiva i harmònica dins la nostra comunitat escolar.&nbsp;</span></p>



<p>La següent infografía detalla algunes de les actuacions per la millora del benestar al centre, fent-vos partícips. A part de la informació general, podreu accedir de manera més detallada clicant a cadascuna de les actuacions.&nbsp;</p>



<div><span style="color: #000000;"> </span></div>


<div class="wp-block-image">
<figure class="aligncenter is-resized"><a href="https://drive.google.com/file/d/1hLVbxT7u6j5297sQ6twtWvOs1wk8WkCJ/view?usp=sharing"><img loading="lazy" decoding="async" width="358" height="881" src="https://agora.xtec.cat/escdelavila/wp-content/uploads/usu2350/2025/02/Captura-de-pantalla-2025-02-25-235545.png" alt="" class="wp-image-2156" style="width:217px;height:auto" srcset="https://agora.xtec.cat/escdelavila/wp-content/uploads/usu2350/2025/02/Captura-de-pantalla-2025-02-25-235545.png 358w, https://agora.xtec.cat/escdelavila/wp-content/uploads/usu2350/2025/02/Captura-de-pantalla-2025-02-25-235545-122x300.png 122w" sizes="auto, (max-width: 358px) 100vw, 358px" /></a></figure></div>


<p></p>



<p></p>


<div class="wp-block-image">
<figure class="alignleft size-full is-resized"><a href="https://drive.google.com/file/d/1Xs6kSYOPYXm0u_ocSg1rSzAucVk6tWP0/view?usp=drive_link"><img loading="lazy" decoding="async" width="955" height="718" src="https://agora.xtec.cat/escdelavila/wp-content/uploads/usu2350/2025/03/PARLEM-1.png" alt="" class="wp-image-2283" style="width:334px;height:auto" srcset="https://agora.xtec.cat/escdelavila/wp-content/uploads/usu2350/2025/03/PARLEM-1.png 955w, https://agora.xtec.cat/escdelavila/wp-content/uploads/usu2350/2025/03/PARLEM-1-300x226.png 300w, https://agora.xtec.cat/escdelavila/wp-content/uploads/usu2350/2025/03/PARLEM-1-768x577.png 768w, https://agora.xtec.cat/escdelavila/wp-content/uploads/usu2350/2025/03/PARLEM-1-200x150.png 200w" sizes="auto, (max-width: 955px) 100vw, 955px" /></a></figure></div>


<p></p>



<div class="wp-block-columns is-layout-flex wp-container-core-columns-is-layout-1 wp-block-columns-is-layout-flex">
<div class="wp-block-column is-layout-flow wp-block-column-is-layout-flow" style="flex-basis:100%"><div class="wp-block-image">
<figure class="alignright size-full is-resized"><a href="https://drive.google.com/file/d/1Blt3UTVSr6mqZthXqlLkbEQyR8FOKvQG/view?usp=sharing"><img loading="lazy" decoding="async" width="949" height="384" src="https://agora.xtec.cat/escdelavila/wp-content/uploads/usu2350/2025/03/TEMPS-DE-CERCLE-1.png" alt="" class="wp-image-2284" style="width:400px;height:auto" srcset="https://agora.xtec.cat/escdelavila/wp-content/uploads/usu2350/2025/03/TEMPS-DE-CERCLE-1.png 949w, https://agora.xtec.cat/escdelavila/wp-content/uploads/usu2350/2025/03/TEMPS-DE-CERCLE-1-300x121.png 300w, https://agora.xtec.cat/escdelavila/wp-content/uploads/usu2350/2025/03/TEMPS-DE-CERCLE-1-768x311.png 768w" sizes="auto, (max-width: 949px) 100vw, 949px" /></a></figure></div></div>
</div>


<div class="wp-block-image">
<figure class="aligncenter size-full is-resized"><a href="https://drive.google.com/file/d/1zJ_lUXcrEt4IOXAjXY1XyVijYkWZ0xdp/view?usp=drive_link"><img loading="lazy" decoding="async" width="480" height="357" src="https://agora.xtec.cat/escdelavila/wp-content/uploads/usu2350/2025/03/Captura-de-pantalla-2025-03-07-235404.png" alt="" class="wp-image-2293" style="width:333px;height:auto" srcset="https://agora.xtec.cat/escdelavila/wp-content/uploads/usu2350/2025/03/Captura-de-pantalla-2025-03-07-235404.png 480w, https://agora.xtec.cat/escdelavila/wp-content/uploads/usu2350/2025/03/Captura-de-pantalla-2025-03-07-235404-300x223.png 300w, https://agora.xtec.cat/escdelavila/wp-content/uploads/usu2350/2025/03/Captura-de-pantalla-2025-03-07-235404-200x150.png 200w" sizes="auto, (max-width: 480px) 100vw, 480px" /></a></figure></div>


<figure class="wp-block-table"><table class="has-fixed-layout"><tbody><tr><td class="has-text-align-center" data-align="center"><strong>AULA IMMERSIVA</strong></td><td class="has-text-align-center" data-align="center"><a href="https://drive.google.com/file/d/1Rqk7o7NnO-7STkOj_LEk8SIfg6cxFugS/view?usp=sharing"><img loading="lazy" decoding="async" width="50" height="58" src="https://agora.xtec.cat/escdelavila/wp-content/uploads/usu2350/2023/02/LOGO-PDF-150x150.png" alt=""></a></td></tr><tr><td class="has-text-align-center" data-align="center"><strong>BATUCADA</strong></td><td class="has-text-align-center" data-align="center"><a href="https://drive.google.com/file/d/1Hx3KjyFKT4Tyi92v_1ZBqq0A0fFFXuTm/view?usp=sharing"><img loading="lazy" decoding="async" width="50" height="58" src="https://agora.xtec.cat/escdelavila/wp-content/uploads/usu2350/2023/02/LOGO-PDF-150x150.png" alt=""></a></td></tr><tr><td class="has-text-align-center" data-align="center"><strong>CONSELL D&#8217;INFANTS</strong></td><td class="has-text-align-center" data-align="center"><a href="https://drive.google.com/file/d/1d1N0_JtajoWNA6eEk7Q9sT25Xr7Th-Vf/view?usp=sharing"><img loading="lazy" decoding="async" width="50" height="58" src="https://agora.xtec.cat/escdelavila/wp-content/uploads/usu2350/2023/02/LOGO-PDF-150x150.png" alt=""></a></td></tr><tr><td class="has-text-align-center" data-align="center"><strong>CONVIVÈNCIA AL CENTRE (INFOGRAFIA)</strong></td><td class="has-text-align-center" data-align="center"><a href="https://drive.google.com/file/d/1uquyh4OoRALQFg3M8ud7rkHDbIEDVK9z/view?usp=sharing"><img loading="lazy" decoding="async" width="50" height="58" src="https://agora.xtec.cat/escdelavila/wp-content/uploads/usu2350/2023/02/LOGO-PDF-150x150.png" alt=""></a></td></tr><tr><td class="has-text-align-center" data-align="center"><strong>PARLEM (INFOGRAFIA)</strong></td><td class="has-text-align-center" data-align="center"><a href="https://drive.google.com/file/d/1J5u-zXRXhBLaKzMcGWpdqH3nTV5PETP1/view?usp=sharing"><img loading="lazy" decoding="async" width="50" height="58" src="https://agora.xtec.cat/escdelavila/wp-content/uploads/usu2350/2023/02/LOGO-PDF-150x150.png" alt=""></a></td></tr><tr><td class="has-text-align-center" data-align="center"><strong>PROJECTE PATIS</strong></td><td class="has-text-align-center" data-align="center"><a href="https://drive.google.com/file/d/1WD7UkKfhq3FBWNfO7HnZkTfvujKxSgmj/view?usp=sharing"><img loading="lazy" decoding="async" width="50" height="58" src="https://agora.xtec.cat/escdelavila/wp-content/uploads/usu2350/2023/02/LOGO-PDF-150x150.png" alt=""></a></td></tr><tr><td class="has-text-align-center" data-align="center"><strong>TEMPS DE CERCLE</strong></td><td class="has-text-align-center" data-align="center"><a href="https://drive.google.com/file/d/1hEqaDc8_X0NrJ9Xl9btg5aBq_rRfGAhj/view?usp=sharing"><img loading="lazy" decoding="async" width="50" height="58" src="https://agora.xtec.cat/escdelavila/wp-content/uploads/usu2350/2023/02/LOGO-PDF-150x150.png" alt=""></a></td></tr></tbody></table></figure>



<p></p>

<p>L’enfocament restauratiu&nbsp;a l’escola ofereix un marc relacional que es fonamenta en els valors del respecte, la inclusió, la participació, la no-violència, l’honestedat, la diferència, la col·laboració, la responsabilització i la reparació, i s’orienta cap a les necessitats.</p>
<p>Des de l&#8217;escola estem treballant activament en vàries iniciatives&hellip;  <a href="https://agora.xtec.cat/escdelavila/copia-projecte-de-convivencia/" title="Read PROJECTE DE CONVIVÈNCIA">Llegeix més»</a></p>
