{"id":2679,"date":"2025-07-16T01:05:12","date_gmt":"2025-07-15T23:05:12","guid":{"rendered":"https:\/\/agora.xtec.cat\/escdelavila\/?page_id=2679"},"modified":"2025-07-16T02:19:54","modified_gmt":"2025-07-16T00:19:54","slug":"copia-batucada-descola","status":"publish","type":"page","link":"https:\/\/agora.xtec.cat\/escdelavila\/copia-batucada-descola\/","title":{"rendered":"BATUCADA D&#8217;ESCOLA"},"content":{"rendered":"\n<p>La batucada neix per donar resposta al projecte de conviv\u00e8ncia i concretament per ampliar el projecte patis. El projecte batucada va dirigit a tot l\u2019alumnat de cicle superior perqu\u00e8 es va considerar que era el cicle m\u00e9s propici per comen\u00e7ar el projecte, ja que tenen m\u00e9s assolit el sentit del ritme.&nbsp;<\/p>\n\n\n<div class=\"wp-block-image\">\n<figure class=\"aligncenter is-resized\"><a href=\"https:\/\/drive.google.com\/file\/d\/1gvLDjTfM5mXKnGRBxSCNOxVve6Ji52RE\/view?usp=sharing\"><img loading=\"lazy\" decoding=\"async\" width=\"800\" height=\"707\" src=\"https:\/\/agora.xtec.cat\/escdelavila\/wp-content\/uploads\/usu2350\/2025\/02\/Copia-de-horitzontal.png\" alt=\"\" class=\"wp-image-2129\" style=\"width:365px;height:auto\" srcset=\"https:\/\/agora.xtec.cat\/escdelavila\/wp-content\/uploads\/usu2350\/2025\/02\/Copia-de-horitzontal.png 800w, https:\/\/agora.xtec.cat\/escdelavila\/wp-content\/uploads\/usu2350\/2025\/02\/Copia-de-horitzontal-300x265.png 300w, https:\/\/agora.xtec.cat\/escdelavila\/wp-content\/uploads\/usu2350\/2025\/02\/Copia-de-horitzontal-768x679.png 768w\" sizes=\"auto, (max-width: 800px) 100vw, 800px\" \/><\/a><\/figure><\/div>\n\n\n<p><\/p>\n\n\n\n<p>Tot i que l\u2019objectiu principal del projecte batucada \u00e9s ampliar i millorar la qualitat del projecte patis, i donar suport a les festes de l\u2019escola, tamb\u00e9 es treballen altres objectius pedag\u00f2gics:<\/p>\n\n\n\n<ul class=\"wp-block-list\">\n<li>Ampliar i millorar la qualitat del projecte de patis.<\/li>\n\n\n\n<li>Diversificar l&#8217;oferta d&#8217;esbarjo a l&#8217;hora del pati.<\/li>\n\n\n\n<li>Reduir els conflictes durant l&#8217;esbarjo.<\/li>\n\n\n\n<li>Crear nous espais de socialitzaci\u00f3 entre l&#8217;alumnat.<\/li>\n\n\n\n<li>Ajudar a buscar relacions no sexistes.<\/li>\n\n\n\n<li>Assumir responsabilitats i afavorir la din\u00e0mica de treball cooperatiu.<\/li>\n<\/ul>\n","protected":false},"excerpt":{"rendered":"<p>La batucada neix per donar resposta al projecte de conviv\u00e8ncia i concretament per ampliar el projecte patis. El projecte batucada va dirigit a tot l\u2019alumnat de cicle superior perqu\u00e8 es va considerar que era el cicle m\u00e9s propici per comen\u00e7ar el projecte, ja que tenen&hellip;  <a href=\"https:\/\/agora.xtec.cat\/escdelavila\/copia-batucada-descola\/\" title=\"Read BATUCADA D&#8217;ESCOLA\">Llegeix m\u00e9s\u00bb<\/a><\/p>\n","protected":false},"author":1,"featured_media":0,"parent":0,"menu_order":0,"comment_status":"closed","ping_status":"close","template":"","meta":{"_bbp_topic_count":0,"_bbp_reply_count":0,"_bbp_total_topic_count":0,"_bbp_total_reply_count":0,"_bbp_voice_count":0,"_bbp_anonymous_reply_count":0,"_bbp_topic_count_hidden":0,"_bbp_reply_count_hidden":0,"_bbp_forum_subforum_count":0,"footnotes":""},"class_list":["post-2679","page","type-page","status-publish","hentry"],"post_mailing_queue_ids":[],"_links":{"self":[{"href":"https:\/\/agora.xtec.cat\/escdelavila\/wp-json\/wp\/v2\/pages\/2679","targetHints":{"allow":["GET"]}}],"collection":[{"href":"https:\/\/agora.xtec.cat\/escdelavila\/wp-json\/wp\/v2\/pages"}],"about":[{"href":"https:\/\/agora.xtec.cat\/escdelavila\/wp-json\/wp\/v2\/types\/page"}],"author":[{"embeddable":true,"href":"https:\/\/agora.xtec.cat\/escdelavila\/wp-json\/wp\/v2\/users\/1"}],"replies":[{"embeddable":true,"href":"https:\/\/agora.xtec.cat\/escdelavila\/wp-json\/wp\/v2\/comments?post=2679"}],"version-history":[{"count":3,"href":"https:\/\/agora.xtec.cat\/escdelavila\/wp-json\/wp\/v2\/pages\/2679\/revisions"}],"predecessor-version":[{"id":2722,"href":"https:\/\/agora.xtec.cat\/escdelavila\/wp-json\/wp\/v2\/pages\/2679\/revisions\/2722"}],"wp:attachment":[{"href":"https:\/\/agora.xtec.cat\/escdelavila\/wp-json\/wp\/v2\/media?parent=2679"}],"curies":[{"name":"wp","href":"https:\/\/api.w.org\/{rel}","templated":true}]}}

<p>La batucada neix per donar resposta al projecte de convivència i concretament per ampliar el projecte patis. El projecte batucada va dirigit a tot l’alumnat de cicle superior perquè es va considerar que era el cicle més propici per començar el projecte, ja que tenen més assolit el sentit del ritme.&nbsp;</p>


<div class="wp-block-image">
<figure class="aligncenter is-resized"><a href="https://drive.google.com/file/d/1gvLDjTfM5mXKnGRBxSCNOxVve6Ji52RE/view?usp=sharing"><img loading="lazy" decoding="async" width="800" height="707" src="https://agora.xtec.cat/escdelavila/wp-content/uploads/usu2350/2025/02/Copia-de-horitzontal.png" alt="" class="wp-image-2129" style="width:365px;height:auto" srcset="https://agora.xtec.cat/escdelavila/wp-content/uploads/usu2350/2025/02/Copia-de-horitzontal.png 800w, https://agora.xtec.cat/escdelavila/wp-content/uploads/usu2350/2025/02/Copia-de-horitzontal-300x265.png 300w, https://agora.xtec.cat/escdelavila/wp-content/uploads/usu2350/2025/02/Copia-de-horitzontal-768x679.png 768w" sizes="auto, (max-width: 800px) 100vw, 800px" /></a></figure></div>


<p></p>



<p>Tot i que l’objectiu principal del projecte batucada és ampliar i millorar la qualitat del projecte patis, i donar suport a les festes de l’escola, també es treballen altres objectius pedagògics:</p>



<ul class="wp-block-list">
<li>Ampliar i millorar la qualitat del projecte de patis.</li>



<li>Diversificar l&#8217;oferta d&#8217;esbarjo a l&#8217;hora del pati.</li>



<li>Reduir els conflictes durant l&#8217;esbarjo.</li>



<li>Crear nous espais de socialització entre l&#8217;alumnat.</li>



<li>Ajudar a buscar relacions no sexistes.</li>



<li>Assumir responsabilitats i afavorir la dinàmica de treball cooperatiu.</li>
</ul>

<p>La batucada neix per donar resposta al projecte de convivència i concretament per ampliar el projecte patis. El projecte batucada va dirigit a tot l’alumnat de cicle superior perquè es va considerar que era el cicle més propici per començar el projecte, ja que tenen&hellip;  <a href="https://agora.xtec.cat/escdelavila/copia-batucada-descola/" title="Read BATUCADA D&#8217;ESCOLA">Llegeix més»</a></p>
