{"id":2666,"date":"2025-07-16T00:51:44","date_gmt":"2025-07-15T22:51:44","guid":{"rendered":"https:\/\/agora.xtec.cat\/escdelavila\/?page_id=2666"},"modified":"2025-07-16T02:20:08","modified_gmt":"2025-07-16T00:20:08","slug":"copia-biblioteca-descola","status":"publish","type":"page","link":"https:\/\/agora.xtec.cat\/escdelavila\/copia-biblioteca-descola\/","title":{"rendered":"BIBLIOTECA D&#8217;ESCOLA"},"content":{"rendered":"\n<p>A l\u2019Escola de la Vila creiem que la lectura ha de construir una font de plaer i coneixement, cal saber cercar la informaci\u00f3, triar-la amb sentit cr\u00edtic, analitzar-la i transformar-la en coneixement significatiu; aquestes s\u00f3n les habilitats imprescindibles per a la formaci\u00f3 de tot ciutad\u00e0 del segle XXI.<\/p>\n\n\n\n<p>El nostre objectiu primordial del projecte de biblioteca no \u00e9s cap altre que el de dinamitzar i fomentar la lectura (gust per la lectura).<\/p>\n\n\n<div class=\"wp-block-image\">\n<figure class=\"aligncenter size-full is-resized\"><a href=\"https:\/\/drive.google.com\/file\/d\/1HIKAF0U_s2kDNmord7liFzi-wIrbLZAY\/view?usp=drive_link\"><img loading=\"lazy\" decoding=\"async\" width=\"972\" height=\"690\" src=\"https:\/\/agora.xtec.cat\/escdelavila\/wp-content\/uploads\/usu2350\/2025\/02\/Captura-de-pantalla-2025-02-25-212247.png\" alt=\"\" class=\"wp-image-2134\" style=\"width:525px;height:auto\" srcset=\"https:\/\/agora.xtec.cat\/escdelavila\/wp-content\/uploads\/usu2350\/2025\/02\/Captura-de-pantalla-2025-02-25-212247.png 972w, https:\/\/agora.xtec.cat\/escdelavila\/wp-content\/uploads\/usu2350\/2025\/02\/Captura-de-pantalla-2025-02-25-212247-300x213.png 300w, https:\/\/agora.xtec.cat\/escdelavila\/wp-content\/uploads\/usu2350\/2025\/02\/Captura-de-pantalla-2025-02-25-212247-768x545.png 768w\" sizes=\"auto, (max-width: 972px) 100vw, 972px\" \/><\/a><\/figure><\/div>","protected":false},"excerpt":{"rendered":"<p>A l\u2019Escola de la Vila creiem que la lectura ha de construir una font de plaer i coneixement, cal saber cercar la informaci\u00f3, triar-la amb sentit cr\u00edtic, analitzar-la i transformar-la en coneixement significatiu; aquestes s\u00f3n les habilitats imprescindibles per a la formaci\u00f3 de tot ciutad\u00e0&hellip;  <a href=\"https:\/\/agora.xtec.cat\/escdelavila\/copia-biblioteca-descola\/\" title=\"Read BIBLIOTECA D&#8217;ESCOLA\">Llegeix m\u00e9s\u00bb<\/a><\/p>\n","protected":false},"author":1,"featured_media":0,"parent":0,"menu_order":0,"comment_status":"closed","ping_status":"close","template":"","meta":{"_bbp_topic_count":0,"_bbp_reply_count":0,"_bbp_total_topic_count":0,"_bbp_total_reply_count":0,"_bbp_voice_count":0,"_bbp_anonymous_reply_count":0,"_bbp_topic_count_hidden":0,"_bbp_reply_count_hidden":0,"_bbp_forum_subforum_count":0,"footnotes":""},"class_list":["post-2666","page","type-page","status-publish","hentry"],"post_mailing_queue_ids":[],"_links":{"self":[{"href":"https:\/\/agora.xtec.cat\/escdelavila\/wp-json\/wp\/v2\/pages\/2666","targetHints":{"allow":["GET"]}}],"collection":[{"href":"https:\/\/agora.xtec.cat\/escdelavila\/wp-json\/wp\/v2\/pages"}],"about":[{"href":"https:\/\/agora.xtec.cat\/escdelavila\/wp-json\/wp\/v2\/types\/page"}],"author":[{"embeddable":true,"href":"https:\/\/agora.xtec.cat\/escdelavila\/wp-json\/wp\/v2\/users\/1"}],"replies":[{"embeddable":true,"href":"https:\/\/agora.xtec.cat\/escdelavila\/wp-json\/wp\/v2\/comments?post=2666"}],"version-history":[{"count":2,"href":"https:\/\/agora.xtec.cat\/escdelavila\/wp-json\/wp\/v2\/pages\/2666\/revisions"}],"predecessor-version":[{"id":2723,"href":"https:\/\/agora.xtec.cat\/escdelavila\/wp-json\/wp\/v2\/pages\/2666\/revisions\/2723"}],"wp:attachment":[{"href":"https:\/\/agora.xtec.cat\/escdelavila\/wp-json\/wp\/v2\/media?parent=2666"}],"curies":[{"name":"wp","href":"https:\/\/api.w.org\/{rel}","templated":true}]}}

<p>A l’Escola de la Vila creiem que la lectura ha de construir una font de plaer i coneixement, cal saber cercar la informació, triar-la amb sentit crític, analitzar-la i transformar-la en coneixement significatiu; aquestes són les habilitats imprescindibles per a la formació de tot ciutadà del segle XXI.</p>



<p>El nostre objectiu primordial del projecte de biblioteca no és cap altre que el de dinamitzar i fomentar la lectura (gust per la lectura).</p>


<div class="wp-block-image">
<figure class="aligncenter size-full is-resized"><a href="https://drive.google.com/file/d/1HIKAF0U_s2kDNmord7liFzi-wIrbLZAY/view?usp=drive_link"><img loading="lazy" decoding="async" width="972" height="690" src="https://agora.xtec.cat/escdelavila/wp-content/uploads/usu2350/2025/02/Captura-de-pantalla-2025-02-25-212247.png" alt="" class="wp-image-2134" style="width:525px;height:auto" srcset="https://agora.xtec.cat/escdelavila/wp-content/uploads/usu2350/2025/02/Captura-de-pantalla-2025-02-25-212247.png 972w, https://agora.xtec.cat/escdelavila/wp-content/uploads/usu2350/2025/02/Captura-de-pantalla-2025-02-25-212247-300x213.png 300w, https://agora.xtec.cat/escdelavila/wp-content/uploads/usu2350/2025/02/Captura-de-pantalla-2025-02-25-212247-768x545.png 768w" sizes="auto, (max-width: 972px) 100vw, 972px" /></a></figure></div>

<p>A l’Escola de la Vila creiem que la lectura ha de construir una font de plaer i coneixement, cal saber cercar la informació, triar-la amb sentit crític, analitzar-la i transformar-la en coneixement significatiu; aquestes són les habilitats imprescindibles per a la formació de tot ciutadà&hellip;  <a href="https://agora.xtec.cat/escdelavila/copia-biblioteca-descola/" title="Read BIBLIOTECA D&#8217;ESCOLA">Llegeix més»</a></p>
