{"id":2636,"date":"2025-07-15T22:56:02","date_gmt":"2025-07-15T20:56:02","guid":{"rendered":"https:\/\/agora.xtec.cat\/escdelavila\/?page_id=2636"},"modified":"2025-07-16T02:23:27","modified_gmt":"2025-07-16T00:23:27","slug":"copia-pec","status":"publish","type":"page","link":"https:\/\/agora.xtec.cat\/escdelavila\/copia-pec\/","title":{"rendered":"PROJECTE EDUCATIU DE CENTRE (PEC)"},"content":{"rendered":"\n<p>El projecte educatiu de centre (PEC) \u00e9s un document que inclou els trets d&#8217;identitat del centre, els principis pedag\u00f2gics, els principis organitzatius i el projecte ling\u00fc\u00edstic.<\/p>\n\n\n\n<p>En aquest document s&#8217;especifiquen els valors, els objectius i les prioritats d&#8217;actuaci\u00f3 del centre, la concreci\u00f3 dels curr\u00edculums que s&#8217;imparteixen i el tractament transversal en les \u00e0rees, mat\u00e8ries o m\u00f2duls de l&#8217;educaci\u00f3 en valors i altres ensenyaments.<\/p>\n\n\n\n<p>En els centres p\u00fablics, el PEC l&#8217;elabora el claustre, a iniciativa de la directora. Podeu consultar el PEC de&nbsp; l&#8217;escola clicant a la imatge::<\/p>\n\n\n<div class=\"wp-block-image\">\n<figure class=\"aligncenter is-resized\"><a href=\"https:\/\/drive.google.com\/file\/d\/1ysEAnxGRso_w0l-FhqAX4QfIAgmYeVH_\/view?usp=sharing\"><img loading=\"lazy\" decoding=\"async\" width=\"1024\" height=\"724\" src=\"https:\/\/agora.xtec.cat\/escdelavila\/wp-content\/uploads\/usu2350\/2025\/02\/Copia-de-horitzontal-1024x724.jpg\" alt=\"\" class=\"wp-image-2144\" style=\"width:380px;height:auto\" srcset=\"https:\/\/agora.xtec.cat\/escdelavila\/wp-content\/uploads\/usu2350\/2025\/02\/Copia-de-horitzontal-1024x724.jpg 1024w, https:\/\/agora.xtec.cat\/escdelavila\/wp-content\/uploads\/usu2350\/2025\/02\/Copia-de-horitzontal-300x212.jpg 300w, https:\/\/agora.xtec.cat\/escdelavila\/wp-content\/uploads\/usu2350\/2025\/02\/Copia-de-horitzontal-768x543.jpg 768w, https:\/\/agora.xtec.cat\/escdelavila\/wp-content\/uploads\/usu2350\/2025\/02\/Copia-de-horitzontal-1536x1086.jpg 1536w, https:\/\/agora.xtec.cat\/escdelavila\/wp-content\/uploads\/usu2350\/2025\/02\/Copia-de-horitzontal.jpg 2000w\" sizes=\"auto, (max-width: 1024px) 100vw, 1024px\" \/><\/a><\/figure><\/div>\n\n\n<p><a href=\"https:\/\/drive.google.com\/file\/d\/1FE5Wdsz7O2pFf-IIg4T9SseZcyF733ie\/view?usp=sharing\">M\u00e9s informaci\u00f3 sobre el PEC de l&#8217;escola<\/a><\/p>\n\n\n\n<p><\/p>\n","protected":false},"excerpt":{"rendered":"<p>El projecte educatiu de centre (PEC) \u00e9s un document que inclou els trets d&#8217;identitat del centre, els principis pedag\u00f2gics, els principis organitzatius i el projecte ling\u00fc\u00edstic.<\/p>\n<p>En aquest document s&#8217;especifiquen els valors, els objectius i les prioritats d&#8217;actuaci\u00f3 del centre, la concreci\u00f3 dels curr\u00edculums que s&#8217;imparteixen&hellip;  <a href=\"https:\/\/agora.xtec.cat\/escdelavila\/copia-pec\/\" title=\"Read PROJECTE EDUCATIU DE CENTRE (PEC)\">Llegeix m\u00e9s\u00bb<\/a><\/p>\n","protected":false},"author":1,"featured_media":0,"parent":0,"menu_order":0,"comment_status":"closed","ping_status":"close","template":"","meta":{"_bbp_topic_count":0,"_bbp_reply_count":0,"_bbp_total_topic_count":0,"_bbp_total_reply_count":0,"_bbp_voice_count":0,"_bbp_anonymous_reply_count":0,"_bbp_topic_count_hidden":0,"_bbp_reply_count_hidden":0,"_bbp_forum_subforum_count":0,"footnotes":""},"class_list":["post-2636","page","type-page","status-publish","hentry"],"post_mailing_queue_ids":[],"_links":{"self":[{"href":"https:\/\/agora.xtec.cat\/escdelavila\/wp-json\/wp\/v2\/pages\/2636","targetHints":{"allow":["GET"]}}],"collection":[{"href":"https:\/\/agora.xtec.cat\/escdelavila\/wp-json\/wp\/v2\/pages"}],"about":[{"href":"https:\/\/agora.xtec.cat\/escdelavila\/wp-json\/wp\/v2\/types\/page"}],"author":[{"embeddable":true,"href":"https:\/\/agora.xtec.cat\/escdelavila\/wp-json\/wp\/v2\/users\/1"}],"replies":[{"embeddable":true,"href":"https:\/\/agora.xtec.cat\/escdelavila\/wp-json\/wp\/v2\/comments?post=2636"}],"version-history":[{"count":3,"href":"https:\/\/agora.xtec.cat\/escdelavila\/wp-json\/wp\/v2\/pages\/2636\/revisions"}],"predecessor-version":[{"id":2736,"href":"https:\/\/agora.xtec.cat\/escdelavila\/wp-json\/wp\/v2\/pages\/2636\/revisions\/2736"}],"wp:attachment":[{"href":"https:\/\/agora.xtec.cat\/escdelavila\/wp-json\/wp\/v2\/media?parent=2636"}],"curies":[{"name":"wp","href":"https:\/\/api.w.org\/{rel}","templated":true}]}}

<p>El projecte educatiu de centre (PEC) és un document que inclou els trets d&#8217;identitat del centre, els principis pedagògics, els principis organitzatius i el projecte lingüístic.</p>



<p>En aquest document s&#8217;especifiquen els valors, els objectius i les prioritats d&#8217;actuació del centre, la concreció dels currículums que s&#8217;imparteixen i el tractament transversal en les àrees, matèries o mòduls de l&#8217;educació en valors i altres ensenyaments.</p>



<p>En els centres públics, el PEC l&#8217;elabora el claustre, a iniciativa de la directora. Podeu consultar el PEC de&nbsp; l&#8217;escola clicant a la imatge::</p>


<div class="wp-block-image">
<figure class="aligncenter is-resized"><a href="https://drive.google.com/file/d/1ysEAnxGRso_w0l-FhqAX4QfIAgmYeVH_/view?usp=sharing"><img loading="lazy" decoding="async" width="1024" height="724" src="https://agora.xtec.cat/escdelavila/wp-content/uploads/usu2350/2025/02/Copia-de-horitzontal-1024x724.jpg" alt="" class="wp-image-2144" style="width:380px;height:auto" srcset="https://agora.xtec.cat/escdelavila/wp-content/uploads/usu2350/2025/02/Copia-de-horitzontal-1024x724.jpg 1024w, https://agora.xtec.cat/escdelavila/wp-content/uploads/usu2350/2025/02/Copia-de-horitzontal-300x212.jpg 300w, https://agora.xtec.cat/escdelavila/wp-content/uploads/usu2350/2025/02/Copia-de-horitzontal-768x543.jpg 768w, https://agora.xtec.cat/escdelavila/wp-content/uploads/usu2350/2025/02/Copia-de-horitzontal-1536x1086.jpg 1536w, https://agora.xtec.cat/escdelavila/wp-content/uploads/usu2350/2025/02/Copia-de-horitzontal.jpg 2000w" sizes="auto, (max-width: 1024px) 100vw, 1024px" /></a></figure></div>


<p><a href="https://drive.google.com/file/d/1FE5Wdsz7O2pFf-IIg4T9SseZcyF733ie/view?usp=sharing">Més informació sobre el PEC de l&#8217;escola</a></p>



<p></p>

<p>El projecte educatiu de centre (PEC) és un document que inclou els trets d&#8217;identitat del centre, els principis pedagògics, els principis organitzatius i el projecte lingüístic.</p>
<p>En aquest document s&#8217;especifiquen els valors, els objectius i les prioritats d&#8217;actuació del centre, la concreció dels currículums que s&#8217;imparteixen&hellip;  <a href="https://agora.xtec.cat/escdelavila/copia-pec/" title="Read PROJECTE EDUCATIU DE CENTRE (PEC)">Llegeix més»</a></p>
