{"id":26,"date":"2014-09-18T12:24:32","date_gmt":"2014-09-18T11:24:32","guid":{"rendered":"http:\/\/agora.xtec.cat\/escdelavila\/?page_id=26"},"modified":"2025-09-24T19:20:44","modified_gmt":"2025-09-24T17:20:44","slug":"historia","status":"publish","type":"page","link":"https:\/\/agora.xtec.cat\/escdelavila\/lescola\/historia\/","title":{"rendered":"EQUIP EDUCATIU (CURS 25-26)"},"content":{"rendered":"<p><strong>EDUCACI\u00d3 INFANTIL:<\/strong><\/p>\n<p>Laura Vicente, Anna Cassol\u00e0, Vanessa Doblado, M\u00aa \u00c0ngels Fern\u00e1ndez, Anna Garcia, Judit Saiz, Susana Polonio, S\u00f2nia Gil, David Cuartero i Karen Vigara.<\/p>\n<p><strong>CICLE INICIAL:<\/strong><\/p>\n<p>Charo Boh\u00f3rquez, Esther Mu\u00f1oz, Ana Morales, Norelys Mu\u00f1oz, Sandra Vallejo, Teo Fort.<\/p>\n<p><strong>CICLE MITJ\u00c0:<\/strong><\/p>\n<p>Meritxell Alberola, Eva M\u00aa \u00c1lvarez, \u00d2scar Burgu\u00e9s, Aida Fern\u00e1ndez, Paula Morillas, Dani L\u00f3pez, Iv\u00e1n Sarri\u00e0, Cristina Subir\u00e0.<\/p>\n<p><strong>CICLE SUPERIOR:<\/strong><\/p>\n<p>Alfons Bello, Carolina Merino, Kike Pay\u00e1n, Rafa Asc\u00f3, Sandra Mu\u00f1oz, Marta Munuera, Anna Torres, Abraham Tusell, Pilar P\u00e9rez i Marina Mart\u00ednez<\/p>\n<p><strong>PERSONAL D&#8217;ADMINISTRACI\u00d3 I SERVEIS:<\/strong><\/p>\n<p>Tasio Morales, Amadeu Costa i Luci Sos.<\/p>\n<p><strong>DIRECCI\u00d3:<\/strong><\/p>\n<p><em>HORARI ATENCI\u00d3 EQUIP DIRECTIU<\/em><br \/>\ndemanar cita pr\u00e8via al mail: a08077939@xtec.cat<\/p>\n<p>-Cristina Subir\u00e0 (secret\u00e0ria): Dilluns 15h-16:30h<br \/>\n-Abraham Tusell (cap d\u2019estudis): Dijous 9h-10:30h<br \/>\n-S\u00f2nia Gil (cap d\u2019estudis): Dimecres 15h-16:30h<br \/>\n-Sandra Mu\u00f1oz (direcci\u00f3): Dijous 9h-10:30h<\/p>\n<p style=\"text-align: center;\">\n","protected":false},"excerpt":{"rendered":"<p>EDUCACI\u00d3 INFANTIL:<br \/>\nLaura Vicente, Anna Cassol\u00e0, Vanessa Doblado, M\u00aa \u00c0ngels Fern\u00e1ndez, Anna Garcia, Judit Saiz, Susana Polonio, S\u00f2nia Gil, David Cuartero i Karen Vigara.<br \/>\nCICLE INICIAL:<br \/>\nCharo Boh\u00f3rquez, Esther Mu\u00f1oz, Ana Morales, Norelys Mu\u00f1oz, Sandra Vallejo, Teo Fort.<br \/>\nCICLE MITJ\u00c0:<br \/>\nMeritxell Alberola, Eva M\u00aa \u00c1lvarez, \u00d2scar Burgu\u00e9s, Aida Fern\u00e1ndez, Paula&hellip;  <a href=\"https:\/\/agora.xtec.cat\/escdelavila\/lescola\/historia\/\" title=\"Read EQUIP EDUCATIU (CURS 25-26)\">Llegeix m\u00e9s\u00bb<\/a><\/p>\n","protected":false},"author":1,"featured_media":0,"parent":22,"menu_order":30,"comment_status":"closed","ping_status":"closed","template":"page-templates\/side-menu.php","meta":{"_bbp_topic_count":0,"_bbp_reply_count":0,"_bbp_total_topic_count":0,"_bbp_total_reply_count":0,"_bbp_voice_count":0,"_bbp_anonymous_reply_count":0,"_bbp_topic_count_hidden":0,"_bbp_reply_count_hidden":0,"_bbp_forum_subforum_count":0,"footnotes":""},"class_list":["post-26","page","type-page","status-publish","hentry"],"post_mailing_queue_ids":[],"_links":{"self":[{"href":"https:\/\/agora.xtec.cat\/escdelavila\/wp-json\/wp\/v2\/pages\/26","targetHints":{"allow":["GET"]}}],"collection":[{"href":"https:\/\/agora.xtec.cat\/escdelavila\/wp-json\/wp\/v2\/pages"}],"about":[{"href":"https:\/\/agora.xtec.cat\/escdelavila\/wp-json\/wp\/v2\/types\/page"}],"author":[{"embeddable":true,"href":"https:\/\/agora.xtec.cat\/escdelavila\/wp-json\/wp\/v2\/users\/1"}],"replies":[{"embeddable":true,"href":"https:\/\/agora.xtec.cat\/escdelavila\/wp-json\/wp\/v2\/comments?post=26"}],"version-history":[{"count":6,"href":"https:\/\/agora.xtec.cat\/escdelavila\/wp-json\/wp\/v2\/pages\/26\/revisions"}],"predecessor-version":[{"id":2783,"href":"https:\/\/agora.xtec.cat\/escdelavila\/wp-json\/wp\/v2\/pages\/26\/revisions\/2783"}],"up":[{"embeddable":true,"href":"https:\/\/agora.xtec.cat\/escdelavila\/wp-json\/wp\/v2\/pages\/22"}],"wp:attachment":[{"href":"https:\/\/agora.xtec.cat\/escdelavila\/wp-json\/wp\/v2\/media?parent=26"}],"curies":[{"name":"wp","href":"https:\/\/api.w.org\/{rel}","templated":true}]}}

<p><strong>EDUCACIÓ INFANTIL:</strong></p>
<p>Laura Vicente, Anna Cassolà, Vanessa Doblado, Mª Àngels Fernández, Anna Garcia, Judit Saiz, Susana Polonio, Sònia Gil, David Cuartero i Karen Vigara.</p>
<p><strong>CICLE INICIAL:</strong></p>
<p>Charo Bohórquez, Esther Muñoz, Ana Morales, Norelys Muñoz, Sandra Vallejo, Teo Fort.</p>
<p><strong>CICLE MITJÀ:</strong></p>
<p>Meritxell Alberola, Eva Mª Álvarez, Òscar Burgués, Aida Fernández, Paula Morillas, Dani López, Iván Sarrià, Cristina Subirà.</p>
<p><strong>CICLE SUPERIOR:</strong></p>
<p>Alfons Bello, Carolina Merino, Kike Payán, Rafa Ascó, Sandra Muñoz, Marta Munuera, Anna Torres, Abraham Tusell, Pilar Pérez i Marina Martínez</p>
<p><strong>PERSONAL D&#8217;ADMINISTRACIÓ I SERVEIS:</strong></p>
<p>Tasio Morales, Amadeu Costa i Luci Sos.</p>
<p><strong>DIRECCIÓ:</strong></p>
<p><em>HORARI ATENCIÓ EQUIP DIRECTIU</em><br />
demanar cita prèvia al mail: a08077939@xtec.cat</p>
<p>-Cristina Subirà (secretària): Dilluns 15h-16:30h<br />
-Abraham Tusell (cap d’estudis): Dijous 9h-10:30h<br />
-Sònia Gil (cap d’estudis): Dimecres 15h-16:30h<br />
-Sandra Muñoz (direcció): Dijous 9h-10:30h</p>
<p style="text-align: center;">

<p>EDUCACIÓ INFANTIL:<br />
Laura Vicente, Anna Cassolà, Vanessa Doblado, Mª Àngels Fernández, Anna Garcia, Judit Saiz, Susana Polonio, Sònia Gil, David Cuartero i Karen Vigara.<br />
CICLE INICIAL:<br />
Charo Bohórquez, Esther Muñoz, Ana Morales, Norelys Muñoz, Sandra Vallejo, Teo Fort.<br />
CICLE MITJÀ:<br />
Meritxell Alberola, Eva Mª Álvarez, Òscar Burgués, Aida Fernández, Paula&hellip;  <a href="https://agora.xtec.cat/escdelavila/lescola/historia/" title="Read EQUIP EDUCATIU (CURS 25-26)">Llegeix més»</a></p>
