{"id":1773,"date":"2024-11-29T11:57:19","date_gmt":"2024-11-29T10:57:19","guid":{"rendered":"https:\/\/agora.xtec.cat\/escdelavila\/?page_id=1773"},"modified":"2024-11-29T12:09:34","modified_gmt":"2024-11-29T11:09:34","slug":"lescola-dels-nostres-somnis","status":"publish","type":"page","link":"https:\/\/agora.xtec.cat\/escdelavila\/lescola-dels-nostres-somnis\/","title":{"rendered":"L&#8217;ESCOLA DELS NOSTRES SOMNIS"},"content":{"rendered":"\n<p>Benvolgudes fam\u00edlies,&nbsp;<\/p>\n\n\n\n<p>Us volem fer arribar una molt bona not\u00edcia. Com a escola hem iniciat un proc\u00e9s participatiu on volem recollir les vostres opinions i idees per tal de millorar l&#8217;escola.&nbsp;<\/p>\n\n\n\n<p>En els documents adjunts trobareu tota la informaci\u00f3 per tal de poder participar. El proc\u00e9s de recollida d&#8217;informaci\u00f3&nbsp;l&#8217;iniciem el dilluns 25 de novembre.<\/p>\n\n\n<div class=\"wp-block-image\">\n<figure class=\"aligncenter size-full is-resized\"><a href=\"https:\/\/agora.xtec.cat\/escdelavila\/wp-content\/uploads\/usu2350\/2024\/11\/Captura.png\"><img loading=\"lazy\" decoding=\"async\" width=\"913\" height=\"840\" src=\"https:\/\/agora.xtec.cat\/escdelavila\/wp-content\/uploads\/usu2350\/2024\/11\/Captura.png\" alt=\"\" class=\"wp-image-1775\" style=\"width:329px;height:auto\" srcset=\"https:\/\/agora.xtec.cat\/escdelavila\/wp-content\/uploads\/usu2350\/2024\/11\/Captura.png 913w, https:\/\/agora.xtec.cat\/escdelavila\/wp-content\/uploads\/usu2350\/2024\/11\/Captura-300x276.png 300w, https:\/\/agora.xtec.cat\/escdelavila\/wp-content\/uploads\/usu2350\/2024\/11\/Captura-768x707.png 768w\" sizes=\"auto, (max-width: 913px) 100vw, 913px\" \/><\/a><\/figure><\/div>\n\n\n<p><\/p>\n\n\n\n<p>Us animem a participar aportant els vostres suggeriments i idees per tal de fer&nbsp;<strong>l&#8217;Escola dels nostres somnis.<\/strong>  <\/p>\n\n\n\n<p>En aquest v\u00eddeo podeu veure com ha anat l&#8217;inici del projecte. <\/p>\n\n\n\n<p class=\"has-text-align-center\"><strong>L&#8217;ESCOLA DELS NOSTRES SOMNIS:<\/strong><\/p>\n\n\n<div class=\"wp-block-image\">\n<figure class=\"aligncenter size-large is-resized\"><a href=\"https:\/\/drive.google.com\/file\/d\/1JV0mHHqRCkkiMaxlKXVWwyWFNv8COZwE\/view?usp=sharing\"><img loading=\"lazy\" decoding=\"async\" width=\"1024\" height=\"627\" src=\"https:\/\/agora.xtec.cat\/escdelavila\/wp-content\/uploads\/usu2350\/2024\/11\/Captura3-1024x627.png\" alt=\"\" class=\"wp-image-1776\" style=\"width:392px;height:auto\" srcset=\"https:\/\/agora.xtec.cat\/escdelavila\/wp-content\/uploads\/usu2350\/2024\/11\/Captura3-1024x627.png 1024w, https:\/\/agora.xtec.cat\/escdelavila\/wp-content\/uploads\/usu2350\/2024\/11\/Captura3-300x184.png 300w, https:\/\/agora.xtec.cat\/escdelavila\/wp-content\/uploads\/usu2350\/2024\/11\/Captura3-768x470.png 768w, https:\/\/agora.xtec.cat\/escdelavila\/wp-content\/uploads\/usu2350\/2024\/11\/Captura3.png 1176w\" sizes=\"auto, (max-width: 1024px) 100vw, 1024px\" \/><\/a><\/figure><\/div>\n\n\n<p>Podeu consultar tota la informaci\u00f3 sobre el projecte als documents seg\u00fcents:<\/p>\n\n\n\n<p><a href=\"https:\/\/drive.google.com\/file\/d\/1ZAqlLMJ0lexuUNG78oQKOqhGGG33YbxY\/view?usp=sharing\">Informaci\u00f3 projecte.<\/a><\/p>\n\n\n\n<p><a href=\"https:\/\/drive.google.com\/file\/d\/1xEi4Q_Ei86KpuGvxqXyd89xpVo2VID0Z\/view?usp=sharing\">L&#8217;escola dels nostres somnis<\/a><\/p>\n","protected":false},"excerpt":{"rendered":"<p>Benvolgudes fam\u00edlies,&nbsp;<\/p>\n<p>Us volem fer arribar una molt bona not\u00edcia. Com a escola hem iniciat un proc\u00e9s participatiu on volem recollir les vostres opinions i idees per tal de millorar l&#8217;escola.&nbsp;<\/p>\n<p>En els documents adjunts trobareu tota la informaci\u00f3 per tal de poder participar. El proc\u00e9s de&hellip;  <a href=\"https:\/\/agora.xtec.cat\/escdelavila\/lescola-dels-nostres-somnis\/\" title=\"Read L&#8217;ESCOLA DELS NOSTRES SOMNIS\">Llegeix m\u00e9s\u00bb<\/a><\/p>\n","protected":false},"author":1,"featured_media":1775,"parent":0,"menu_order":0,"comment_status":"closed","ping_status":"close","template":"","meta":{"_bbp_topic_count":0,"_bbp_reply_count":0,"_bbp_total_topic_count":0,"_bbp_total_reply_count":0,"_bbp_voice_count":0,"_bbp_anonymous_reply_count":0,"_bbp_topic_count_hidden":0,"_bbp_reply_count_hidden":0,"_bbp_forum_subforum_count":0,"footnotes":""},"class_list":["post-1773","page","type-page","status-publish","has-post-thumbnail","hentry"],"post_mailing_queue_ids":[],"_links":{"self":[{"href":"https:\/\/agora.xtec.cat\/escdelavila\/wp-json\/wp\/v2\/pages\/1773","targetHints":{"allow":["GET"]}}],"collection":[{"href":"https:\/\/agora.xtec.cat\/escdelavila\/wp-json\/wp\/v2\/pages"}],"about":[{"href":"https:\/\/agora.xtec.cat\/escdelavila\/wp-json\/wp\/v2\/types\/page"}],"author":[{"embeddable":true,"href":"https:\/\/agora.xtec.cat\/escdelavila\/wp-json\/wp\/v2\/users\/1"}],"replies":[{"embeddable":true,"href":"https:\/\/agora.xtec.cat\/escdelavila\/wp-json\/wp\/v2\/comments?post=1773"}],"version-history":[{"count":3,"href":"https:\/\/agora.xtec.cat\/escdelavila\/wp-json\/wp\/v2\/pages\/1773\/revisions"}],"predecessor-version":[{"id":1783,"href":"https:\/\/agora.xtec.cat\/escdelavila\/wp-json\/wp\/v2\/pages\/1773\/revisions\/1783"}],"wp:featuredmedia":[{"embeddable":true,"href":"https:\/\/agora.xtec.cat\/escdelavila\/wp-json\/wp\/v2\/media\/1775"}],"wp:attachment":[{"href":"https:\/\/agora.xtec.cat\/escdelavila\/wp-json\/wp\/v2\/media?parent=1773"}],"curies":[{"name":"wp","href":"https:\/\/api.w.org\/{rel}","templated":true}]}}

<p>Benvolgudes famílies,&nbsp;</p>



<p>Us volem fer arribar una molt bona notícia. Com a escola hem iniciat un procés participatiu on volem recollir les vostres opinions i idees per tal de millorar l&#8217;escola.&nbsp;</p>



<p>En els documents adjunts trobareu tota la informació per tal de poder participar. El procés de recollida d&#8217;informació&nbsp;l&#8217;iniciem el dilluns 25 de novembre.</p>


<div class="wp-block-image">
<figure class="aligncenter size-full is-resized"><a href="https://agora.xtec.cat/escdelavila/wp-content/uploads/usu2350/2024/11/Captura.png"><img loading="lazy" decoding="async" width="913" height="840" src="https://agora.xtec.cat/escdelavila/wp-content/uploads/usu2350/2024/11/Captura.png" alt="" class="wp-image-1775" style="width:329px;height:auto" srcset="https://agora.xtec.cat/escdelavila/wp-content/uploads/usu2350/2024/11/Captura.png 913w, https://agora.xtec.cat/escdelavila/wp-content/uploads/usu2350/2024/11/Captura-300x276.png 300w, https://agora.xtec.cat/escdelavila/wp-content/uploads/usu2350/2024/11/Captura-768x707.png 768w" sizes="auto, (max-width: 913px) 100vw, 913px" /></a></figure></div>


<p></p>



<p>Us animem a participar aportant els vostres suggeriments i idees per tal de fer&nbsp;<strong>l&#8217;Escola dels nostres somnis.</strong>  </p>



<p>En aquest vídeo podeu veure com ha anat l&#8217;inici del projecte. </p>



<p class="has-text-align-center"><strong>L&#8217;ESCOLA DELS NOSTRES SOMNIS:</strong></p>


<div class="wp-block-image">
<figure class="aligncenter size-large is-resized"><a href="https://drive.google.com/file/d/1JV0mHHqRCkkiMaxlKXVWwyWFNv8COZwE/view?usp=sharing"><img loading="lazy" decoding="async" width="1024" height="627" src="https://agora.xtec.cat/escdelavila/wp-content/uploads/usu2350/2024/11/Captura3-1024x627.png" alt="" class="wp-image-1776" style="width:392px;height:auto" srcset="https://agora.xtec.cat/escdelavila/wp-content/uploads/usu2350/2024/11/Captura3-1024x627.png 1024w, https://agora.xtec.cat/escdelavila/wp-content/uploads/usu2350/2024/11/Captura3-300x184.png 300w, https://agora.xtec.cat/escdelavila/wp-content/uploads/usu2350/2024/11/Captura3-768x470.png 768w, https://agora.xtec.cat/escdelavila/wp-content/uploads/usu2350/2024/11/Captura3.png 1176w" sizes="auto, (max-width: 1024px) 100vw, 1024px" /></a></figure></div>


<p>Podeu consultar tota la informació sobre el projecte als documents següents:</p>



<p><a href="https://drive.google.com/file/d/1ZAqlLMJ0lexuUNG78oQKOqhGGG33YbxY/view?usp=sharing">Informació projecte.</a></p>



<p><a href="https://drive.google.com/file/d/1xEi4Q_Ei86KpuGvxqXyd89xpVo2VID0Z/view?usp=sharing">L&#8217;escola dels nostres somnis</a></p>

<p>Benvolgudes famílies,&nbsp;</p>
<p>Us volem fer arribar una molt bona notícia. Com a escola hem iniciat un procés participatiu on volem recollir les vostres opinions i idees per tal de millorar l&#8217;escola.&nbsp;</p>
<p>En els documents adjunts trobareu tota la informació per tal de poder participar. El procés de&hellip;  <a href="https://agora.xtec.cat/escdelavila/lescola-dels-nostres-somnis/" title="Read L&#8217;ESCOLA DELS NOSTRES SOMNIS">Llegeix més»</a></p>
