{"id":38,"date":"2014-09-18T12:34:08","date_gmt":"2014-09-18T11:34:08","guid":{"rendered":"http:\/\/agora.xtec.cat\/escdelavalldan\/?page_id=38"},"modified":"2018-01-15T16:09:43","modified_gmt":"2018-01-15T15:09:43","slug":"salut","status":"publish","type":"page","link":"https:\/\/agora.xtec.cat\/escdelavalldan\/lescola\/salut\/","title":{"rendered":"Salut"},"content":{"rendered":"<p>Casos en qu\u00e8\u00a0<span style=\"text-decoration: underline;\"><strong>NO<\/strong>\u00a0\u00e9s aconsellable<\/span> venir a l&#8217;escola.<\/p>\n<ul style=\"list-style-type: circle;\">\n<li>En cas que un\u00a0<strong>alumne tingui febre.<\/strong><\/li>\n<li>En cas que\u00a0<strong>tingui polls<\/strong>.<\/li>\n<li>En cas que\u00a0<strong>tingui conjuntivitis<\/strong>.<\/li>\n<\/ul>\n<p>En cas que el\/la vostre\/a fill\/a necessiti <strong>prendre un medicament<\/strong>, cal portar l&#8217;autoritzaci\u00f3 signada (S&#8217;ha d&#8217;especificar la quantitat a la recepta).<\/p>\n<p><a href=\"https:\/\/drive.google.com\/file\/d\/0B6x-r3RjO3zDWFN4a2NOM1dPUlU\/view\">Autoritzaci\u00f3 medicaments<\/a><\/p>\n<p>L&#8217;Escola segueix el <span style=\"text-decoration: underline;\">Pla de vacunes<\/span> recomanat pel Departament de Salut de la Generalitat de Catalunya i la <span style=\"text-decoration: underline;\">prevenci\u00f3 de salut dental<\/span> a 1r i 6\u00e8.<\/p>\n<p>Si el\/la vostre\/a fill\/a t\u00e9 alguna\u00a0<strong>al\u00b7l\u00e8rgia<\/strong>, us agrair\u00edeu que ens ho f\u00e9ssiu saber juntament amb la documentaci\u00f3 adequada.<\/p>\n<p>L&#8217;Escola est\u00e0 adherida al\u00a0<a href=\"http:\/\/agricultura.gencat.cat\/ca\/ambits\/alimentacio\/fruites-hortalisses\/fruita-escoles\/\"><strong>Pla de consum de fruita a les escoles.<\/strong><\/a><\/p>\n<p>&nbsp;<\/p>\n<p>&nbsp;<\/p>\n<p>&nbsp;<\/p>\n<p>&nbsp;<\/p>\n<p>&nbsp;<\/p>\n","protected":false},"excerpt":{"rendered":"<p>Casos en qu\u00e8\u00a0NO\u00a0\u00e9s aconsellable venir a l&#8217;escola. En cas que un\u00a0alumne tingui febre. En cas que\u00a0tingui polls. En cas que\u00a0tingui conjuntivitis. En cas que el\/la vostre\/a fill\/a necessiti prendre un medicament, cal portar l&#8217;autoritzaci\u00f3 signada (S&#8217;ha d&#8217;especificar la quantitat a la recepta). Autoritzaci\u00f3 medicaments L&#8217;Escola segueix el Pla de vacunes recomanat pel Departament de Salut [&hellip;]<\/p>\n","protected":false},"author":1,"featured_media":0,"parent":22,"menu_order":80,"comment_status":"closed","ping_status":"closed","template":"page-templates\/side-menu.php","meta":{"_bbp_topic_count":0,"_bbp_reply_count":0,"_bbp_total_topic_count":0,"_bbp_total_reply_count":0,"_bbp_voice_count":0,"_bbp_anonymous_reply_count":0,"_bbp_topic_count_hidden":0,"_bbp_reply_count_hidden":0,"_bbp_forum_subforum_count":0,"site-sidebar-layout":"default","site-content-layout":"","ast-site-content-layout":"","site-content-style":"default","site-sidebar-style":"default","ast-global-header-display":"","ast-banner-title-visibility":"","ast-main-header-display":"","ast-hfb-above-header-display":"","ast-hfb-below-header-display":"","ast-hfb-mobile-header-display":"","site-post-title":"","ast-breadcrumbs-content":"","ast-featured-img":"","footer-sml-layout":"","theme-transparent-header-meta":"","adv-header-id-meta":"","stick-header-meta":"","header-above-stick-meta":"","header-main-stick-meta":"","header-below-stick-meta":"","astra-migrate-meta-layouts":"default","ast-page-background-enabled":"default","ast-page-background-meta":{"desktop":{"background-color":"var(--ast-global-color-4)","background-image":"","background-repeat":"repeat","background-position":"center center","background-size":"auto","background-attachment":"scroll","background-type":"","background-media":"","overlay-type":"","overlay-color":"","overlay-opacity":"","overlay-gradient":""},"tablet":{"background-color":"","background-image":"","background-repeat":"repeat","background-position":"center center","background-size":"auto","background-attachment":"scroll","background-type":"","background-media":"","overlay-type":"","overlay-color":"","overlay-opacity":"","overlay-gradient":""},"mobile":{"background-color":"","background-image":"","background-repeat":"repeat","background-position":"center center","background-size":"auto","background-attachment":"scroll","background-type":"","background-media":"","overlay-type":"","overlay-color":"","overlay-opacity":"","overlay-gradient":""}},"ast-content-background-meta":{"desktop":{"background-color":"var(--ast-global-color-5)","background-image":"","background-repeat":"repeat","background-position":"center center","background-size":"auto","background-attachment":"scroll","background-type":"","background-media":"","overlay-type":"","overlay-color":"","overlay-opacity":"","overlay-gradient":""},"tablet":{"background-color":"var(--ast-global-color-5)","background-image":"","background-repeat":"repeat","background-position":"center center","background-size":"auto","background-attachment":"scroll","background-type":"","background-media":"","overlay-type":"","overlay-color":"","overlay-opacity":"","overlay-gradient":""},"mobile":{"background-color":"var(--ast-global-color-5)","background-image":"","background-repeat":"repeat","background-position":"center center","background-size":"auto","background-attachment":"scroll","background-type":"","background-media":"","overlay-type":"","overlay-color":"","overlay-opacity":"","overlay-gradient":""}},"footnotes":""},"class_list":["post-38","page","type-page","status-publish","hentry"],"post_mailing_queue_ids":[],"_links":{"self":[{"href":"https:\/\/agora.xtec.cat\/escdelavalldan\/wp-json\/wp\/v2\/pages\/38","targetHints":{"allow":["GET"]}}],"collection":[{"href":"https:\/\/agora.xtec.cat\/escdelavalldan\/wp-json\/wp\/v2\/pages"}],"about":[{"href":"https:\/\/agora.xtec.cat\/escdelavalldan\/wp-json\/wp\/v2\/types\/page"}],"author":[{"embeddable":true,"href":"https:\/\/agora.xtec.cat\/escdelavalldan\/wp-json\/wp\/v2\/users\/1"}],"replies":[{"embeddable":true,"href":"https:\/\/agora.xtec.cat\/escdelavalldan\/wp-json\/wp\/v2\/comments?post=38"}],"version-history":[{"count":3,"href":"https:\/\/agora.xtec.cat\/escdelavalldan\/wp-json\/wp\/v2\/pages\/38\/revisions"}],"predecessor-version":[{"id":526,"href":"https:\/\/agora.xtec.cat\/escdelavalldan\/wp-json\/wp\/v2\/pages\/38\/revisions\/526"}],"up":[{"embeddable":true,"href":"https:\/\/agora.xtec.cat\/escdelavalldan\/wp-json\/wp\/v2\/pages\/22"}],"wp:attachment":[{"href":"https:\/\/agora.xtec.cat\/escdelavalldan\/wp-json\/wp\/v2\/media?parent=38"}],"curies":[{"name":"wp","href":"https:\/\/api.w.org\/{rel}","templated":true}]}}