{"id":4255,"date":"2020-03-25T18:12:03","date_gmt":"2020-03-25T17:12:03","guid":{"rendered":"https:\/\/agora.xtec.cat\/esccasablanca\/?page_id=4255"},"modified":"2025-10-30T13:14:48","modified_gmt":"2025-10-30T12:14:48","slug":"formacio-de-families","status":"publish","type":"page","link":"https:\/\/agora.xtec.cat\/esccasablanca\/linia-descola\/comunitats-daprenentatge\/formacio-de-families\/","title":{"rendered":"Formaci\u00f3 de Fam\u00edlies"},"content":{"rendered":"<p>La formaci\u00f3 de fam\u00edlies incideix significativament en l\u2019aprenentatge dels seus fills i filles. Les Comunitats d\u2019Aprenentatge es caracteritzen per obrir les possibilitats formatives no nom\u00e9s al professorat i l\u2019alumnat sin\u00f3 tamb\u00e9 als seus familiars. D\u2019aquesta manera s\u2019aconsegueix, a m\u00e9s d\u2019afavorir la formaci\u00f3 demanada pels familiars, avan\u00e7ar cap a la coordinaci\u00f3 amb les fam\u00edlies, un dels aspectes on es posa m\u00e9s \u00e8mfasi des de les Comunitats d\u2019Aprenentatge. Alguns exemples d\u2019aquestes formacions s\u00f3n inform\u00e0tica, catal\u00e0, castell\u00e0, angl\u00e8s, alfabetitzaci\u00f3 o tert\u00falies liter\u00e0ries dial\u00f2giques.<\/p>\n<p>Es pot trobar m\u00e9s informaci\u00f3 sobre aquesta experi\u00e8ncia a la p\u00e0gina web:<br \/>\n<a href=\"http:\/\/www.facepa.org\/PDF\/ES\/manualtld.pdf\">http:\/\/www.facepa.org\/PDF\/ES\/manualtld.pdf<\/a><\/p>\n","protected":false},"excerpt":{"rendered":"<p>La formaci\u00f3 de fam\u00edlies incideix significativament en l\u2019aprenentatge dels seus fills i filles. Les Comunitats d\u2019Aprenentatge es caracteritzen per obrir les possibilitats formatives no nom\u00e9s al professorat i l\u2019alumnat sin\u00f3 tamb\u00e9 als seus familiars. D\u2019aquesta manera s\u2019aconsegueix, a m\u00e9s d\u2019afavorir la formaci\u00f3 demanada pels familiars, avan\u00e7ar cap a la coordinaci\u00f3 amb les fam\u00edlies, un dels [&hellip;]<\/p>\n","protected":false},"author":5,"featured_media":0,"parent":4232,"menu_order":0,"comment_status":"closed","ping_status":"closed","template":"","meta":{"_bbp_topic_count":0,"_bbp_reply_count":0,"_bbp_total_topic_count":0,"_bbp_total_reply_count":0,"_bbp_voice_count":0,"_bbp_anonymous_reply_count":0,"_bbp_topic_count_hidden":0,"_bbp_reply_count_hidden":0,"_bbp_forum_subforum_count":0,"site-sidebar-layout":"default","site-content-layout":"","ast-site-content-layout":"default","site-content-style":"default","site-sidebar-style":"default","ast-global-header-display":"","ast-banner-title-visibility":"","ast-main-header-display":"","ast-hfb-above-header-display":"","ast-hfb-below-header-display":"","ast-hfb-mobile-header-display":"","site-post-title":"","ast-breadcrumbs-content":"","ast-featured-img":"","footer-sml-layout":"","theme-transparent-header-meta":"default","adv-header-id-meta":"","stick-header-meta":"","header-above-stick-meta":"","header-main-stick-meta":"","header-below-stick-meta":"","astra-migrate-meta-layouts":"set","ast-page-background-enabled":"default","ast-page-background-meta":{"desktop":{"background-color":"var(--ast-global-color-4)","background-image":"","background-repeat":"repeat","background-position":"center center","background-size":"auto","background-attachment":"scroll","background-type":"","background-media":"","overlay-type":"","overlay-color":"","overlay-opacity":"","overlay-gradient":""},"tablet":{"background-color":"","background-image":"","background-repeat":"repeat","background-position":"center center","background-size":"auto","background-attachment":"scroll","background-type":"","background-media":"","overlay-type":"","overlay-color":"","overlay-opacity":"","overlay-gradient":""},"mobile":{"background-color":"","background-image":"","background-repeat":"repeat","background-position":"center center","background-size":"auto","background-attachment":"scroll","background-type":"","background-media":"","overlay-type":"","overlay-color":"","overlay-opacity":"","overlay-gradient":""}},"ast-content-background-meta":{"desktop":{"background-color":"var(--ast-global-color-5)","background-image":"","background-repeat":"repeat","background-position":"center center","background-size":"auto","background-attachment":"scroll","background-type":"","background-media":"","overlay-type":"","overlay-color":"","overlay-opacity":"","overlay-gradient":""},"tablet":{"background-color":"var(--ast-global-color-5)","background-image":"","background-repeat":"repeat","background-position":"center center","background-size":"auto","background-attachment":"scroll","background-type":"","background-media":"","overlay-type":"","overlay-color":"","overlay-opacity":"","overlay-gradient":""},"mobile":{"background-color":"var(--ast-global-color-5)","background-image":"","background-repeat":"repeat","background-position":"center center","background-size":"auto","background-attachment":"scroll","background-type":"","background-media":"","overlay-type":"","overlay-color":"","overlay-opacity":"","overlay-gradient":""}},"footnotes":""},"class_list":["post-4255","page","type-page","status-publish","hentry"],"post_mailing_queue_ids":[],"_links":{"self":[{"href":"https:\/\/agora.xtec.cat\/esccasablanca\/wp-json\/wp\/v2\/pages\/4255","targetHints":{"allow":["GET"]}}],"collection":[{"href":"https:\/\/agora.xtec.cat\/esccasablanca\/wp-json\/wp\/v2\/pages"}],"about":[{"href":"https:\/\/agora.xtec.cat\/esccasablanca\/wp-json\/wp\/v2\/types\/page"}],"author":[{"embeddable":true,"href":"https:\/\/agora.xtec.cat\/esccasablanca\/wp-json\/wp\/v2\/users\/5"}],"replies":[{"embeddable":true,"href":"https:\/\/agora.xtec.cat\/esccasablanca\/wp-json\/wp\/v2\/comments?post=4255"}],"version-history":[{"count":4,"href":"https:\/\/agora.xtec.cat\/esccasablanca\/wp-json\/wp\/v2\/pages\/4255\/revisions"}],"predecessor-version":[{"id":6222,"href":"https:\/\/agora.xtec.cat\/esccasablanca\/wp-json\/wp\/v2\/pages\/4255\/revisions\/6222"}],"up":[{"embeddable":true,"href":"https:\/\/agora.xtec.cat\/esccasablanca\/wp-json\/wp\/v2\/pages\/4232"}],"wp:attachment":[{"href":"https:\/\/agora.xtec.cat\/esccasablanca\/wp-json\/wp\/v2\/media?parent=4255"}],"curies":[{"name":"wp","href":"https:\/\/api.w.org\/{rel}","templated":true}]}}